{"id":14054,"date":"2024-10-03T15:30:09","date_gmt":"2024-10-03T18:30:09","guid":{"rendered":"https:\/\/www.ifbaiano.edu.br\/unidades\/teixeira\/?page_id=14054"},"modified":"2024-10-24T16:18:48","modified_gmt":"2024-10-24T19:18:48","slug":"nppd-2024","status":"publish","type":"page","link":"https:\/\/www.ifbaiano.edu.br\/unidades\/teixeira\/nppd-2024\/","title":{"rendered":"NPPD-2024"},"content":{"rendered":"\n<p><a href=\"https:\/\/www.ifbaiano.edu.br\/unidades\/teixeira\/files\/2024\/10\/Resultado-Final-NPPD.pdf\">Resultado Final<\/a><\/p>\n\n\n\n<p><a href=\"https:\/\/www.ifbaiano.edu.br\/unidades\/teixeira\/files\/2024\/10\/Resultado_Preliminar-NPPD-TDF.pdf\">Resultado Preliminar<\/a><\/p>\n\n\n\n<p><a href=\"https:\/\/www.ifbaiano.edu.br\/unidades\/teixeira\/files\/2024\/10\/Eleicoes-NPPD-Inscricoes-homologadas.pdf\">Inscri\u00e7\u00f5es Homologadas<\/a><\/p>\n\n\n\n<p><a href=\"https:\/\/www.ifbaiano.edu.br\/unidades\/teixeira\/files\/2024\/10\/Eleicoes-NPPD-Lista-de-Votantes.pdf\">Lista de Votantes<\/a><\/p>\n\n\n\n<p><a href=\"https:\/\/www.ifbaiano.edu.br\/unidades\/teixeira\/files\/2024\/10\/EDITAL-No-14-DE-03-DE-OUTUBRO-DE-2024.pdf\">Edital 14 &#8211; Processo Eleitoral <\/a><\/p>\n\n\n\n<p><\/p>\n\n\n\n<hr class=\"wp-block-separator has-alpha-channel-opacity\" \/>\n\n\n\n<p><strong>Cronograma<\/strong><\/p>\n\n\n\n<p>Publica\u00e7\u00e3o do Edital 03\/10\/2024<br>Interposi\u00e7\u00e3o de recursos contra o Edital 04\/10\/2024<br>Publica\u00e7\u00e3o do resultado do recurso ao Edital 05\/10\/2024<\/p>\n\n\n\n<p><strong>Inscri\u00e7\u00e3o de candidatos(as) 06 a 08\/10\/2024<\/strong><\/p>\n\n\n\n<p>Publica\u00e7\u00e3o do resultado das inscri\u00e7\u00f5es 09\/10\/2024<br>Interposi\u00e7\u00e3o de recursos do resultado das Inscri\u00e7\u00f5es\/<br>Publica\u00e7\u00e3o de perfil dos(as) candidatos(as) 10\/10\/2024<br>Publica\u00e7\u00e3o do resultado do recurso das inscri\u00e7\u00f5es 11\/10\/2024<br>Publica\u00e7\u00e3o da lista de candidaturas homologadas 11\/10\/2024<br>Realiza\u00e7\u00e3o de Campanha Eleitoral 12 a 19\/10\/2024<br>Encaminhamento de Lista Votantes \u00e0 Comiss\u00e3o Eleitoral 15\/10\/2024<br>Publica\u00e7\u00e3o da Lista de Votantes 15\/10\/2024<br>Interposi\u00e7\u00e3o de Recurso \u00e0 Lista de Votantes 16\/10\/2024<br>Publica\u00e7\u00e3o do resultado de recursos \u00e0 lista de votantes 17\/10\/2024<br>Publica\u00e7\u00e3o da Lista de Defini\udbc0\udc25va de Votantes 18\/10\/2024<\/p>\n\n\n\n<p><strong>Vota\u00e7\u00e3o 21\/10\/2024<\/strong><\/p>\n\n\n\n<p>Publica\u00e7\u00e3o dos resultados preliminar da vota\u00e7\u00e3o 22\/10\/2024<br>Interposi\u00e7\u00e3o de recursos ao resultado preliminar da vota\u00e7\u00e3o 23\/10\/2024<br>Publica\u00e7\u00e3o do resultado final 24\/10\/2024<br>Encaminhamento do resultado final do Edital o Gabinete do Diretor-Geral 25\/10\/2024<\/p>\n","protected":false},"excerpt":{"rendered":"<p>Resultado Final Resultado Preliminar Inscri\u00e7\u00f5es Homologadas Lista de Votantes Edital 14 &#8211; Processo Eleitoral Cronograma Publica\u00e7\u00e3o do Edital 03\/10\/2024Interposi\u00e7\u00e3o de recursos contra o Edital 04\/10\/2024Publica\u00e7\u00e3o do resultado do recurso ao Edital 05\/10\/2024 Inscri\u00e7\u00e3o de candidatos(as) 06 a 08\/10\/2024 Publica\u00e7\u00e3o do resultado das inscri\u00e7\u00f5es 09\/10\/2024Interposi\u00e7\u00e3o de recursos do resultado das Inscri\u00e7\u00f5es\/Publica\u00e7\u00e3o de perfil dos(as) candidatos(as) 10\/10\/2024Publica\u00e7\u00e3o [&hellip;]<\/p>\n","protected":false},"author":152,"featured_media":0,"parent":0,"menu_order":0,"comment_status":"closed","ping_status":"closed","template":"","meta":[],"_links":{"self":[{"href":"https:\/\/www.ifbaiano.edu.br\/unidades\/teixeira\/wp-json\/wp\/v2\/pages\/14054"}],"collection":[{"href":"https:\/\/www.ifbaiano.edu.br\/unidades\/teixeira\/wp-json\/wp\/v2\/pages"}],"about":[{"href":"https:\/\/www.ifbaiano.edu.br\/unidades\/teixeira\/wp-json\/wp\/v2\/types\/page"}],"author":[{"embeddable":true,"href":"https:\/\/www.ifbaiano.edu.br\/unidades\/teixeira\/wp-json\/wp\/v2\/users\/152"}],"replies":[{"embeddable":true,"href":"https:\/\/www.ifbaiano.edu.br\/unidades\/teixeira\/wp-json\/wp\/v2\/comments?post=14054"}],"version-history":[{"count":7,"href":"https:\/\/www.ifbaiano.edu.br\/unidades\/teixeira\/wp-json\/wp\/v2\/pages\/14054\/revisions"}],"predecessor-version":[{"id":14096,"href":"https:\/\/www.ifbaiano.edu.br\/unidades\/teixeira\/wp-json\/wp\/v2\/pages\/14054\/revisions\/14096"}],"wp:attachment":[{"href":"https:\/\/www.ifbaiano.edu.br\/unidades\/teixeira\/wp-json\/wp\/v2\/media?parent=14054"}],"curies":[{"name":"wp","href":"https:\/\/api.w.org\/{rel}","templated":true}]}}