{"id":2336,"date":"2014-07-25T12:30:42","date_gmt":"2014-07-25T12:30:42","guid":{"rendered":"http:\/\/www.ifbaiano.edu.br\/unidades\/teixeira\/?page_id=2336"},"modified":"2026-04-30T20:56:08","modified_gmt":"2026-04-30T23:56:08","slug":"identidade-visual","status":"publish","type":"page","link":"https:\/\/www.ifbaiano.edu.br\/unidades\/teixeira\/comunicacao\/identidade-visual\/","title":{"rendered":"Identidade Visual"},"content":{"rendered":"\n<div id=\"ProreitoriaTopoTitulo\">\n\t\t\t\t\tSOBRE\n\t\t\t\t<\/div>\n\n\n\n<p>Identidade visual \u00e9 o conjunto de elementos formais (cores, formas, propor\u00e7\u00f5es) que representa visualmente um nome, uma ideia, um produto ou uma institui\u00e7\u00e3o.<br><br>O IF Baiano possui uma identidade visual espec\u00edfica, que deve ser utilizada em todos os materiais gr\u00e1ficos ou outros espa\u00e7os onde se faz necess\u00e1ria a identifica\u00e7\u00e3o da institui\u00e7\u00e3o, como fachadas, murais, sites, material de papelaria, campanhas de divulga\u00e7\u00e3o, m\u00eddias sociais, entre outros. <\/p>\n\n\n\n<p>A Coordena\u00e7\u00e3o de Comunica\u00e7\u00e3o Social e os N\u00facleos de Comunica\u00e7\u00e3o e Eventos do IF Baiano s\u00e3o respons\u00e1veis pela manuten\u00e7\u00e3o e zelo da Identidade Visual da Institui\u00e7\u00e3o.<br>Veja o manual da marca e as vers\u00f5es da marca IF Baiano dispon\u00edveis para download, al\u00e9m do modelo de apresenta\u00e7\u00e3o padr\u00e3o do campus. <\/p>\n\n\n\n<div id=\"ProreitoriaTopoTitulo\">\n\t\t\t\t\tMANUAL DE USO DA MARCA\n\t\t\t\t<\/div>\n\n\n\n<p><strong>Manual de Identidade Visual do IF Baiano &#8211; Vers\u00e3o 2015<\/strong><\/p>\n\n\n\n<div class=\"wp-block-file\"><a id=\"wp-block-file--media-5d412741-b537-482d-8b0a-5fd72f448f04\" href=\"https:\/\/www.ifbaiano.edu.br\/unidades\/teixeira\/files\/2025\/12\/manual-marca-nova-if-baiano-2015.pdf\">manual-marca-nova-if-baiano-2015<\/a><a href=\"https:\/\/www.ifbaiano.edu.br\/unidades\/teixeira\/files\/2025\/12\/manual-marca-nova-if-baiano-2015.pdf\" class=\"wp-block-file__button wp-element-button\" download aria-describedby=\"wp-block-file--media-5d412741-b537-482d-8b0a-5fd72f448f04\">Baixar<\/a><\/div>\n\n\n\n<table width=\"100%\" class=\"wp-block-table is-style-stripes\">\n<tbody>\n<tr>\n<td width=\"350\" valign=\"top\" align=\"center\">\n<div id=\"ProreitoriaTopoTitulo\">MARCA DO IF BAIANO &#8211; CAMPUS TEIXEIRA DE FREITAS &#8211; Vers\u00e3o Horizontal<\/div>\n<figure class=\"wp-block-image is-resized\"><img decoding=\"async\" src=\"http:\/\/ifbaiano.edu.br\/portal\/wp-content\/uploads\/2015\/10\/marca-if-baiano-campus-teixeira-de-freitas-horizontal.png\"><\/figure><br>\nHorizontal&nbsp; (<a rel=\"noreferrer noopener\" href=\"http:\/\/ifbaiano.edu.br\/portal\/wp-content\/uploads\/2015\/10\/marca-if-baiano-campus-teixeira-de-freitas-horizontal.pdf\" target=\"_blank\">PDF<\/a>&nbsp;|&nbsp;<a rel=\"noreferrer noopener\" href=\"http:\/\/ifbaiano.edu.br\/portal\/wp-content\/uploads\/2015\/10\/marca-if-baiano-campus-teixeira-de-freitas-horizontal.png\" target=\"_blank\">PNG<\/a>)\n<\/td>\n<td width=\"350\" valign=\"top\" align=\"center\" bgcolor=\"#E8FDE7\"><div id=\"ProreitoriaTopoTitulo\">MARCA DO IF BAIANO &#8211; CAMPUS TEIXEIRA DE FREITAS &#8211; Vers\u00e3o Vertical<\/div>\n<figure class=\"wp-block-image is-resized\"><img decoding=\"async\" src=\"http:\/\/ifbaiano.edu.br\/portal\/wp-content\/uploads\/2015\/10\/marca-if-baiano-campus-teixeira-de-freitas-vertical.png\"><\/figure><br>\nVertical (<a rel=\"noreferrer noopener\" href=\"http:\/\/ifbaiano.edu.br\/portal\/wp-content\/uploads\/2015\/10\/marca-if-baiano-campus-teixeira-de-freitas-vertical.pdf\" target=\"_blank\">PDF<\/a>&nbsp;|&nbsp;<a rel=\"noreferrer noopener\" href=\"http:\/\/ifbaiano.edu.br\/portal\/wp-content\/uploads\/2015\/10\/marca-if-baiano-campus-teixeira-de-freitas-vertical.png\" target=\"_blank\">PNG<\/a>)\n<\/td>\n<td width=\"270\" valign=\"top\" align=\"center\"><div id=\"ProreitoriaTopoTitulo\">Modelo de Apresenta\u00e7\u00e3o do IF Baiano &#8211; Campus Teixeira de Freitas<\/div>\n<figure class=\"wp-block-image is-resized\"><img decoding=\"async\" src=\"http:\/\/www.ifbaiano.edu.br\/unidades\/teixeira\/files\/2019\/05\/Slide_Site.png\"><\/figure><br><strong>EDI\u00c7\u00c3O 2020<\/strong><br><br>\nVers\u00e3o Microsoft Office (<a rel=\"noreferrer noopener\" href=\"http:\/\/meudrive.ifbaiano.edu.br\/owncloud\/index.php\/s\/AsTtVvBrXtYTiMB\" target=\"_blank\">Slide PowerPoint<\/a>)<br><br>\nVers\u00e3o Libre Office (<a rel=\"noreferrer noopener\" href=\"http:\/\/meudrive.ifbaiano.edu.br\/owncloud\/index.php\/s\/06yyMkpm1EsgAmS\" target=\"_blank\">Slide Impress<\/a>)\n<\/td>\n<\/tr>\n<\/tbody>\n<\/table>\n\n\n\n<div id=\"ProreitoriaTopoTitulo\">\n\t\t\t\t\tCONTATOS\n\t\t\t\t<\/div>\n\n\n\n<p><strong>E-mail:<\/strong><br>comunicacao@teixeira.ifbaiano.edu.br <\/p>\n\n\n\n<div id=\"ProreitoriaTopoTitulo\">\n\t\t\t\t\t\n\t\t\t\t<\/div>\n","protected":false},"excerpt":{"rendered":"<p>SOBRE Identidade visual \u00e9 o conjunto de elementos formais (cores, formas, propor\u00e7\u00f5es) que representa visualmente um nome, uma ideia, um produto ou uma institui\u00e7\u00e3o. O IF Baiano possui uma identidade visual espec\u00edfica, que deve ser utilizada em todos os materiais gr\u00e1ficos ou outros espa\u00e7os onde se faz necess\u00e1ria a identifica\u00e7\u00e3o da institui\u00e7\u00e3o, como fachadas, murais, [&hellip;]<\/p>\n","protected":false},"author":31,"featured_media":0,"parent":2366,"menu_order":0,"comment_status":"open","ping_status":"closed","template":"","meta":[],"_links":{"self":[{"href":"https:\/\/www.ifbaiano.edu.br\/unidades\/teixeira\/wp-json\/wp\/v2\/pages\/2336"}],"collection":[{"href":"https:\/\/www.ifbaiano.edu.br\/unidades\/teixeira\/wp-json\/wp\/v2\/pages"}],"about":[{"href":"https:\/\/www.ifbaiano.edu.br\/unidades\/teixeira\/wp-json\/wp\/v2\/types\/page"}],"author":[{"embeddable":true,"href":"https:\/\/www.ifbaiano.edu.br\/unidades\/teixeira\/wp-json\/wp\/v2\/users\/31"}],"replies":[{"embeddable":true,"href":"https:\/\/www.ifbaiano.edu.br\/unidades\/teixeira\/wp-json\/wp\/v2\/comments?post=2336"}],"version-history":[{"count":39,"href":"https:\/\/www.ifbaiano.edu.br\/unidades\/teixeira\/wp-json\/wp\/v2\/pages\/2336\/revisions"}],"predecessor-version":[{"id":16372,"href":"https:\/\/www.ifbaiano.edu.br\/unidades\/teixeira\/wp-json\/wp\/v2\/pages\/2336\/revisions\/16372"}],"up":[{"embeddable":true,"href":"https:\/\/www.ifbaiano.edu.br\/unidades\/teixeira\/wp-json\/wp\/v2\/pages\/2366"}],"wp:attachment":[{"href":"https:\/\/www.ifbaiano.edu.br\/unidades\/teixeira\/wp-json\/wp\/v2\/media?parent=2336"}],"curies":[{"name":"wp","href":"https:\/\/api.w.org\/{rel}","templated":true}]}}