{"id":3542,"date":"2015-09-18T20:47:33","date_gmt":"2015-09-18T20:47:33","guid":{"rendered":"http:\/\/www.ifbaiano.edu.br\/unidades\/teixeira\/?page_id=3542"},"modified":"2025-10-31T14:42:55","modified_gmt":"2025-10-31T17:42:55","slug":"bsi","status":"publish","type":"page","link":"https:\/\/www.ifbaiano.edu.br\/unidades\/teixeira\/dg\/bsi\/","title":{"rendered":"Boletim de Servi\u00e7o Interno"},"content":{"rendered":"\n<p>O&nbsp;Visando dar publicidade e transpar\u00eancia aos atos internos do Instituto, o Gabinete est\u00e1 divulgando o Boletim de Servi\u00e7o Interno (BSI) do IF Baiano &#8211; Campus Teixeira de Freitas, conforme reza os princ\u00edpios da Administra\u00e7\u00e3o P\u00fablica. O Boletim de Servi\u00e7o Interno \u00e9 publicado mensalmente e \u00e9 uma exig\u00eancia legal, disposta na Lei 4.345, de 26 de junho de 1964.<\/p>\n\n\n\n<hr class=\"wp-block-separator has-alpha-channel-opacity\" \/>\n\n\n\n<div class=\"wp-block-columns is-layout-flex wp-container-4\">\n<div class=\"wp-block-column is-layout-flow\">\n<figure class=\"wp-block-image size-large\"><a href=\"https:\/\/www.ifbaiano.edu.br\/unidades\/teixeira\/dg\/bsi\/2\/\"><img decoding=\"async\" loading=\"lazy\" width=\"819\" height=\"1024\" src=\"https:\/\/www.ifbaiano.edu.br\/unidades\/teixeira\/files\/2025\/10\/0678-BSI-IF-BAIANO-2024-1-819x1024.webp\" alt=\"\" class=\"wp-image-15958\" srcset=\"https:\/\/www.ifbaiano.edu.br\/unidades\/teixeira\/files\/2025\/10\/0678-BSI-IF-BAIANO-2024-1-819x1024.webp 819w, https:\/\/www.ifbaiano.edu.br\/unidades\/teixeira\/files\/2025\/10\/0678-BSI-IF-BAIANO-2024-1-240x300.webp 240w, https:\/\/www.ifbaiano.edu.br\/unidades\/teixeira\/files\/2025\/10\/0678-BSI-IF-BAIANO-2024-1-768x960.webp 768w, https:\/\/www.ifbaiano.edu.br\/unidades\/teixeira\/files\/2025\/10\/0678-BSI-IF-BAIANO-2024-1-100x125.webp 100w, https:\/\/www.ifbaiano.edu.br\/unidades\/teixeira\/files\/2025\/10\/0678-BSI-IF-BAIANO-2024-1.webp 864w\" sizes=\"(max-width: 819px) 100vw, 819px\" \/><\/a><\/figure>\n<\/div>\n\n\n\n<div class=\"wp-block-column is-layout-flow\">\n<figure class=\"wp-block-image size-large\"><a href=\"https:\/\/www.ifbaiano.edu.br\/unidades\/teixeira\/dg\/bsi\/3\/\"><img decoding=\"async\" loading=\"lazy\" width=\"819\" height=\"1024\" src=\"https:\/\/www.ifbaiano.edu.br\/unidades\/teixeira\/files\/2025\/10\/1536-BSI-IF-BAIANO-2023-1-819x1024.webp\" alt=\"\" class=\"wp-image-15987\" srcset=\"https:\/\/www.ifbaiano.edu.br\/unidades\/teixeira\/files\/2025\/10\/1536-BSI-IF-BAIANO-2023-1-819x1024.webp 819w, https:\/\/www.ifbaiano.edu.br\/unidades\/teixeira\/files\/2025\/10\/1536-BSI-IF-BAIANO-2023-1-240x300.webp 240w, https:\/\/www.ifbaiano.edu.br\/unidades\/teixeira\/files\/2025\/10\/1536-BSI-IF-BAIANO-2023-1-768x960.webp 768w, https:\/\/www.ifbaiano.edu.br\/unidades\/teixeira\/files\/2025\/10\/1536-BSI-IF-BAIANO-2023-1-100x125.webp 100w, https:\/\/www.ifbaiano.edu.br\/unidades\/teixeira\/files\/2025\/10\/1536-BSI-IF-BAIANO-2023-1.webp 864w\" sizes=\"(max-width: 819px) 100vw, 819px\" \/><\/a><\/figure>\n<\/div>\n\n\n\n<div class=\"wp-block-column is-layout-flow\">\n<figure class=\"wp-block-image size-large\"><a href=\"https:\/\/www.ifbaiano.edu.br\/unidades\/teixeira\/dg\/bsi\/4\/\"><img decoding=\"async\" loading=\"lazy\" width=\"819\" height=\"1024\" src=\"https:\/\/www.ifbaiano.edu.br\/unidades\/teixeira\/files\/2025\/10\/1716-BSI-IF-BAIANO-2022-1-819x1024.webp\" alt=\"\" class=\"wp-image-15992\" srcset=\"https:\/\/www.ifbaiano.edu.br\/unidades\/teixeira\/files\/2025\/10\/1716-BSI-IF-BAIANO-2022-1-819x1024.webp 819w, https:\/\/www.ifbaiano.edu.br\/unidades\/teixeira\/files\/2025\/10\/1716-BSI-IF-BAIANO-2022-1-240x300.webp 240w, https:\/\/www.ifbaiano.edu.br\/unidades\/teixeira\/files\/2025\/10\/1716-BSI-IF-BAIANO-2022-1-768x960.webp 768w, https:\/\/www.ifbaiano.edu.br\/unidades\/teixeira\/files\/2025\/10\/1716-BSI-IF-BAIANO-2022-1-100x125.webp 100w, https:\/\/www.ifbaiano.edu.br\/unidades\/teixeira\/files\/2025\/10\/1716-BSI-IF-BAIANO-2022-1.webp 864w\" sizes=\"(max-width: 819px) 100vw, 819px\" \/><\/a><\/figure>\n<\/div>\n<\/div>\n\n\n\n<hr class=\"wp-block-separator has-css-opacity\" \/>\n\n\n\n<div align=\"center\">\n<table border=\"1\" width=\"800\" cellspacing=\"0\"><caption><strong>ACESSE OS BOLETINS INTERNOS DE ANOS ANTERIORES<\/strong><\/caption>\n<tbody>\n<tr>\n<td style=\"text-align: center\" width=\"160\" height=\"60\"><a href=\"http:\/\/www.ifbaiano.edu.br\/unidades\/teixeira\/dg\/bsi\/bsi2014\/\" target=\"_blank\" rel=\"noopener noreferrer\"><span style=\"color: #0000ff\">BSI 2014<\/span><\/a><\/td>\n<td style=\"text-align: center\" width=\"160\"><a href=\"http:\/\/www.ifbaiano.edu.br\/unidades\/teixeira\/dg\/bsi\/bsi-2015\/\" target=\"_blank\" rel=\"noopener noreferrer\"><span style=\"color: #0000ff\">BSI 2015<\/span><\/a><\/td>\n<td style=\"text-align: center\" width=\"160\"><a href=\"http:\/\/www.ifbaiano.edu.br\/unidades\/teixeira\/dg\/bsi\/bsi-2016\/\" target=\"_blank\" rel=\"noopener noreferrer\"><span style=\"color: #0000ff\">BSI 2016<\/span><\/a><\/td>\n<td style=\"text-align: center\" width=\"160\"><a href=\"http:\/\/www.ifbaiano.edu.br\/unidades\/teixeira\/dg\/bsi\/bsi-2017\/\" target=\"_blank\" rel=\"noopener noreferrer\"><span style=\"color: #0000ff\">BSI 2017<\/span><\/a><\/td>\n<td style=\"text-align: center\" width=\"160\"><a href=\"http:\/\/www.ifbaiano.edu.br\/unidades\/teixeira\/dg\/bsi\/bsi-2018\/\" target=\"_blank\" rel=\"noopener noreferrer\"><span style=\"color: #0000ff\">BSI 2018<\/span><\/a><\/td>\n<td style=\"text-align: center\" width=\"160\"><a href=\"https:\/\/www.ifbaiano.edu.br\/unidades\/teixeira\/dg\/bsi\/bsi-2019\/\" target=\"_blank\" rel=\"noopener noreferrer\"><span style=\"color: #0000ff\">BSI 2019<\/span><\/a><\/td>\n<\/tr>\n<\/tbody>\n<\/table>\n<\/div>\n\n\n\n<hr class=\"wp-block-separator has-css-opacity\" \/>\n\n\n\n<p class=\"has-text-align-center\"><strong>Acesse a Listagem completa dos atos normativos inferiores a decreto vigentes do IF Baiano &#8211; Campus Teixeira de Freitas <\/strong><\/p>\n\n\n\n<p class=\"has-text-align-center\"><a href=\"https:\/\/www.ifbaiano.edu.br\/unidades\/teixeira\/files\/2020\/09\/LISTAG1.pdf\">PORTARIA 74_2020 &#8211; TDF-GAB_TDF-DG_RET_IFBAIANO<\/a><\/p>\n\n\n\n<p class=\"has-text-align-center\"><strong>Atos Normativos Administrativos (2012-2015) &#8211; Campus Teixeira de Freitas<\/strong>.<\/p>\n\n\n\n<div class=\"wp-block-file aligncenter\"><a id=\"wp-block-file--media-0e185a23-f672-4f60-94dd-d57d409b4ad5\" href=\"https:\/\/www.ifbaiano.edu.br\/unidades\/teixeira\/files\/2021\/02\/Atos-Normativos-Administrativos-2012-2015-Campus-Teixeira-de-Freitas.pdf\">Atos Normativos Administrativos (2012-2015)<\/a><a href=\"https:\/\/www.ifbaiano.edu.br\/unidades\/teixeira\/files\/2021\/02\/Atos-Normativos-Administrativos-2012-2015-Campus-Teixeira-de-Freitas.pdf\" class=\"wp-block-file__button wp-element-button\" download aria-describedby=\"wp-block-file--media-0e185a23-f672-4f60-94dd-d57d409b4ad5\">Baixar<\/a><\/div>\n\n\n\n<div align=\"center\" id=\"documentoshome\"><div id=\"doctitulo\">\n\t\t\t\t<\/div><\/div>\n\n\n\n<!--nextpage-->\n\n\n\n<div align=\"center\" id=\"documentoshome\"><div id=\"doctitulo\">\n\t\t\t\t\tBOLETIN DE SERVI\u00c7O INTERNO 2024\n\t\t\t\t<\/div><\/div>\n\n\n\n<div class=\"wp-block-columns has-light-green-cyan-background-color has-background has-medium-font-size is-layout-flex wp-container-8\">\n<div class=\"wp-block-column is-layout-flow\">\n<div class=\"wp-block-file\"><a id=\"wp-block-file--media-e34843f5-0b13-4823-9386-ca94624fa63e\" href=\"https:\/\/www.ifbaiano.edu.br\/unidades\/teixeira\/files\/2025\/10\/BSI-JANEIRO-24.pdf\">BSI-JANEIRO-24<\/a><a href=\"https:\/\/www.ifbaiano.edu.br\/unidades\/teixeira\/files\/2025\/10\/BSI-JANEIRO-24.pdf\" class=\"wp-block-file__button wp-element-button\" download aria-describedby=\"wp-block-file--media-e34843f5-0b13-4823-9386-ca94624fa63e\">Baixar<\/a><\/div>\n<\/div>\n\n\n\n<div class=\"wp-block-column is-layout-flow\">\n<div class=\"wp-block-file\"><a id=\"wp-block-file--media-31568477-d741-4778-9e83-974ed798b8f5\" href=\"https:\/\/www.ifbaiano.edu.br\/unidades\/teixeira\/files\/2025\/10\/BSI-FEVEREIRO-24.pdf\">BSI-FEVEREIRO-24<\/a><a href=\"https:\/\/www.ifbaiano.edu.br\/unidades\/teixeira\/files\/2025\/10\/BSI-FEVEREIRO-24.pdf\" class=\"wp-block-file__button wp-element-button\" download aria-describedby=\"wp-block-file--media-31568477-d741-4778-9e83-974ed798b8f5\">Baixar<\/a><\/div>\n<\/div>\n\n\n\n<div class=\"wp-block-column is-layout-flow\">\n<div class=\"wp-block-file\"><a id=\"wp-block-file--media-66d2e0d7-5696-4291-9674-8bcfef92bfe8\" href=\"https:\/\/www.ifbaiano.edu.br\/unidades\/teixeira\/files\/2025\/10\/BSI-MARCO-24.pdf\">BSI-MARCO-24<\/a><a href=\"https:\/\/www.ifbaiano.edu.br\/unidades\/teixeira\/files\/2025\/10\/BSI-MARCO-24.pdf\" class=\"wp-block-file__button wp-element-button\" download aria-describedby=\"wp-block-file--media-66d2e0d7-5696-4291-9674-8bcfef92bfe8\">Baixar<\/a><\/div>\n<\/div>\n<\/div>\n\n\n\n<div class=\"wp-block-columns has-light-green-cyan-background-color has-background has-medium-font-size is-layout-flex wp-container-12\">\n<div class=\"wp-block-column is-layout-flow\">\n<div class=\"wp-block-file\"><a id=\"wp-block-file--media-c907872b-9ecf-453b-86aa-11371d90579c\" href=\"https:\/\/www.ifbaiano.edu.br\/unidades\/teixeira\/files\/2025\/10\/BSI-ABRIL-24.pdf\">BSI-ABRIL-24<\/a><a href=\"https:\/\/www.ifbaiano.edu.br\/unidades\/teixeira\/files\/2025\/10\/BSI-ABRIL-24.pdf\" class=\"wp-block-file__button wp-element-button\" download aria-describedby=\"wp-block-file--media-c907872b-9ecf-453b-86aa-11371d90579c\">Baixar<\/a><\/div>\n<\/div>\n\n\n\n<div class=\"wp-block-column is-layout-flow\">\n<div class=\"wp-block-file\"><a id=\"wp-block-file--media-df1f927d-71e4-4e8a-b5e2-80d3c408de4b\" href=\"https:\/\/www.ifbaiano.edu.br\/unidades\/teixeira\/files\/2025\/10\/BSI-MAIO-24.pdf\">BSI-MAIO-24<\/a><a href=\"https:\/\/www.ifbaiano.edu.br\/unidades\/teixeira\/files\/2025\/10\/BSI-MAIO-24.pdf\" class=\"wp-block-file__button wp-element-button\" download aria-describedby=\"wp-block-file--media-df1f927d-71e4-4e8a-b5e2-80d3c408de4b\">Baixar<\/a><\/div>\n<\/div>\n\n\n\n<div class=\"wp-block-column is-layout-flow\">\n<div class=\"wp-block-file\"><a id=\"wp-block-file--media-6170acf0-16fb-4894-bca7-f421a2fb07a1\" href=\"https:\/\/www.ifbaiano.edu.br\/unidades\/teixeira\/files\/2025\/10\/BSI-JUNHO-24.pdf\">BSI-JUNHO-24<\/a><a href=\"https:\/\/www.ifbaiano.edu.br\/unidades\/teixeira\/files\/2025\/10\/BSI-JUNHO-24.pdf\" class=\"wp-block-file__button wp-element-button\" download aria-describedby=\"wp-block-file--media-6170acf0-16fb-4894-bca7-f421a2fb07a1\">Baixar<\/a><\/div>\n<\/div>\n<\/div>\n\n\n\n<div class=\"wp-block-columns has-light-green-cyan-background-color has-background has-medium-font-size is-layout-flex wp-container-16\">\n<div class=\"wp-block-column is-layout-flow\">\n<div class=\"wp-block-file\"><a id=\"wp-block-file--media-247f2b8a-1087-4bbb-88a7-76deaef2c32a\" href=\"https:\/\/www.ifbaiano.edu.br\/unidades\/teixeira\/files\/2025\/10\/BSI-JULHO-24.pdf\">BSI-JULHO-24<\/a><a href=\"https:\/\/www.ifbaiano.edu.br\/unidades\/teixeira\/files\/2025\/10\/BSI-JULHO-24.pdf\" class=\"wp-block-file__button wp-element-button\" download aria-describedby=\"wp-block-file--media-247f2b8a-1087-4bbb-88a7-76deaef2c32a\">Baixar<\/a><\/div>\n<\/div>\n\n\n\n<div class=\"wp-block-column is-layout-flow\">\n<div class=\"wp-block-file\"><a id=\"wp-block-file--media-935fcf47-c661-4c1d-bebd-8ccaa1131fa9\" href=\"https:\/\/www.ifbaiano.edu.br\/unidades\/teixeira\/files\/2025\/10\/BSI-AGOSTO-24.pdf\">BSI-AGOSTO-24<\/a><a href=\"https:\/\/www.ifbaiano.edu.br\/unidades\/teixeira\/files\/2025\/10\/BSI-AGOSTO-24.pdf\" class=\"wp-block-file__button wp-element-button\" download aria-describedby=\"wp-block-file--media-935fcf47-c661-4c1d-bebd-8ccaa1131fa9\">Baixar<\/a><\/div>\n<\/div>\n\n\n\n<div class=\"wp-block-column is-layout-flow\">\n<div class=\"wp-block-file\"><a id=\"wp-block-file--media-2da1e0ea-f60d-42da-957d-cc9c4c61ad6c\" href=\"https:\/\/www.ifbaiano.edu.br\/unidades\/teixeira\/files\/2025\/10\/BSI-SETEMBRO-24.pdf\">BSI-SETEMBRO-24<\/a><a href=\"https:\/\/www.ifbaiano.edu.br\/unidades\/teixeira\/files\/2025\/10\/BSI-SETEMBRO-24.pdf\" class=\"wp-block-file__button wp-element-button\" download aria-describedby=\"wp-block-file--media-2da1e0ea-f60d-42da-957d-cc9c4c61ad6c\">Baixar<\/a><\/div>\n<\/div>\n<\/div>\n\n\n\n<div class=\"wp-block-columns has-light-green-cyan-background-color has-background has-medium-font-size is-layout-flex wp-container-20\">\n<div class=\"wp-block-column is-layout-flow\">\n<div class=\"wp-block-file\"><a id=\"wp-block-file--media-0d5fefdf-5592-46dc-8967-aa039e4a69a1\" href=\"https:\/\/www.ifbaiano.edu.br\/unidades\/teixeira\/files\/2025\/10\/BSI-OUTUBRO-24.pdf\">BSI-OUTUBRO-24<\/a><a href=\"https:\/\/www.ifbaiano.edu.br\/unidades\/teixeira\/files\/2025\/10\/BSI-OUTUBRO-24.pdf\" class=\"wp-block-file__button wp-element-button\" download aria-describedby=\"wp-block-file--media-0d5fefdf-5592-46dc-8967-aa039e4a69a1\">Baixar<\/a><\/div>\n<\/div>\n\n\n\n<div class=\"wp-block-column is-layout-flow\">\n<div class=\"wp-block-file\"><a id=\"wp-block-file--media-3be2dd0e-b1fe-4b93-ad70-55af0c7749d1\" href=\"https:\/\/www.ifbaiano.edu.br\/unidades\/teixeira\/files\/2025\/10\/BSI-NOVEMBRO-24.pdf\">BSI-NOVEMBRO-24<\/a><a href=\"https:\/\/www.ifbaiano.edu.br\/unidades\/teixeira\/files\/2025\/10\/BSI-NOVEMBRO-24.pdf\" class=\"wp-block-file__button wp-element-button\" download aria-describedby=\"wp-block-file--media-3be2dd0e-b1fe-4b93-ad70-55af0c7749d1\">Baixar<\/a><\/div>\n<\/div>\n\n\n\n<div class=\"wp-block-column is-layout-flow\">\n<div class=\"wp-block-file\"><a id=\"wp-block-file--media-772a433a-349c-4f45-989c-7cb8f1d79356\" href=\"https:\/\/www.ifbaiano.edu.br\/unidades\/teixeira\/files\/2025\/10\/BSI-DEZEMBRO-24.pdf\">BSI-DEZEMBRO-24<\/a><a href=\"https:\/\/www.ifbaiano.edu.br\/unidades\/teixeira\/files\/2025\/10\/BSI-DEZEMBRO-24.pdf\" class=\"wp-block-file__button wp-element-button\" download aria-describedby=\"wp-block-file--media-772a433a-349c-4f45-989c-7cb8f1d79356\">Baixar<\/a><\/div>\n<\/div>\n<\/div>\n\n\n\n<!--nextpage-->\n\n\n\n<div align=\"center\" id=\"documentoshome\"><div id=\"doctitulo\">\n\t\t\t\t\tBOLETIN DE SERVI\u00c7O INTERNO 2023\n\t\t\t\t<\/div><\/div>\n\n\n\n<div class=\"wp-block-columns is-layout-flex wp-container-24\">\n<div class=\"wp-block-column is-layout-flow\">\n<p><a href=\"https:\/\/www.ifbaiano.edu.br\/unidades\/teixeira\/files\/2023\/05\/BSI-Janeiro-2023.pdf\">Janeiro\/2023<\/a><\/p>\n<\/div>\n\n\n\n<div class=\"wp-block-column is-layout-flow\">\n<p><a href=\"https:\/\/www.ifbaiano.edu.br\/unidades\/teixeira\/files\/2023\/05\/BSI-Fevereiro-2023.pdf\">Fevereiro\/2023<\/a><\/p>\n<\/div>\n\n\n\n<div class=\"wp-block-column is-layout-flow\">\n<p><a href=\"https:\/\/www.ifbaiano.edu.br\/unidades\/teixeira\/files\/2023\/05\/BSI-Marco-2023.pdf\">Mar\u00e7o\/2023<\/a><\/p>\n<\/div>\n<\/div>\n\n\n\n<div class=\"wp-block-columns is-layout-flex wp-container-28\">\n<div class=\"wp-block-column is-layout-flow\">\n<p><a href=\"https:\/\/www.ifbaiano.edu.br\/unidades\/teixeira\/files\/2023\/05\/BSI-Abril-2023.pdf\">Abril\/2023<\/a><\/p>\n<\/div>\n\n\n\n<div class=\"wp-block-column is-layout-flow\">\n<p><a href=\"https:\/\/www.ifbaiano.edu.br\/unidades\/teixeira\/files\/2023\/06\/BSI-maio-2023.pdf\">Maio\/2023<\/a><\/p>\n<\/div>\n\n\n\n<div class=\"wp-block-column is-layout-flow\">\n<p><a href=\"https:\/\/www.ifbaiano.edu.br\/unidades\/teixeira\/files\/2023\/07\/BSI-Junho-2023.pdf\">Junho\/2023<\/a><\/p>\n<\/div>\n<\/div>\n\n\n\n<div class=\"wp-block-columns is-layout-flex wp-container-32\">\n<div class=\"wp-block-column is-layout-flow\">\n<p><a href=\"https:\/\/www.ifbaiano.edu.br\/unidades\/teixeira\/files\/2023\/10\/BSI-Julho-de-2023.pdf\">Julho\/2023<\/a><\/p>\n<\/div>\n\n\n\n<div class=\"wp-block-column is-layout-flow\">\n<p><a href=\"https:\/\/www.ifbaiano.edu.br\/unidades\/teixeira\/files\/2023\/10\/BSI-Agosto-de-2023.pdf\">Agosto\/2023<\/a><\/p>\n<\/div>\n\n\n\n<div class=\"wp-block-column is-layout-flow\">\n<p><a href=\"https:\/\/www.ifbaiano.edu.br\/unidades\/teixeira\/files\/2023\/11\/BSI-Setembro-2023.pdf\">Setembro\/2023<\/a><\/p>\n<\/div>\n<\/div>\n\n\n\n<div class=\"wp-block-columns is-layout-flex wp-container-36\">\n<div class=\"wp-block-column is-layout-flow\">\n<p><a href=\"https:\/\/www.ifbaiano.edu.br\/unidades\/teixeira\/files\/2023\/12\/BSI-Outubro-2023.pdf\">Outubro\/2023<\/a><\/p>\n<\/div>\n\n\n\n<div class=\"wp-block-column is-layout-flow\">\n<p><a href=\"https:\/\/www.ifbaiano.edu.br\/unidades\/teixeira\/files\/2024\/01\/BSI-Novembro-2023.pdf\">Novembro\/2023<\/a><\/p>\n<\/div>\n\n\n\n<div class=\"wp-block-column is-layout-flow\">\n<p><a href=\"https:\/\/www.ifbaiano.edu.br\/unidades\/teixeira\/files\/2024\/01\/BSI-DEZEMBRO-2023.pdf\">Dezembro\/2023<\/a><\/p>\n<\/div>\n<\/div>\n\n\n\n<!--nextpage-->\n\n\n\n<div align=\"center\" id=\"documentoshome\"><div id=\"doctitulo\">\n\t\t\t\t\tBOLETIN DE SERVI\u00c7O INTERNO 2022\n\t\t\t\t<\/div><\/div>\n\n\n\n<div class=\"wp-block-columns is-layout-flex wp-container-40\">\n<div class=\"wp-block-column is-layout-flow\"><\/div>\n\n\n\n<div class=\"wp-block-column is-layout-flow\"><\/div>\n\n\n\n<div class=\"wp-block-column is-layout-flow\"><\/div>\n<\/div>\n\n\n\n<div class=\"wp-block-columns is-layout-flex wp-container-44\">\n<div class=\"wp-block-column is-layout-flow\">\n<p><a href=\"https:\/\/www.ifbaiano.edu.br\/unidades\/teixeira\/files\/2022\/08\/BSI-Abril-2022.pdf\">Abril\/2022<\/a><\/p>\n<\/div>\n\n\n\n<div class=\"wp-block-column is-layout-flow\">\n<p><a href=\"https:\/\/www.ifbaiano.edu.br\/unidades\/teixeira\/files\/2022\/08\/BSI-Maio-2022.pdf\">Maio\/2022<\/a><\/p>\n<\/div>\n\n\n\n<div class=\"wp-block-column is-layout-flow\">\n<p><a href=\"https:\/\/www.ifbaiano.edu.br\/unidades\/teixeira\/files\/2022\/08\/BSI-Junho-2022.pdf\">Junho\/2022<\/a><\/p>\n<\/div>\n<\/div>\n\n\n\n<div class=\"wp-block-columns is-layout-flex wp-container-48\">\n<div class=\"wp-block-column is-layout-flow\">\n<p><a href=\"https:\/\/www.ifbaiano.edu.br\/unidades\/teixeira\/files\/2022\/08\/BSI-Julho-2022.pdf\">Julho\/2022<\/a><\/p>\n<\/div>\n\n\n\n<div class=\"wp-block-column is-layout-flow\">\n<p><a href=\"https:\/\/www.ifbaiano.edu.br\/unidades\/teixeira\/files\/2022\/11\/BSI-Agosto-2022.pdf\">Agosto\/2022<\/a><\/p>\n<\/div>\n\n\n\n<div class=\"wp-block-column is-layout-flow\">\n<p><a href=\"https:\/\/www.ifbaiano.edu.br\/unidades\/teixeira\/files\/2022\/11\/BSI-Setembro-2022.pdf\">Setembro\/2022<\/a><\/p>\n<\/div>\n<\/div>\n\n\n\n<div class=\"wp-block-columns is-layout-flex wp-container-52\">\n<div class=\"wp-block-column is-layout-flow\">\n<p><a href=\"https:\/\/www.ifbaiano.edu.br\/unidades\/teixeira\/files\/2022\/11\/BSI-Outubro-2022.pdf\">Outubro\/2022<\/a><\/p>\n<\/div>\n\n\n\n<div class=\"wp-block-column is-layout-flow\">\n<p><a href=\"https:\/\/www.ifbaiano.edu.br\/unidades\/teixeira\/files\/2023\/01\/BSI-Novembro-de-2022.pdf\">Novembro\/2022<\/a><\/p>\n<\/div>\n\n\n\n<div class=\"wp-block-column is-layout-flow\">\n<p><a href=\"https:\/\/www.ifbaiano.edu.br\/unidades\/teixeira\/files\/2023\/01\/BSI-Dezembro-2022.pdf\">Dezembro\/2022<\/a><\/p>\n<\/div>\n<\/div>\n","protected":false},"excerpt":{"rendered":"<p>O&nbsp;Visando dar publicidade e transpar\u00eancia aos atos internos do Instituto, o Gabinete est\u00e1 divulgando o Boletim de Servi\u00e7o Interno (BSI) do IF Baiano &#8211; Campus Teixeira de Freitas, conforme reza os princ\u00edpios da Administra\u00e7\u00e3o P\u00fablica. O Boletim de Servi\u00e7o Interno \u00e9 publicado mensalmente e \u00e9 uma exig\u00eancia legal, disposta na Lei 4.345, de 26 de [&hellip;]<\/p>\n","protected":false},"author":31,"featured_media":0,"parent":2378,"menu_order":0,"comment_status":"open","ping_status":"open","template":"","meta":[],"_links":{"self":[{"href":"https:\/\/www.ifbaiano.edu.br\/unidades\/teixeira\/wp-json\/wp\/v2\/pages\/3542"}],"collection":[{"href":"https:\/\/www.ifbaiano.edu.br\/unidades\/teixeira\/wp-json\/wp\/v2\/pages"}],"about":[{"href":"https:\/\/www.ifbaiano.edu.br\/unidades\/teixeira\/wp-json\/wp\/v2\/types\/page"}],"author":[{"embeddable":true,"href":"https:\/\/www.ifbaiano.edu.br\/unidades\/teixeira\/wp-json\/wp\/v2\/users\/31"}],"replies":[{"embeddable":true,"href":"https:\/\/www.ifbaiano.edu.br\/unidades\/teixeira\/wp-json\/wp\/v2\/comments?post=3542"}],"version-history":[{"count":46,"href":"https:\/\/www.ifbaiano.edu.br\/unidades\/teixeira\/wp-json\/wp\/v2\/pages\/3542\/revisions"}],"predecessor-version":[{"id":15997,"href":"https:\/\/www.ifbaiano.edu.br\/unidades\/teixeira\/wp-json\/wp\/v2\/pages\/3542\/revisions\/15997"}],"up":[{"embeddable":true,"href":"https:\/\/www.ifbaiano.edu.br\/unidades\/teixeira\/wp-json\/wp\/v2\/pages\/2378"}],"wp:attachment":[{"href":"https:\/\/www.ifbaiano.edu.br\/unidades\/teixeira\/wp-json\/wp\/v2\/media?parent=3542"}],"curies":[{"name":"wp","href":"https:\/\/api.w.org\/{rel}","templated":true}]}}