{"id":61,"date":"2011-05-18T19:25:19","date_gmt":"2011-05-18T22:25:19","guid":{"rendered":"http:\/\/localhost\/unidades\/bonfim\/?page_id=61"},"modified":"2025-05-20T15:17:17","modified_gmt":"2025-05-20T18:17:17","slug":"subsequentespresencial","status":"publish","type":"page","link":"https:\/\/www.ifbaiano.edu.br\/unidades\/teixeira\/cursos\/subsequentespresencial\/","title":{"rendered":"Educa\u00e7\u00e3o Profissional T\u00e9cnica de N\u00edvel M\u00e9dio na forma Subsequente (presencial)"},"content":{"rendered":"\n<p>Esta forma de articula\u00e7\u00e3o \u00e9 destinada aos alunos que conclu\u00edram o ensino m\u00e9dio e pretendem fazer o curso t\u00e9cnico, no IF Baiano, ao final do curso, ter\u00e1 a forma\u00e7\u00e3o profissional t\u00e9cnica de n\u00edvel m\u00e9dio. <\/p>\n\n\n<p style=\"text-align: justify\"><span style=\"color: #3366ff\"><a style=\"color: #3366ff\" title=\"T\u00e9cnico em Agroind\u00fastria\" href=\"http:\/\/www.ifbaiano.edu.br\/unidades\/teixeira\/cursos\/integrado\/tecnico-em-administracao\/\" target=\"_blank\" rel=\"noopener noreferrer\">T\u00e9cnico em Administra\u00e7\u00e3o<\/a><\/span><span id=\"more-2517\"><\/span><\/p>\n<p style=\"text-align: justify\">O Curso T\u00e9cnico em Administra\u00e7\u00e3o subsequente ao Ensino M\u00e9dio foi implantado para atender alunos egressos do Ensino M\u00e9dio. O curso tem por objetivo formar profissionais com vis\u00e3o empreendedora, capazes de desempenhar fun\u00e7\u00f5es de apoio administrativo que deem suporte \u00e0s atividades organizacionais de gest\u00e3o de pessoas, marketing, produ\u00e7\u00e3o, sempre focados \u00e0 inova\u00e7\u00e3o.<em><span style=\"color: #ff0000\">&nbsp;<a style=\"color: #ff0000\" href=\"http:\/\/www.ifbaiano.edu.br\/unidades\/teixeira\/cursos\/integrado\/tecnico-em-administracao\/\" target=\"_blank\" rel=\"noopener noreferrer\">(saiba mais)<\/a><\/span><\/em><\/p>\n<hr>\n<p style=\"text-align: justify\"><span style=\"color: #3366ff\"><a style=\"color: #3366ff\" title=\"T\u00e9cnico em Agropecu\u00e1ria\" href=\"http:\/\/www.ifbaiano.edu.br\/unidades\/teixeira\/cursos\/integrado\/tecnico-em-agropecuaria\/\" target=\"_blank\" rel=\"noopener noreferrer\">T\u00e9cnico em Agropecu\u00e1ria<\/a><\/span><\/p>\n<p style=\"text-align: justify\">O Curso T\u00e9cnico em Agropecu\u00e1ria subsequente ao Ensino M\u00e9dio foi implantado para atender alunos egressos do Ensino M\u00e9dio. O curso forma t\u00e9cnicos aptos a planejar, executar, acompanhar e fiscalizar todas as fases dos projetos agropecu\u00e1rios. O t\u00e9cnico em Agropecu\u00e1ria administra propriedades rurais; elabora, aplica e monitora programas preventivos de sanitiza\u00e7\u00e3o na produ\u00e7\u00e3o animal, vegetal e agroindustrial; fiscaliza produtos de origem vegetal, animal e agroindustrial. Realiza medi\u00e7\u00e3o, demarca\u00e7\u00e3o e levantamentos topogr\u00e1ficos rurais; atua em programas de assist\u00eancia t\u00e9cnica, extens\u00e3o rural e pesquisa. <em><a href=\"http:\/\/www.ifbaiano.edu.br\/unidades\/teixeira\/cursos\/integrado\/tecnico-em-agropecuaria\/\" target=\"_blank\" rel=\"noopener noreferrer\"><span style=\"color: #ff0000\">(saiba mais)<\/span><\/a><\/em><\/p>\n<hr>\n<p style=\"text-align: justify\"><span style=\"color: #3366ff\"><a style=\"color: #3366ff\" href=\"http:\/\/www.ifbaiano.edu.br\/unidades\/teixeira\/cursos\/cursos-integrados\/tecnico-em-florestas\/\" target=\"_blank\" rel=\"noopener noreferrer\">T\u00e9cnico em Florestas<\/a><\/span><\/p>\n<p style=\"text-align: justify\">O curso T\u00e9cnico em Florestas subsequente ao Ensino M\u00e9dio foi implantado para atender alunos egressos do Ensino M\u00e9dio. O curso forma t\u00e9cnicos para atuar na produ\u00e7\u00e3o de mudas florestais, extra\u00e7\u00e3o e beneficiamento da madeira. O t\u00e9cnico em Florestas executa o processo de produ\u00e7\u00e3o, manejo sustent\u00e1vel e industrializa\u00e7\u00e3o dos recursos de origem florestal; orienta a pr\u00e1tica florestal de menor impacto ambiental; administra unidades de conserva\u00e7\u00e3o e de produ\u00e7\u00e3o florestal; atua na preserva\u00e7\u00e3o e conserva\u00e7\u00e3o ambiental de projetos florestais e fiscaliza e monitora fauna e flora silvestres. <a href=\"http:\/\/www.ifbaiano.edu.br\/unidades\/teixeira\/cursos\/cursos-integrados\/tecnico-em-florestas\/\" target=\"_blank\" rel=\"noopener noreferrer\"><em><span style=\"color: #ff0000\">(saiba mais)<\/span><\/em><\/a><\/p>\n<hr>\n<p style=\"text-align: justify\"><span style=\"color: #3366ff\"><a style=\"color: #3366ff\" href=\"https:\/\/www.ifbaiano.edu.br\/unidades\/teixeira\/cursos\/subsequentespresencial\/tecnicoemhospedagem\/\" target=\"_blank\" rel=\"noopener noreferrer\">T\u00e9cnico em Hospedagem<\/a><\/span><\/p>\n<p style=\"text-align: justify\">O curso T\u00e9cnico em Hospedagem subsequente ao Ensino M\u00e9dio foi implantado para atender alunos egressos do Ensino M\u00e9dio. O curso tem por objetivo formar profissionais com dom\u00ednio te\u00f3rico-pr\u00e1tico permitindo o desenvolvimento profissional pautado na autonomia, compet\u00eancia e pr\u00e1tica \u00e9tica no exerc\u00edcio da recep\u00e7\u00e3o e governan\u00e7a em meios de hospedagem em ambientes p\u00fablicos e privados, como hot\u00e9is, hospitais, laborat\u00f3rios,spa\u2019s, condom\u00ednios residenciais e comerciais, espa\u00e7os esportivos, bancos entre outros prestadores e servi\u00e7os que queiram implantar os servi\u00e7os hoteleiros em seus empreendimentos. <a href=\"https:\/\/www.ifbaiano.edu.br\/unidades\/teixeira\/cursos\/subsequentespresencial\/tecnicoemhospedagem\/\" target=\"_blank\" rel=\"noopener noreferrer\"><em><span style=\"color: #ff0000\">(saiba mais)<\/span><\/em><\/a><\/p>\n<hr>","protected":false},"excerpt":{"rendered":"<p>Esta forma de articula\u00e7\u00e3o \u00e9 destinada aos alunos que conclu\u00edram o ensino m\u00e9dio e pretendem fazer o curso t\u00e9cnico, no IF Baiano, ao final do curso, ter\u00e1 a forma\u00e7\u00e3o profissional t\u00e9cnica de n\u00edvel m\u00e9dio. T\u00e9cnico em Administra\u00e7\u00e3o O Curso T\u00e9cnico em Administra\u00e7\u00e3o subsequente ao Ensino M\u00e9dio foi implantado para atender alunos egressos do Ensino M\u00e9dio. [&hellip;]<\/p>\n","protected":false},"author":31,"featured_media":0,"parent":1023,"menu_order":0,"comment_status":"closed","ping_status":"closed","template":"","meta":[],"_links":{"self":[{"href":"https:\/\/www.ifbaiano.edu.br\/unidades\/teixeira\/wp-json\/wp\/v2\/pages\/61"}],"collection":[{"href":"https:\/\/www.ifbaiano.edu.br\/unidades\/teixeira\/wp-json\/wp\/v2\/pages"}],"about":[{"href":"https:\/\/www.ifbaiano.edu.br\/unidades\/teixeira\/wp-json\/wp\/v2\/types\/page"}],"author":[{"embeddable":true,"href":"https:\/\/www.ifbaiano.edu.br\/unidades\/teixeira\/wp-json\/wp\/v2\/users\/31"}],"replies":[{"embeddable":true,"href":"https:\/\/www.ifbaiano.edu.br\/unidades\/teixeira\/wp-json\/wp\/v2\/comments?post=61"}],"version-history":[{"count":12,"href":"https:\/\/www.ifbaiano.edu.br\/unidades\/teixeira\/wp-json\/wp\/v2\/pages\/61\/revisions"}],"predecessor-version":[{"id":15392,"href":"https:\/\/www.ifbaiano.edu.br\/unidades\/teixeira\/wp-json\/wp\/v2\/pages\/61\/revisions\/15392"}],"up":[{"embeddable":true,"href":"https:\/\/www.ifbaiano.edu.br\/unidades\/teixeira\/wp-json\/wp\/v2\/pages\/1023"}],"wp:attachment":[{"href":"https:\/\/www.ifbaiano.edu.br\/unidades\/teixeira\/wp-json\/wp\/v2\/media?parent=61"}],"curies":[{"name":"wp","href":"https:\/\/api.w.org\/{rel}","templated":true}]}}

Educação Profissional Técnica de Nível Médio na forma Subsequente (presencial)

<p>Esta forma de articulação é destinada aos alunos que concluíram o ensino médio e pretendem fazer o curso técnico, no IF Baiano, ao final do curso, terá a formação profissional técnica de nível médio. </p>


<p style="text-align: justify"><span style="color: #3366ff"><a style="color: #3366ff" title="Técnico em Agroindústria" href="http://www.ifbaiano.edu.br/unidades/teixeira/cursos/integrado/tecnico-em-administracao/" target="_blank" rel="noopener noreferrer">Técnico em Administração</a></span><span id="more-2517"></span></p>
<p style="text-align: justify">O Curso Técnico em Administração subsequente ao Ensino Médio foi implantado para atender alunos egressos do Ensino Médio. O curso tem por objetivo formar profissionais com visão empreendedora, capazes de desempenhar funções de apoio administrativo que deem suporte às atividades organizacionais de gestão de pessoas, marketing, produção, sempre focados à inovação.<em><span style="color: #ff0000">&nbsp;<a style="color: #ff0000" href="http://www.ifbaiano.edu.br/unidades/teixeira/cursos/integrado/tecnico-em-administracao/" target="_blank" rel="noopener noreferrer">(saiba mais)</a></span></em></p>
<hr>
<p style="text-align: justify"><span style="color: #3366ff"><a style="color: #3366ff" title="Técnico em Agropecuária" href="http://www.ifbaiano.edu.br/unidades/teixeira/cursos/integrado/tecnico-em-agropecuaria/" target="_blank" rel="noopener noreferrer">Técnico em Agropecuária</a></span></p>
<p style="text-align: justify">O Curso Técnico em Agropecuária subsequente ao Ensino Médio foi implantado para atender alunos egressos do Ensino Médio. O curso forma técnicos aptos a planejar, executar, acompanhar e fiscalizar todas as fases dos projetos agropecuários. O técnico em Agropecuária administra propriedades rurais; elabora, aplica e monitora programas preventivos de sanitização na produção animal, vegetal e agroindustrial; fiscaliza produtos de origem vegetal, animal e agroindustrial. Realiza medição, demarcação e levantamentos topográficos rurais; atua em programas de assistência técnica, extensão rural e pesquisa. <em><a href="http://www.ifbaiano.edu.br/unidades/teixeira/cursos/integrado/tecnico-em-agropecuaria/" target="_blank" rel="noopener noreferrer"><span style="color: #ff0000">(saiba mais)</span></a></em></p>
<hr>
<p style="text-align: justify"><span style="color: #3366ff"><a style="color: #3366ff" href="http://www.ifbaiano.edu.br/unidades/teixeira/cursos/cursos-integrados/tecnico-em-florestas/" target="_blank" rel="noopener noreferrer">Técnico em Florestas</a></span></p>
<p style="text-align: justify">O curso Técnico em Florestas subsequente ao Ensino Médio foi implantado para atender alunos egressos do Ensino Médio. O curso forma técnicos para atuar na produção de mudas florestais, extração e beneficiamento da madeira. O técnico em Florestas executa o processo de produção, manejo sustentável e industrialização dos recursos de origem florestal; orienta a prática florestal de menor impacto ambiental; administra unidades de conservação e de produção florestal; atua na preservação e conservação ambiental de projetos florestais e fiscaliza e monitora fauna e flora silvestres. <a href="http://www.ifbaiano.edu.br/unidades/teixeira/cursos/cursos-integrados/tecnico-em-florestas/" target="_blank" rel="noopener noreferrer"><em><span style="color: #ff0000">(saiba mais)</span></em></a></p>
<hr>
<p style="text-align: justify"><span style="color: #3366ff"><a style="color: #3366ff" href="https://www.ifbaiano.edu.br/unidades/teixeira/cursos/subsequentespresencial/tecnicoemhospedagem/" target="_blank" rel="noopener noreferrer">Técnico em Hospedagem</a></span></p>
<p style="text-align: justify">O curso Técnico em Hospedagem subsequente ao Ensino Médio foi implantado para atender alunos egressos do Ensino Médio. O curso tem por objetivo formar profissionais com domínio teórico-prático permitindo o desenvolvimento profissional pautado na autonomia, competência e prática ética no exercício da recepção e governança em meios de hospedagem em ambientes públicos e privados, como hotéis, hospitais, laboratórios,spa’s, condomínios residenciais e comerciais, espaços esportivos, bancos entre outros prestadores e serviços que queiram implantar os serviços hoteleiros em seus empreendimentos. <a href="https://www.ifbaiano.edu.br/unidades/teixeira/cursos/subsequentespresencial/tecnicoemhospedagem/" target="_blank" rel="noopener noreferrer"><em><span style="color: #ff0000">(saiba mais)</span></em></a></p>
<hr>

<p>Esta forma de articulação é destinada aos alunos que concluíram o ensino médio e pretendem fazer o curso técnico, no IF Baiano, ao final do curso, terá a formação profissional técnica de nível médio. Técnico em Administração O Curso Técnico em Administração subsequente ao Ensino Médio foi implantado para atender alunos egressos do Ensino Médio. [&hellip;]</p>
