{"id":8600,"date":"2022-04-27T12:00:00","date_gmt":"2022-04-27T15:00:00","guid":{"rendered":"https:\/\/www.ifbaiano.edu.br\/unidades\/teixeira\/?page_id=8600"},"modified":"2022-09-16T12:45:00","modified_gmt":"2022-09-16T15:45:00","slug":"eventos","status":"publish","type":"page","link":"https:\/\/www.ifbaiano.edu.br\/unidades\/teixeira\/comunicacao\/eventos\/","title":{"rendered":"Portal de Eventos do Campus Teixeira de Freitas"},"content":{"rendered":"\n<figure class=\"wp-block-image size-large\"><img decoding=\"async\" loading=\"lazy\" width=\"971\" height=\"76\" src=\"https:\/\/www.ifbaiano.edu.br\/unidades\/teixeira\/files\/2020\/10\/Cabe\u00e7alho-Eventos.jpg\" alt=\"\" class=\"wp-image-8601\" \/><\/figure>\n\n\n\n<p>Informa\u00e7\u00e3o a respeito dos eventos realizados no IF Baiano Campus Teixeira de Freitas. A participa\u00e7\u00e3o em alguns eventos requer inscri\u00e7\u00e3o pr\u00e9via.<\/p>\n\n\n\n<div id=\"ProreitoriaTopoTitulo\">\n\t\t\t\t\tEventos | Ano 2022\n\t\t\t\t<\/div>\n\n\n\n<figure class=\"wp-block-image size-full is-resized\"><a href=\"https:\/\/suap.ifbaiano.edu.br\/eventos\/inscricao_publica\/585\/\"><img decoding=\"async\" loading=\"lazy\" src=\"https:\/\/www.ifbaiano.edu.br\/unidades\/teixeira\/files\/2022\/08\/logo-hor2.png\" alt=\"\" class=\"wp-image-11805\" width=\"450\" height=\"129\" \/><\/a><\/figure>\n\n\n\n<p>O Terceiro Encontro de Saberes \u00e9 um projeto que foi criado para formatar v\u00e1rios outros eventos ligados \u00e0 pesquisa e extens\u00e3o existentes no Instituto Federal Baiano \u2013 Campus Teixeira de Freitas em um s\u00f3 momento, viabilizando a log\u00edstica de execu\u00e7\u00e3o dos mesmos. O Encontro \u00e9 constitu\u00eddo pela Caravana de Pesquisa e Inova\u00e7\u00e3o Tecnol\u00f3gica, V Semin\u00e1rio de Pesquisa e Extens\u00e3o, Mostra Cultural, al\u00e9m das atividades do Dia do t\u00e9cnico em agropecu\u00e1ria e Dia do Meio ambiente. <\/p>\n\n\n\n<p><a href=\"https:\/\/suap.ifbaiano.edu.br\/eventos\/inscricao_publica\/585\/\">Inscri\u00e7\u00f5es pelo SUAP <\/a><\/p>\n\n\n\n<p>E-mail para envio de resumos: <em><a href=\"es.ifbaianotdf@gmail.com\">es.ifbaianotdf@gmail.com<\/a><\/em><\/p>\n\n\n\n<p><a href=\"https:\/\/www.ifbaiano.edu.br\/unidades\/teixeira\/files\/2022\/08\/modelo-resumo-encontro-saberes-sepex.correto.odt\">Modelo de resumo<\/a><\/p>\n\n\n\n<p><a href=\"https:\/\/www.ifbaiano.edu.br\/unidades\/teixeira\/files\/2022\/09\/modelo-apresentacao-encontro-saberes-if-baiano.odp\">Modelo de apresenta\u00e7\u00e3o<\/a><\/p>\n\n\n\n<p>Prazo limite para envio: 17\/09\/2022<\/p>\n\n\n\n<hr class=\"wp-block-separator\" \/>\n\n\n\n<div class=\"wp-block-columns is-layout-flex wp-container-3\">\n<div class=\"wp-block-column is-layout-flow\">\n<figure class=\"wp-block-image size-large\"><a href=\"https:\/\/youtu.be\/5VKgOO8eaxY\"><img decoding=\"async\" loading=\"lazy\" width=\"970\" height=\"300\" src=\"https:\/\/www.ifbaiano.edu.br\/unidades\/teixeira\/files\/2022\/04\/Capa-do-Evento-1.jpg\" alt=\"\" class=\"wp-image-11307\" \/><\/a><\/figure>\n<\/div>\n\n\n\n<div class=\"wp-block-column is-layout-flow\">\n<figure class=\"wp-block-image size-full\"><a href=\"https:\/\/www.youtube.com\/watch?v=fvZZiZYFkWk\"><img decoding=\"async\" loading=\"lazy\" width=\"1915\" height=\"578\" src=\"https:\/\/www.ifbaiano.edu.br\/unidades\/teixeira\/files\/2022\/05\/Copia-de-Palestra-Libras-1.png\" alt=\"\" class=\"wp-image-11362\" \/><\/a><\/figure>\n<\/div>\n<\/div>\n\n\n\n<div class=\"wp-block-columns is-layout-flex wp-container-6\">\n<div class=\"wp-block-column is-layout-flow\">\n<figure class=\"wp-block-image size-full\"><a href=\"https:\/\/youtu.be\/1s9e17fUFj8\"><img decoding=\"async\" loading=\"lazy\" width=\"1920\" height=\"540\" src=\"https:\/\/www.ifbaiano.edu.br\/unidades\/teixeira\/files\/2022\/03\/Banner-Evento-Portal-1.jpg\" alt=\"\" class=\"wp-image-11098\" \/><\/a><\/figure>\n<\/div>\n\n\n\n<div class=\"wp-block-column is-layout-flow\">\n<figure class=\"wp-block-image size-full\"><a href=\"https:\/\/youtu.be\/xeg9yG90qno\" target=\"_blank\" rel=\"noopener\"><img decoding=\"async\" loading=\"lazy\" width=\"970\" height=\"300\" src=\"https:\/\/www.ifbaiano.edu.br\/unidades\/teixeira\/files\/2022\/03\/WhatsApp-Image-2022-03-22-at-20.52.02-1.jpeg\" alt=\"\" class=\"wp-image-11181\" \/><\/a><\/figure>\n<\/div>\n<\/div>\n\n\n\n<hr class=\"wp-block-separator\" \/>\n\n\n\n<div class=\"wp-block-columns is-layout-flex wp-container-11\">\n<div class=\"wp-block-column is-layout-flow\">\n<div class=\"wp-block-buttons is-content-justification-center is-layout-flex\">\n<div class=\"wp-block-button is-style-outline\"><a class=\"wp-block-button__link has-vivid-cyan-blue-color has-text-color\" href=\"https:\/\/www.ifbaiano.edu.br\/unidades\/teixeira\/comunicacao\/portal-de-eventos\/2\/\">Eventos 2021<\/a><\/div>\n<\/div>\n<\/div>\n\n\n\n<div class=\"wp-block-column is-layout-flow\">\n<div class=\"wp-block-buttons is-content-justification-center is-layout-flex\">\n<div class=\"wp-block-button is-style-outline\"><a class=\"wp-block-button__link has-vivid-green-cyan-color has-white-background-color has-text-color has-background\" href=\"https:\/\/www.ifbaiano.edu.br\/unidades\/teixeira\/comunicacao\/portal-de-eventos\/3\/\">Eventos 2020<\/a><\/div>\n<\/div>\n<\/div>\n<\/div>\n\n\n\n<hr class=\"wp-block-separator\" \/>\n\n\n\n<!--nextpage-->\n\n\n\n<div id=\"ProreitoriaTopoTitulo\">\n\t\t\t\t\tEventos | Ano 2021\n\t\t\t\t<\/div>\n\n\n\n<p><\/p>\n\n\n\n<figure class=\"wp-block-image size-full is-resized\"><a href=\"https:\/\/youtube.com\/playlist?list=PLtGuENeUfVGcLDh4SV-y4T8uHCfrR28Ns\" target=\"_blank\" rel=\"noopener\"><img decoding=\"async\" loading=\"lazy\" src=\"https:\/\/www.ifbaiano.edu.br\/unidades\/teixeira\/files\/2021\/11\/Design-sem-nome-10.png\" alt=\"\" class=\"wp-image-10639\" width=\"970\" height=\"218\" \/><\/a><\/figure>\n\n\n\n<div class=\"wp-block-columns is-layout-flex wp-container-14\">\n<div class=\"wp-block-column is-layout-flow\" style=\"flex-basis:50%\">\n<figure class=\"wp-block-image size-full\"><a href=\"https:\/\/www.youtube.com\/watch?v=xSrc714tMYU\" target=\"_blank\" rel=\"noopener\"><img decoding=\"async\" loading=\"lazy\" width=\"1920\" height=\"540\" src=\"https:\/\/www.ifbaiano.edu.br\/unidades\/teixeira\/files\/2021\/11\/Destaque-Portal-Eventos.png\" alt=\"\" class=\"wp-image-10661\" \/><\/a><\/figure>\n<\/div>\n\n\n\n<div class=\"wp-block-column is-layout-flow\" style=\"flex-basis:50%\">\n<figure class=\"wp-block-image size-full\"><a href=\"https:\/\/youtu.be\/qm2mr-UtrMA\" target=\"_blank\" rel=\"noopener\"><img decoding=\"async\" loading=\"lazy\" width=\"1920\" height=\"540\" src=\"https:\/\/www.ifbaiano.edu.br\/unidades\/teixeira\/files\/2021\/10\/Destaque-Portal-Eventos.png\" alt=\"\" class=\"wp-image-10549\" \/><\/a><\/figure>\n<\/div>\n<\/div>\n\n\n\n<div class=\"wp-block-columns is-layout-flex wp-container-17\">\n<div class=\"wp-block-column is-layout-flow\" style=\"flex-basis:50%\">\n<figure class=\"wp-block-image size-full\"><img decoding=\"async\" loading=\"lazy\" width=\"1920\" height=\"541\" src=\"https:\/\/www.ifbaiano.edu.br\/unidades\/teixeira\/files\/2021\/09\/Capa-Evento-2.png\" alt=\"\" class=\"wp-image-10482\" \/><\/figure>\n<\/div>\n\n\n\n<div class=\"wp-block-column is-layout-flow\" style=\"flex-basis:50%\">\n<figure class=\"wp-block-image size-large\"><a href=\"https:\/\/youtu.be\/SY-JNp5XJRo\" target=\"_blank\" rel=\"noopener\"><img decoding=\"async\" loading=\"lazy\" width=\"1920\" height=\"540\" src=\"https:\/\/www.ifbaiano.edu.br\/unidades\/teixeira\/files\/2021\/08\/Bate-papo-Filosofia-Arte-e-Pesquisa-portal-de-eventos1.png\" alt=\"\" class=\"wp-image-10292\" \/><\/a><\/figure>\n<\/div>\n<\/div>\n\n\n\n<div class=\"wp-block-columns is-layout-flex wp-container-20\">\n<div class=\"wp-block-column is-layout-flow\">\n<figure class=\"wp-block-image size-large\"><a href=\"https:\/\/youtu.be\/F_n5lYBRkPU\" target=\"_blank\" rel=\"noopener\"><img decoding=\"async\" loading=\"lazy\" width=\"1921\" height=\"540\" src=\"https:\/\/www.ifbaiano.edu.br\/unidades\/teixeira\/files\/2021\/08\/Dia-Internacional-dos-Povos-Indigenas-portal-do-eventos1.png\" alt=\"\" class=\"wp-image-10281\" \/><\/a><\/figure>\n<\/div>\n\n\n\n<div class=\"wp-block-column is-layout-flow\">\n<figure class=\"wp-block-image size-large\"><a href=\"https:\/\/youtu.be\/wsUTa1b7tOE\" target=\"_blank\" rel=\"noopener\"><img decoding=\"async\" loading=\"lazy\" width=\"1921\" height=\"543\" src=\"https:\/\/www.ifbaiano.edu.br\/unidades\/teixeira\/files\/2021\/07\/Banner-Portal-de-Eventos.jpg\" alt=\"\" class=\"wp-image-10143\" \/><\/a><\/figure>\n<\/div>\n<\/div>\n\n\n\n<div class=\"wp-block-columns is-layout-flex wp-container-23\">\n<div class=\"wp-block-column is-layout-flow\">\n<figure class=\"wp-block-image size-large\"><a href=\"https:\/\/youtu.be\/_BQR_K6Cx_U\" target=\"_blank\" rel=\"noopener\"><img decoding=\"async\" loading=\"lazy\" width=\"1920\" height=\"563\" src=\"https:\/\/www.ifbaiano.edu.br\/unidades\/teixeira\/files\/2021\/07\/Tecnicos-na-Pesquisa-1.png\" alt=\"\" class=\"wp-image-10080\" \/><\/a><\/figure>\n<\/div>\n\n\n\n<div class=\"wp-block-column is-layout-flow\">\n<figure class=\"wp-block-image size-large\"><a href=\"https:\/\/youtube.com\/playlist?list=PLtGuENeUfVGdP8R9ubTljSbCjgjiWvZbf\" target=\"_blank\" rel=\"noopener\"><img decoding=\"async\" loading=\"lazy\" width=\"1920\" height=\"543\" src=\"https:\/\/www.ifbaiano.edu.br\/unidades\/teixeira\/files\/2021\/06\/Microalgas-Portal-de-Eventos.zip.png\" alt=\"\" class=\"wp-image-10070\" \/><\/a><\/figure>\n<\/div>\n<\/div>\n\n\n\n<div class=\"wp-block-columns is-layout-flex wp-container-26\">\n<div class=\"wp-block-column is-layout-flow\">\n<figure class=\"wp-block-image size-large\"><a href=\"https:\/\/youtu.be\/5pAAzeMFJes\" target=\"_blank\" rel=\"noopener\"><img decoding=\"async\" loading=\"lazy\" width=\"1920\" height=\"541\" src=\"https:\/\/www.ifbaiano.edu.br\/unidades\/teixeira\/files\/2021\/06\/Plantas-Medicinais-Portal-de-Eventos.png\" alt=\"\" class=\"wp-image-10063\" \/><\/a><\/figure>\n<\/div>\n\n\n\n<div class=\"wp-block-column is-layout-flow\">\n<figure class=\"wp-block-image size-large\"><a href=\"https:\/\/youtube.com\/playlist?list=PLtGuENeUfVGdP8R9ubTljSbCjgjiWvZbf\" target=\"_blank\" rel=\"noopener\"><img decoding=\"async\" loading=\"lazy\" width=\"1920\" height=\"545\" src=\"https:\/\/www.ifbaiano.edu.br\/unidades\/teixeira\/files\/2021\/06\/Banner-para-portal-de-eventos.png\" alt=\"\" class=\"wp-image-10005\" \/><\/a><\/figure>\n<\/div>\n<\/div>\n\n\n\n<div class=\"wp-block-columns is-layout-flex wp-container-29\">\n<div class=\"wp-block-column is-layout-flow\">\n<figure class=\"wp-block-image size-large\"><a href=\"https:\/\/www.ifbaiano.edu.br\/unidades\/teixeira\/vi-sma\" target=\"_blank\" rel=\"noopener\"><img decoding=\"async\" loading=\"lazy\" width=\"2000\" height=\"543\" src=\"https:\/\/www.ifbaiano.edu.br\/unidades\/teixeira\/files\/2021\/05\/SMA-Cardsite-1.png\" alt=\"\" class=\"wp-image-9927\" \/><\/a><\/figure>\n<\/div>\n\n\n\n<div class=\"wp-block-column is-layout-flow\">\n<figure class=\"wp-block-image size-large\"><a href=\"https:\/\/youtube.com\/playlist?list=PLtGuENeUfVGdP8R9ubTljSbCjgjiWvZbf\" target=\"_blank\" rel=\"noopener\"><img decoding=\"async\" loading=\"lazy\" width=\"1998\" height=\"543\" src=\"https:\/\/www.ifbaiano.edu.br\/unidades\/teixeira\/files\/2021\/05\/Minicurso-i-evento-1.png\" alt=\"\" class=\"wp-image-9874\" \/><\/a><\/figure>\n<\/div>\n<\/div>\n\n\n\n<div class=\"wp-block-columns is-layout-flex wp-container-32\">\n<div class=\"wp-block-column is-layout-flow\">\n<figure class=\"wp-block-image size-large\"><a href=\"https:\/\/www.youtube.com\/playlist?list=PLtGuENeUfVGdP8R9ubTljSbCjgjiWvZbf\" target=\"_blank\" rel=\"noopener\"><img decoding=\"async\" loading=\"lazy\" width=\"1998\" height=\"543\" src=\"https:\/\/www.ifbaiano.edu.br\/unidades\/teixeira\/files\/2021\/04\/Palestra-II-Destaque-Site.png\" alt=\"\" class=\"wp-image-9828\" \/><\/a><\/figure>\n<\/div>\n\n\n\n<div class=\"wp-block-column is-layout-flow\">\n<figure class=\"wp-block-image size-large\"><a href=\"https:\/\/www.youtube.com\/playlist?list=PLtGuENeUfVGdP8R9ubTljSbCjgjiWvZbf\" target=\"_blank\" rel=\"noopener\"><img decoding=\"async\" loading=\"lazy\" width=\"1998\" height=\"543\" src=\"https:\/\/www.ifbaiano.edu.br\/unidades\/teixeira\/files\/2021\/04\/Palestra-I-Banner-Eventos1.png\" alt=\"\" class=\"wp-image-9792\" \/><\/a><\/figure>\n<\/div>\n<\/div>\n\n\n\n<div class=\"wp-block-columns is-layout-flex wp-container-35\">\n<div class=\"wp-block-column is-layout-flow\">\n<figure class=\"wp-block-image size-large\"><a href=\"https:\/\/youtube.com\/playlist?list=PLtGuENeUfVGdP8R9ubTljSbCjgjiWvZbf\" target=\"_blank\" rel=\"noopener\"><img decoding=\"async\" loading=\"lazy\" width=\"2000\" height=\"530\" src=\"https:\/\/www.ifbaiano.edu.br\/unidades\/teixeira\/files\/2021\/04\/Roda-de-conversa-Destaque-Eventos.png\" alt=\"\" class=\"wp-image-9638\" \/><\/a><\/figure>\n<\/div>\n\n\n\n<div class=\"wp-block-column is-layout-flow\">\n<figure class=\"wp-block-image size-large\"><a href=\"https:\/\/www.ifbaiano.edu.br\/unidades\/teixeira\/semananarede\" target=\"_blank\" rel=\"noopener\"><img decoding=\"async\" loading=\"lazy\" width=\"1280\" height=\"341\" src=\"https:\/\/www.ifbaiano.edu.br\/unidades\/teixeira\/files\/2021\/04\/Destaque-Eventos.png\" alt=\"\" class=\"wp-image-9742\" \/><\/a><\/figure>\n<\/div>\n<\/div>\n\n\n\n<div class=\"wp-block-buttons is-content-justification-center is-layout-flex\">\n<div class=\"wp-block-button is-style-outline\"><a class=\"wp-block-button__link\" href=\"https:\/\/www.ifbaiano.edu.br\/unidades\/teixeira\/comunicacao\/portal-de-eventos\/\">P\u00e1gina Inicial<\/a><\/div>\n<\/div>\n\n\n\n<!--nextpage-->\n\n\n\n<div id=\"ProreitoriaTopoTitulo\">\n\t\t\t\t\tEventos | Ano 2020\n\t\t\t\t<\/div>\n\n\n\n<p><\/p>\n\n\n\n<figure class=\"wp-block-image size-large is-resized\"><a href=\"https:\/\/youtube.com\/playlist?list=PLtGuENeUfVGfO3u9oTwbK58dW73PB9z4o\" target=\"_blank\" rel=\"noreferrer noopener\"><img decoding=\"async\" loading=\"lazy\" src=\"https:\/\/www.ifbaiano.edu.br\/unidades\/teixeira\/files\/2020\/10\/Capa-de-Evento-III-Arv.Negr_.jpg\" alt=\"\" class=\"wp-image-8642\" width=\"970\" height=\"218\" \/><\/a><\/figure>\n\n\n\n<div class=\"wp-block-columns is-layout-flex wp-container-39\">\n<div class=\"wp-block-column is-layout-flow\">\n<figure class=\"wp-block-image size-large\"><a href=\"https:\/\/youtube.com\/playlist?list=PLtGuENeUfVGdA0n1Co0_qnKer5IVGBoeX\" target=\"_blank\" rel=\"noreferrer noopener\"><img decoding=\"async\" loading=\"lazy\" width=\"1912\" height=\"522\" src=\"https:\/\/www.ifbaiano.edu.br\/unidades\/teixeira\/files\/2020\/10\/Banner-Evento-Site-Flor.png\" alt=\"\" class=\"wp-image-8634\" \/><\/a><\/figure>\n<\/div>\n\n\n\n<div class=\"wp-block-column is-layout-flow\">\n<figure class=\"wp-block-image size-large\"><a href=\"http:\/\/bit.ly\/live-chocolate-com-surdos\"><img decoding=\"async\" loading=\"lazy\" width=\"1979\" height=\"540\" src=\"https:\/\/www.ifbaiano.edu.br\/unidades\/teixeira\/files\/2020\/10\/Cabe\u00e7alho-Live-Chocolate-com-Surdos-Capa-de-Evento.png\" alt=\"\" class=\"wp-image-8617\" \/><\/a><\/figure>\n<\/div>\n<\/div>\n\n\n\n<div class=\"wp-block-columns is-layout-flex wp-container-42\">\n<div class=\"wp-block-column is-layout-flow\" style=\"flex-basis:50%\">\n<figure class=\"wp-block-image size-large\"><a href=\"https:\/\/youtu.be\/bUQQPoTOIRw\"><img decoding=\"async\" loading=\"lazy\" width=\"1920\" height=\"540\" src=\"https:\/\/www.ifbaiano.edu.br\/unidades\/teixeira\/files\/2020\/10\/Live-sobre-Voto-Capa-de-Evento.png\" alt=\"\" class=\"wp-image-8614\" \/><\/a><\/figure>\n<\/div>\n\n\n\n<div class=\"wp-block-column is-layout-flow\" style=\"flex-basis:50%\">\n<figure class=\"wp-block-image size-large\"><a href=\"https:\/\/www.ifbaiano.edu.br\/unidades\/teixeira\/campus-teixeira-de-freitas-realizara-a-v-semana-do-tecnico-em-agropecuaria-online\/\"><img decoding=\"async\" loading=\"lazy\" width=\"720\" height=\"191\" src=\"https:\/\/www.ifbaiano.edu.br\/unidades\/teixeira\/files\/2020\/10\/V-Sem.-Tec.-Agro.-Capa-de-Evento-Site.png\" alt=\"\" class=\"wp-image-8602\" \/><\/a><\/figure>\n<\/div>\n<\/div>\n\n\n\n<div class=\"wp-block-buttons is-content-justification-center is-layout-flex\">\n<div class=\"wp-block-button is-style-outline\"><a class=\"wp-block-button__link\" href=\"https:\/\/www.ifbaiano.edu.br\/unidades\/teixeira\/comunicacao\/portal-de-eventos\/\">P\u00e1gina Inicial<\/a><\/div>\n<\/div>\n\n\n\n<p><\/p>\n","protected":false},"excerpt":{"rendered":"<p>Informa\u00e7\u00e3o a respeito dos eventos realizados no IF Baiano Campus Teixeira de Freitas. A participa\u00e7\u00e3o em alguns eventos requer inscri\u00e7\u00e3o pr\u00e9via. Eventos | Ano 2022 O Terceiro Encontro de Saberes \u00e9 um projeto que foi criado para formatar v\u00e1rios outros eventos ligados \u00e0 pesquisa e extens\u00e3o existentes no Instituto Federal Baiano \u2013 Campus Teixeira de [&hellip;]<\/p>\n","protected":false},"author":31,"featured_media":0,"parent":2366,"menu_order":0,"comment_status":"closed","ping_status":"closed","template":"","meta":[],"_links":{"self":[{"href":"https:\/\/www.ifbaiano.edu.br\/unidades\/teixeira\/wp-json\/wp\/v2\/pages\/8600"}],"collection":[{"href":"https:\/\/www.ifbaiano.edu.br\/unidades\/teixeira\/wp-json\/wp\/v2\/pages"}],"about":[{"href":"https:\/\/www.ifbaiano.edu.br\/unidades\/teixeira\/wp-json\/wp\/v2\/types\/page"}],"author":[{"embeddable":true,"href":"https:\/\/www.ifbaiano.edu.br\/unidades\/teixeira\/wp-json\/wp\/v2\/users\/31"}],"replies":[{"embeddable":true,"href":"https:\/\/www.ifbaiano.edu.br\/unidades\/teixeira\/wp-json\/wp\/v2\/comments?post=8600"}],"version-history":[{"count":85,"href":"https:\/\/www.ifbaiano.edu.br\/unidades\/teixeira\/wp-json\/wp\/v2\/pages\/8600\/revisions"}],"predecessor-version":[{"id":11915,"href":"https:\/\/www.ifbaiano.edu.br\/unidades\/teixeira\/wp-json\/wp\/v2\/pages\/8600\/revisions\/11915"}],"up":[{"embeddable":true,"href":"https:\/\/www.ifbaiano.edu.br\/unidades\/teixeira\/wp-json\/wp\/v2\/pages\/2366"}],"wp:attachment":[{"href":"https:\/\/www.ifbaiano.edu.br\/unidades\/teixeira\/wp-json\/wp\/v2\/media?parent=8600"}],"curies":[{"name":"wp","href":"https:\/\/api.w.org\/{rel}","templated":true}]}}