{"id":9434,"date":"2021-02-16T10:57:17","date_gmt":"2021-02-16T13:57:17","guid":{"rendered":"https:\/\/www.ifbaiano.edu.br\/unidades\/teixeira\/?page_id=9434"},"modified":"2022-08-19T14:45:25","modified_gmt":"2022-08-19T17:45:25","slug":"coordenacao-financeira-e-contabil-cfc","status":"publish","type":"page","link":"https:\/\/www.ifbaiano.edu.br\/unidades\/teixeira\/coordenacao-financeira-e-contabil-cfc\/","title":{"rendered":"Financeiro e Cont\u00e1bil"},"content":{"rendered":"\n<div id=\"ProreitoriaTopoTitulo\">\n\t\t\t\t\tEQUIPE\n\t\t\t\t<\/div>\n\n\n\n<p><strong>Chefe do Setor<\/strong><br>Ronaldo Augusto Barbosa<\/p>\n\n\n\n<p><strong>Chefe do N\u00facleo de Execu\u00e7\u00e3o Or\u00e7ament\u00e1ria e Financeira &#8211; NEOF<\/strong><br>Norival Pereira Magalh\u00e3es Filho<\/p>\n\n\n\n<p>E-mail: <a href=\"mailto:financeiro@teixeira.ifbaiano.edu.br\" target=\"_blank\" rel=\"noreferrer noopener\">financeiro@teixeira.ifbaiano.edu.br<\/a><\/p>\n","protected":false},"excerpt":{"rendered":"<p>EQUIPE Chefe do SetorRonaldo Augusto Barbosa Chefe do N\u00facleo de Execu\u00e7\u00e3o Or\u00e7ament\u00e1ria e Financeira &#8211; NEOFNorival Pereira Magalh\u00e3es Filho E-mail: financeiro@teixeira.ifbaiano.edu.br<\/p>\n","protected":false},"author":139,"featured_media":0,"parent":0,"menu_order":0,"comment_status":"closed","ping_status":"closed","template":"","meta":[],"_links":{"self":[{"href":"https:\/\/www.ifbaiano.edu.br\/unidades\/teixeira\/wp-json\/wp\/v2\/pages\/9434"}],"collection":[{"href":"https:\/\/www.ifbaiano.edu.br\/unidades\/teixeira\/wp-json\/wp\/v2\/pages"}],"about":[{"href":"https:\/\/www.ifbaiano.edu.br\/unidades\/teixeira\/wp-json\/wp\/v2\/types\/page"}],"author":[{"embeddable":true,"href":"https:\/\/www.ifbaiano.edu.br\/unidades\/teixeira\/wp-json\/wp\/v2\/users\/139"}],"replies":[{"embeddable":true,"href":"https:\/\/www.ifbaiano.edu.br\/unidades\/teixeira\/wp-json\/wp\/v2\/comments?post=9434"}],"version-history":[{"count":7,"href":"https:\/\/www.ifbaiano.edu.br\/unidades\/teixeira\/wp-json\/wp\/v2\/pages\/9434\/revisions"}],"predecessor-version":[{"id":11756,"href":"https:\/\/www.ifbaiano.edu.br\/unidades\/teixeira\/wp-json\/wp\/v2\/pages\/9434\/revisions\/11756"}],"wp:attachment":[{"href":"https:\/\/www.ifbaiano.edu.br\/unidades\/teixeira\/wp-json\/wp\/v2\/media?parent=9434"}],"curies":[{"name":"wp","href":"https:\/\/api.w.org\/{rel}","templated":true}]}}