{"id":9460,"date":"2021-02-16T13:31:27","date_gmt":"2021-02-16T16:31:27","guid":{"rendered":"https:\/\/www.ifbaiano.edu.br\/unidades\/teixeira\/?page_id=9460"},"modified":"2025-10-07T11:27:34","modified_gmt":"2025-10-07T14:27:34","slug":"sobre-o-nagp","status":"publish","type":"page","link":"https:\/\/www.ifbaiano.edu.br\/unidades\/teixeira\/sobre-o-nagp\/","title":{"rendered":"Sobre o NAGP"},"content":{"rendered":"\n<div id=\"ProreitoriaTopoTitulo\">\n\t\t\t\t\tAPRESENTA\u00c7\u00c3O\n\t\t\t\t<\/div>\n\n\n\n<p>O N\u00facleo de Apoio \u00e0 Gest\u00e3o de Pessoas \u00e9 estrat\u00e9gico para o desenvolvimento de pessoal e de assessoramento \u00e0 Gest\u00e3o no campus, est\u00e1 subordinado ao Diretor Geral e ligado as pol\u00edticas e diretrizes da Diretoria de Gest\u00e3o de Pessoas do IF Baiano. \u00c9 respons\u00e1vel pelas execu\u00e7\u00e3o, supervis\u00e3o e avalia\u00e7\u00e3o da pol\u00edtica de gest\u00e3o de pessoas do IF Baiano no Campus, atribuindo, executando, desenvolvendo, assessorando, controlando e avaliando os processos relativos ao recrutamento e sele\u00e7\u00e3o, ao desenvolvimento de pessoal, \u00e0 administra\u00e7\u00e3o e \u00e0 sa\u00fade e qualidade de vida dos servidores do IF Baiano \u2013 Teixeira de Freitas.<\/p>\n\n\n\n<div id=\"ProreitoriaTopoTitulo\">\n\t\t\t\t\tEQUIPE\n\t\t\t\t<\/div>\n\n\n\n<p><strong>Chefe do Setor<\/strong><br>Greice Moraes Correia Fonseca<\/p>\n\n\n\n<p><strong>Chefe Substituto<\/strong><br>Augusto Cezar Almeida de Moraes<\/p>\n\n\n\n<p><strong>Contato<\/strong>: (73) 98102-4287<\/p>\n\n\n\n<p><strong>E-mail<\/strong>: <a rel=\"noreferrer noopener\" href=\"mailto:nagp@teixeira.ifabaiano.edu.br\" target=\"_blank\">nagp@teixeira.ifabaiano.edu.br<\/a><\/p>\n","protected":false},"excerpt":{"rendered":"<p>APRESENTA\u00c7\u00c3O O N\u00facleo de Apoio \u00e0 Gest\u00e3o de Pessoas \u00e9 estrat\u00e9gico para o desenvolvimento de pessoal e de assessoramento \u00e0 Gest\u00e3o no campus, est\u00e1 subordinado ao Diretor Geral e ligado as pol\u00edticas e diretrizes da Diretoria de Gest\u00e3o de Pessoas do IF Baiano. \u00c9 respons\u00e1vel pelas execu\u00e7\u00e3o, supervis\u00e3o e avalia\u00e7\u00e3o da pol\u00edtica de gest\u00e3o de [&hellip;]<\/p>\n","protected":false},"author":139,"featured_media":0,"parent":0,"menu_order":0,"comment_status":"closed","ping_status":"closed","template":"","meta":[],"_links":{"self":[{"href":"https:\/\/www.ifbaiano.edu.br\/unidades\/teixeira\/wp-json\/wp\/v2\/pages\/9460"}],"collection":[{"href":"https:\/\/www.ifbaiano.edu.br\/unidades\/teixeira\/wp-json\/wp\/v2\/pages"}],"about":[{"href":"https:\/\/www.ifbaiano.edu.br\/unidades\/teixeira\/wp-json\/wp\/v2\/types\/page"}],"author":[{"embeddable":true,"href":"https:\/\/www.ifbaiano.edu.br\/unidades\/teixeira\/wp-json\/wp\/v2\/users\/139"}],"replies":[{"embeddable":true,"href":"https:\/\/www.ifbaiano.edu.br\/unidades\/teixeira\/wp-json\/wp\/v2\/comments?post=9460"}],"version-history":[{"count":7,"href":"https:\/\/www.ifbaiano.edu.br\/unidades\/teixeira\/wp-json\/wp\/v2\/pages\/9460\/revisions"}],"predecessor-version":[{"id":15912,"href":"https:\/\/www.ifbaiano.edu.br\/unidades\/teixeira\/wp-json\/wp\/v2\/pages\/9460\/revisions\/15912"}],"wp:attachment":[{"href":"https:\/\/www.ifbaiano.edu.br\/unidades\/teixeira\/wp-json\/wp\/v2\/media?parent=9460"}],"curies":[{"name":"wp","href":"https:\/\/api.w.org\/{rel}","templated":true}]}}