{"id":9479,"date":"2021-02-22T21:45:24","date_gmt":"2021-02-23T00:45:24","guid":{"rendered":"https:\/\/www.ifbaiano.edu.br\/unidades\/teixeira\/?page_id=9479"},"modified":"2021-12-27T19:19:16","modified_gmt":"2021-12-27T22:19:16","slug":"pos-graduacao","status":"publish","type":"page","link":"https:\/\/www.ifbaiano.edu.br\/unidades\/teixeira\/pos-graduacao\/","title":{"rendered":"P\u00f3s-Gradua\u00e7\u00e3o"},"content":{"rendered":"\n<p>Com o objetivo de possibilitar o constante aperfei\u00e7oamento t\u00e9cnico e cient\u00edfico de profissionais e pesquisadores da regi\u00e3o, o&nbsp;<strong>IF Baiano<\/strong>&nbsp;oferece os seguintes cursos de p\u00f3s-gradua\u00e7\u00e3o:<\/p>\n\n\n\n<p><strong>&nbsp;&#8211; <em>Lato Sensu<\/em> (especializa\u00e7\u00e3o)<\/strong>:<\/p>\n\n\n\n<div class=\"wp-block-buttons is-layout-flex\">\n<div class=\"wp-block-button is-style-outline\"><a class=\"wp-block-button__link has-vivid-cyan-blue-color has-text-color\" href=\"https:\/\/www.ifbaiano.edu.br\/unidades\/teixeira\/educacao-praticas-interdisciplinar-em-humanidades-e-letras\/\"><strong>Educa\u00e7\u00e3o: Pr\u00e1ticas Interdisciplinar em Humanidades e Letras<\/strong><\/a><\/div>\n<\/div>\n\n\n\n<div class=\"wp-block-buttons is-layout-flex\">\n<div class=\"wp-block-button is-style-outline\"><a class=\"wp-block-button__link has-vivid-cyan-blue-color has-text-color\" href=\"https:\/\/www.ifbaiano.edu.br\/unidades\/teixeira\/pos-graduacao\/especializacao-em-ensino-de-ciencias-naturais-e-matematica\/\"><strong>Educa\u00e7\u00e3o: <strong>Especializa\u00e7\u00e3o em Ensino de Ci\u00eancias Naturais e Matem\u00e1tica<\/strong><\/strong><\/a><\/div>\n<\/div>\n\n\n\n<p><\/p>\n","protected":false},"excerpt":{"rendered":"<p>Com o objetivo de possibilitar o constante aperfei\u00e7oamento t\u00e9cnico e cient\u00edfico de profissionais e pesquisadores da regi\u00e3o, o&nbsp;IF Baiano&nbsp;oferece os seguintes cursos de p\u00f3s-gradua\u00e7\u00e3o: &nbsp;&#8211; Lato Sensu (especializa\u00e7\u00e3o):<\/p>\n","protected":false},"author":31,"featured_media":0,"parent":0,"menu_order":0,"comment_status":"closed","ping_status":"closed","template":"","meta":[],"_links":{"self":[{"href":"https:\/\/www.ifbaiano.edu.br\/unidades\/teixeira\/wp-json\/wp\/v2\/pages\/9479"}],"collection":[{"href":"https:\/\/www.ifbaiano.edu.br\/unidades\/teixeira\/wp-json\/wp\/v2\/pages"}],"about":[{"href":"https:\/\/www.ifbaiano.edu.br\/unidades\/teixeira\/wp-json\/wp\/v2\/types\/page"}],"author":[{"embeddable":true,"href":"https:\/\/www.ifbaiano.edu.br\/unidades\/teixeira\/wp-json\/wp\/v2\/users\/31"}],"replies":[{"embeddable":true,"href":"https:\/\/www.ifbaiano.edu.br\/unidades\/teixeira\/wp-json\/wp\/v2\/comments?post=9479"}],"version-history":[{"count":4,"href":"https:\/\/www.ifbaiano.edu.br\/unidades\/teixeira\/wp-json\/wp\/v2\/pages\/9479\/revisions"}],"predecessor-version":[{"id":10850,"href":"https:\/\/www.ifbaiano.edu.br\/unidades\/teixeira\/wp-json\/wp\/v2\/pages\/9479\/revisions\/10850"}],"wp:attachment":[{"href":"https:\/\/www.ifbaiano.edu.br\/unidades\/teixeira\/wp-json\/wp\/v2\/media?parent=9479"}],"curies":[{"name":"wp","href":"https:\/\/api.w.org\/{rel}","templated":true}]}}