{"id":10965,"date":"2025-01-14T10:57:39","date_gmt":"2025-01-14T13:57:39","guid":{"rendered":"https:\/\/www.ifbaiano.edu.br\/unidades\/urucuca\/?page_id=10965"},"modified":"2026-04-27T13:17:28","modified_gmt":"2026-04-27T16:17:28","slug":"diretora","status":"publish","type":"page","link":"https:\/\/www.ifbaiano.edu.br\/unidades\/urucuca\/diretora\/","title":{"rendered":"Diretor(a)"},"content":{"rendered":"\n<p>A Dire\u00e7\u00e3o-Geral \u00e9 respons\u00e1vel por administrar e representar o campus, em conson\u00e2ncia com os princ\u00edpios, com as finalidades e com os objetivos do IF Baiano. \u00c9 de responsabilidade da Dire\u00e7\u00e3o a cria\u00e7\u00e3o de grupos de trabalho e comiss\u00f5es de assessoramento, o planejamento, execu\u00e7\u00e3o e coordena\u00e7\u00e3o das pol\u00edticas institucionais, em articula\u00e7\u00e3o com as pr\u00f3-reitorias e as diretorias sist\u00eamicas, possibilitando a execu\u00e7\u00e3o das diretrizes do Conselho Superior (CONSUP), do Plano de Desenvolvimento Institucional, e do Regimento Geral do IF Baiano. Outra atribui\u00e7\u00e3o da Dire\u00e7\u00e3o-Geral \u00e9 a de zelar pela manuten\u00e7\u00e3o dos bens patrimoniais, deliberando e coordenando a utiliza\u00e7\u00e3o dos recursos or\u00e7ament\u00e1rios do campus. Al\u00e9m de executar outras atividades, conforme incumb\u00eancia do Reitor e as compet\u00eancias descritas no Regimento Geral&nbsp;<\/p>\n\n\n\n<p><\/p>\n\n\n\n<p>Diretor: Jo\u00e3o Victor da Silva Santos<br>E-mail Institucional: gabinete@urucuca.ifbaiano.edu.br\u00a0<br>Contato: (71) 99345-7955\u00a0<\/p>\n","protected":false},"excerpt":{"rendered":"<p>A Dire\u00e7\u00e3o-Geral \u00e9 respons\u00e1vel por administrar e representar o campus, em conson\u00e2ncia com os princ\u00edpios, com as finalidades e com os objetivos do IF Baiano. \u00c9 de responsabilidade da Dire\u00e7\u00e3o a cria\u00e7\u00e3o de grupos de trabalho e comiss\u00f5es de assessoramento, o planejamento, execu\u00e7\u00e3o e coordena\u00e7\u00e3o das pol\u00edticas institucionais, em articula\u00e7\u00e3o com as pr\u00f3-reitorias e as [&hellip;]<\/p>\n","protected":false},"author":154,"featured_media":0,"parent":0,"menu_order":0,"comment_status":"closed","ping_status":"closed","template":"","meta":[],"_links":{"self":[{"href":"https:\/\/www.ifbaiano.edu.br\/unidades\/urucuca\/wp-json\/wp\/v2\/pages\/10965"}],"collection":[{"href":"https:\/\/www.ifbaiano.edu.br\/unidades\/urucuca\/wp-json\/wp\/v2\/pages"}],"about":[{"href":"https:\/\/www.ifbaiano.edu.br\/unidades\/urucuca\/wp-json\/wp\/v2\/types\/page"}],"author":[{"embeddable":true,"href":"https:\/\/www.ifbaiano.edu.br\/unidades\/urucuca\/wp-json\/wp\/v2\/users\/154"}],"replies":[{"embeddable":true,"href":"https:\/\/www.ifbaiano.edu.br\/unidades\/urucuca\/wp-json\/wp\/v2\/comments?post=10965"}],"version-history":[{"count":3,"href":"https:\/\/www.ifbaiano.edu.br\/unidades\/urucuca\/wp-json\/wp\/v2\/pages\/10965\/revisions"}],"predecessor-version":[{"id":13893,"href":"https:\/\/www.ifbaiano.edu.br\/unidades\/urucuca\/wp-json\/wp\/v2\/pages\/10965\/revisions\/13893"}],"wp:attachment":[{"href":"https:\/\/www.ifbaiano.edu.br\/unidades\/urucuca\/wp-json\/wp\/v2\/media?parent=10965"}],"curies":[{"name":"wp","href":"https:\/\/api.w.org\/{rel}","templated":true}]}}

<p>A Direção-Geral é responsável por administrar e representar o campus, em consonância com os princípios, com as finalidades e com os objetivos do IF Baiano. É de responsabilidade da Direção a criação de grupos de trabalho e comissões de assessoramento, o planejamento, execução e coordenação das políticas institucionais, em articulação com as pró-reitorias e as diretorias sistêmicas, possibilitando a execução das diretrizes do Conselho Superior (CONSUP), do Plano de Desenvolvimento Institucional, e do Regimento Geral do IF Baiano. Outra atribuição da Direção-Geral é a de zelar pela manutenção dos bens patrimoniais, deliberando e coordenando a utilização dos recursos orçamentários do campus. Além de executar outras atividades, conforme incumbência do Reitor e as competências descritas no Regimento Geral&nbsp;</p>



<p></p>



<p>Diretor: João Victor da Silva Santos<br>E-mail Institucional: gabinete@urucuca.ifbaiano.edu.br <br>Contato: (71) 99345-7955 </p>

<p>A Direção-Geral é responsável por administrar e representar o campus, em consonância com os princípios, com as finalidades e com os objetivos do IF Baiano. É de responsabilidade da Direção a criação de grupos de trabalho e comissões de assessoramento, o planejamento, execução e coordenação das políticas institucionais, em articulação com as pró-reitorias e as [&hellip;]</p>
