{"id":10968,"date":"2025-01-14T10:58:26","date_gmt":"2025-01-14T13:58:26","guid":{"rendered":"https:\/\/www.ifbaiano.edu.br\/unidades\/urucuca\/?page_id=10968"},"modified":"2025-01-14T10:59:28","modified_gmt":"2025-01-14T13:59:28","slug":"gabinete","status":"publish","type":"page","link":"https:\/\/www.ifbaiano.edu.br\/unidades\/urucuca\/gabinete\/","title":{"rendered":"Gabinete\u00a0"},"content":{"rendered":"\n<p>O Gabinete (GAB) \u00e9 um setor de assessoramento \u00e0 Dire\u00e7\u00e3o-Geral, respons\u00e1vel por organizar, assistir, coordenar, fomentar e articular a a\u00e7\u00e3o pol\u00edtica, social e administrativa do Campus.&nbsp;<\/p>\n\n\n\n<p><strong>Chefe de Gabinete<\/strong><\/p>\n\n\n\n<p>Respons\u00e1vel: Fagner Rocha de Queiroz\u00a0<br>E-mail Institucional: gabinete@urucuca.ifbaiano.edu.br\u00a0<br>Contato WhatsApp: (71) 99345-7955\u00a0<\/p>\n","protected":false},"excerpt":{"rendered":"<p>O Gabinete (GAB) \u00e9 um setor de assessoramento \u00e0 Dire\u00e7\u00e3o-Geral, respons\u00e1vel por organizar, assistir, coordenar, fomentar e articular a a\u00e7\u00e3o pol\u00edtica, social e administrativa do Campus.&nbsp; Chefe de Gabinete Respons\u00e1vel: Fagner Rocha de Queiroz\u00a0E-mail Institucional: gabinete@urucuca.ifbaiano.edu.br\u00a0Contato WhatsApp: (71) 99345-7955\u00a0<\/p>\n","protected":false},"author":154,"featured_media":0,"parent":0,"menu_order":0,"comment_status":"closed","ping_status":"closed","template":"","meta":[],"_links":{"self":[{"href":"https:\/\/www.ifbaiano.edu.br\/unidades\/urucuca\/wp-json\/wp\/v2\/pages\/10968"}],"collection":[{"href":"https:\/\/www.ifbaiano.edu.br\/unidades\/urucuca\/wp-json\/wp\/v2\/pages"}],"about":[{"href":"https:\/\/www.ifbaiano.edu.br\/unidades\/urucuca\/wp-json\/wp\/v2\/types\/page"}],"author":[{"embeddable":true,"href":"https:\/\/www.ifbaiano.edu.br\/unidades\/urucuca\/wp-json\/wp\/v2\/users\/154"}],"replies":[{"embeddable":true,"href":"https:\/\/www.ifbaiano.edu.br\/unidades\/urucuca\/wp-json\/wp\/v2\/comments?post=10968"}],"version-history":[{"count":2,"href":"https:\/\/www.ifbaiano.edu.br\/unidades\/urucuca\/wp-json\/wp\/v2\/pages\/10968\/revisions"}],"predecessor-version":[{"id":10974,"href":"https:\/\/www.ifbaiano.edu.br\/unidades\/urucuca\/wp-json\/wp\/v2\/pages\/10968\/revisions\/10974"}],"wp:attachment":[{"href":"https:\/\/www.ifbaiano.edu.br\/unidades\/urucuca\/wp-json\/wp\/v2\/media?parent=10968"}],"curies":[{"name":"wp","href":"https:\/\/api.w.org\/{rel}","templated":true}]}}