{"id":10994,"date":"2025-01-14T11:10:45","date_gmt":"2025-01-14T14:10:45","guid":{"rendered":"https:\/\/www.ifbaiano.edu.br\/unidades\/urucuca\/?page_id=10994"},"modified":"2025-01-14T11:10:46","modified_gmt":"2025-01-14T14:10:46","slug":"nucleo-local-de-gestao-de-residuos-solidos-e-educacao-ambiental-nugea","status":"publish","type":"page","link":"https:\/\/www.ifbaiano.edu.br\/unidades\/urucuca\/nucleo-local-de-gestao-de-residuos-solidos-e-educacao-ambiental-nugea\/","title":{"rendered":"N\u00facleo Local de Gest\u00e3o de Res\u00edduos S\u00f3lidos e Educa\u00e7\u00e3o Ambiental &#8211; NUGEA"},"content":{"rendered":"\n<p>O N\u00facleo Local de Gest\u00e3o de Res\u00edduos S\u00f3lidos e Educa\u00e7\u00e3o Ambiental (NUGEA) \u00e9 um setor consultivo que tem por finalidade assessorar na implementa\u00e7\u00e3o e desenvolvimento da Pol\u00edtica Institucional de Gest\u00e3o de Res\u00edduos S\u00f3lidos e Educa\u00e7\u00e3o Ambiental do IF Baiano.\u00a0<\/p>\n\n\n\n<p>Respons\u00e1vel: Gilv\u00e2nia\u202fNunes Chaves dos Anjos\u202f\u00a0<br>Contato: <a rel=\"noreferrer noopener\" href=\"mailto:nugea@urucuca.ifbaiano.edu.br\" target=\"_blank\">nugea@urucuca.ifbaiano.edu.br<\/a>\u00a0<\/p>\n","protected":false},"excerpt":{"rendered":"<p>O N\u00facleo Local de Gest\u00e3o de Res\u00edduos S\u00f3lidos e Educa\u00e7\u00e3o Ambiental (NUGEA) \u00e9 um setor consultivo que tem por finalidade assessorar na implementa\u00e7\u00e3o e desenvolvimento da Pol\u00edtica Institucional de Gest\u00e3o de Res\u00edduos S\u00f3lidos e Educa\u00e7\u00e3o Ambiental do IF Baiano.\u00a0 Respons\u00e1vel: Gilv\u00e2nia\u202fNunes Chaves dos Anjos\u202f\u00a0Contato: nugea@urucuca.ifbaiano.edu.br\u00a0<\/p>\n","protected":false},"author":154,"featured_media":0,"parent":0,"menu_order":0,"comment_status":"closed","ping_status":"closed","template":"","meta":[],"_links":{"self":[{"href":"https:\/\/www.ifbaiano.edu.br\/unidades\/urucuca\/wp-json\/wp\/v2\/pages\/10994"}],"collection":[{"href":"https:\/\/www.ifbaiano.edu.br\/unidades\/urucuca\/wp-json\/wp\/v2\/pages"}],"about":[{"href":"https:\/\/www.ifbaiano.edu.br\/unidades\/urucuca\/wp-json\/wp\/v2\/types\/page"}],"author":[{"embeddable":true,"href":"https:\/\/www.ifbaiano.edu.br\/unidades\/urucuca\/wp-json\/wp\/v2\/users\/154"}],"replies":[{"embeddable":true,"href":"https:\/\/www.ifbaiano.edu.br\/unidades\/urucuca\/wp-json\/wp\/v2\/comments?post=10994"}],"version-history":[{"count":1,"href":"https:\/\/www.ifbaiano.edu.br\/unidades\/urucuca\/wp-json\/wp\/v2\/pages\/10994\/revisions"}],"predecessor-version":[{"id":10996,"href":"https:\/\/www.ifbaiano.edu.br\/unidades\/urucuca\/wp-json\/wp\/v2\/pages\/10994\/revisions\/10996"}],"wp:attachment":[{"href":"https:\/\/www.ifbaiano.edu.br\/unidades\/urucuca\/wp-json\/wp\/v2\/media?parent=10994"}],"curies":[{"name":"wp","href":"https:\/\/api.w.org\/{rel}","templated":true}]}}

Núcleo Local de Gestão de Resíduos Sólidos e Educação Ambiental &#8211; NUGEA

<p>O Núcleo Local de Gestão de Resíduos Sólidos e Educação Ambiental (NUGEA) é um setor consultivo que tem por finalidade assessorar na implementação e desenvolvimento da Política Institucional de Gestão de Resíduos Sólidos e Educação Ambiental do IF Baiano. </p>



<p>Responsável: Gilvânia Nunes Chaves dos Anjos  <br>Contato: <a rel="noreferrer noopener" href="mailto:nugea@urucuca.ifbaiano.edu.br" target="_blank">nugea@urucuca.ifbaiano.edu.br</a> </p>

<p>O Núcleo Local de Gestão de Resíduos Sólidos e Educação Ambiental (NUGEA) é um setor consultivo que tem por finalidade assessorar na implementação e desenvolvimento da Política Institucional de Gestão de Resíduos Sólidos e Educação Ambiental do IF Baiano.  Responsável: Gilvânia Nunes Chaves dos Anjos  Contato: nugea@urucuca.ifbaiano.edu.br </p>
