{"id":11007,"date":"2025-01-14T11:17:46","date_gmt":"2025-01-14T14:17:46","guid":{"rendered":"https:\/\/www.ifbaiano.edu.br\/unidades\/urucuca\/?page_id=11007"},"modified":"2025-01-14T11:30:23","modified_gmt":"2025-01-14T14:30:23","slug":"nucleo-de-laboratorio-nulab","status":"publish","type":"page","link":"https:\/\/www.ifbaiano.edu.br\/unidades\/urucuca\/nucleo-de-laboratorio-nulab\/","title":{"rendered":"N\u00facleo de Laborat\u00f3rios &#8211; NULAB\u00a0\u00a0"},"content":{"rendered":"\n<p>O N\u00facleo de Laborat\u00f3rio (NULAB) \u00e9 um setor ligado \u00e0 Diretoria Acad\u00eamica, respons\u00e1vel por acompanhar a execu\u00e7\u00e3o das a\u00e7\u00f5es voltadas \u00e0 utiliza\u00e7\u00e3o dos laborat\u00f3rios pela comunidade acad\u00eamica, dentre outras indissoci\u00e1veis ao ensino e \u00e0 pesquisa.\u00a0<\/p>\n\n\n\n<p>Respons\u00e1vel: L\u00edvia Santana dos Santos\u00a0<br>Contato: laboratorios@urucuca.ifbaiano.edu.br\u00a0<\/p>\n","protected":false},"excerpt":{"rendered":"<p>O N\u00facleo de Laborat\u00f3rio (NULAB) \u00e9 um setor ligado \u00e0 Diretoria Acad\u00eamica, respons\u00e1vel por acompanhar a execu\u00e7\u00e3o das a\u00e7\u00f5es voltadas \u00e0 utiliza\u00e7\u00e3o dos laborat\u00f3rios pela comunidade acad\u00eamica, dentre outras indissoci\u00e1veis ao ensino e \u00e0 pesquisa.\u00a0 Respons\u00e1vel: L\u00edvia Santana dos Santos\u00a0Contato: laboratorios@urucuca.ifbaiano.edu.br\u00a0<\/p>\n","protected":false},"author":154,"featured_media":0,"parent":0,"menu_order":0,"comment_status":"closed","ping_status":"closed","template":"","meta":[],"_links":{"self":[{"href":"https:\/\/www.ifbaiano.edu.br\/unidades\/urucuca\/wp-json\/wp\/v2\/pages\/11007"}],"collection":[{"href":"https:\/\/www.ifbaiano.edu.br\/unidades\/urucuca\/wp-json\/wp\/v2\/pages"}],"about":[{"href":"https:\/\/www.ifbaiano.edu.br\/unidades\/urucuca\/wp-json\/wp\/v2\/types\/page"}],"author":[{"embeddable":true,"href":"https:\/\/www.ifbaiano.edu.br\/unidades\/urucuca\/wp-json\/wp\/v2\/users\/154"}],"replies":[{"embeddable":true,"href":"https:\/\/www.ifbaiano.edu.br\/unidades\/urucuca\/wp-json\/wp\/v2\/comments?post=11007"}],"version-history":[{"count":2,"href":"https:\/\/www.ifbaiano.edu.br\/unidades\/urucuca\/wp-json\/wp\/v2\/pages\/11007\/revisions"}],"predecessor-version":[{"id":11013,"href":"https:\/\/www.ifbaiano.edu.br\/unidades\/urucuca\/wp-json\/wp\/v2\/pages\/11007\/revisions\/11013"}],"wp:attachment":[{"href":"https:\/\/www.ifbaiano.edu.br\/unidades\/urucuca\/wp-json\/wp\/v2\/media?parent=11007"}],"curies":[{"name":"wp","href":"https:\/\/api.w.org\/{rel}","templated":true}]}}

Núcleo de Laboratórios &#8211; NULAB

<p>O Núcleo de Laboratório (NULAB) é um setor ligado à Diretoria Acadêmica, responsável por acompanhar a execução das ações voltadas à utilização dos laboratórios pela comunidade acadêmica, dentre outras indissociáveis ao ensino e à pesquisa. </p>



<p>Responsável: Lívia Santana dos Santos <br>Contato: laboratorios@urucuca.ifbaiano.edu.br </p>

<p>O Núcleo de Laboratório (NULAB) é um setor ligado à Diretoria Acadêmica, responsável por acompanhar a execução das ações voltadas à utilização dos laboratórios pela comunidade acadêmica, dentre outras indissociáveis ao ensino e à pesquisa.  Responsável: Lívia Santana dos Santos Contato: laboratorios@urucuca.ifbaiano.edu.br </p>
