{"id":11058,"date":"2025-01-15T11:17:44","date_gmt":"2025-01-15T14:17:44","guid":{"rendered":"https:\/\/www.ifbaiano.edu.br\/unidades\/urucuca\/?page_id=11058"},"modified":"2025-01-15T11:18:05","modified_gmt":"2025-01-15T14:18:05","slug":"nucleo-de-estagio-e-egressos","status":"publish","type":"page","link":"https:\/\/www.ifbaiano.edu.br\/unidades\/urucuca\/nucleo-de-estagio-e-egressos\/","title":{"rendered":"N\u00facleo de Est\u00e1gio e Egressos\u00a0&#8211; NEE"},"content":{"rendered":"\n<p>O N\u00facleo de Est\u00e1gio e Egressos (NEE), vinculado \u00e0 Diretoria Acad\u00eamica, \u00e9 respons\u00e1vel por acompanhar o cadastro do(a) estagi\u00e1rio(a), o envio de relat\u00f3rios, avalia\u00e7\u00f5es e a observ\u00e2ncia ao cumprimento da legisla\u00e7\u00e3o vigente. Proporciona, no \u00e2mbito de suas compet\u00eancias, aos estudantes dos cursos t\u00e9cnicos e superiores, atividades de aprendizagem profissional para o desenvolvimento em sua \u00e1rea de forma\u00e7\u00e3o, al\u00e9m de identificar oportunidades, via parcerias, e realizar a divulga\u00e7\u00e3o de vagas de est\u00e1gios ofertadas por empresas e institui\u00e7\u00f5es parceiras. O N\u00facleo visa, tamb\u00e9m, promover um conjunto de a\u00e7\u00f5es que permitam acompanhar o itiner\u00e1rio profissional do egresso, na perspectiva de identificar cen\u00e1rios junto ao mundo produtivo e retroalimentar o processo de ensino, pesquisa e extens\u00e3o.\u00a0<\/p>\n\n\n\n<p>Respons\u00e1vel: Andr\u00e9 Luiz Alc\u00e2ntara Brand\u00e3o\u00a0<br>Contato: estagio@urucuca.ifbaiano.edu.br\u00a0<\/p>\n","protected":false},"excerpt":{"rendered":"<p>O N\u00facleo de Est\u00e1gio e Egressos (NEE), vinculado \u00e0 Diretoria Acad\u00eamica, \u00e9 respons\u00e1vel por acompanhar o cadastro do(a) estagi\u00e1rio(a), o envio de relat\u00f3rios, avalia\u00e7\u00f5es e a observ\u00e2ncia ao cumprimento da legisla\u00e7\u00e3o vigente. Proporciona, no \u00e2mbito de suas compet\u00eancias, aos estudantes dos cursos t\u00e9cnicos e superiores, atividades de aprendizagem profissional para o desenvolvimento em sua \u00e1rea [&hellip;]<\/p>\n","protected":false},"author":154,"featured_media":0,"parent":0,"menu_order":0,"comment_status":"closed","ping_status":"closed","template":"","meta":[],"_links":{"self":[{"href":"https:\/\/www.ifbaiano.edu.br\/unidades\/urucuca\/wp-json\/wp\/v2\/pages\/11058"}],"collection":[{"href":"https:\/\/www.ifbaiano.edu.br\/unidades\/urucuca\/wp-json\/wp\/v2\/pages"}],"about":[{"href":"https:\/\/www.ifbaiano.edu.br\/unidades\/urucuca\/wp-json\/wp\/v2\/types\/page"}],"author":[{"embeddable":true,"href":"https:\/\/www.ifbaiano.edu.br\/unidades\/urucuca\/wp-json\/wp\/v2\/users\/154"}],"replies":[{"embeddable":true,"href":"https:\/\/www.ifbaiano.edu.br\/unidades\/urucuca\/wp-json\/wp\/v2\/comments?post=11058"}],"version-history":[{"count":2,"href":"https:\/\/www.ifbaiano.edu.br\/unidades\/urucuca\/wp-json\/wp\/v2\/pages\/11058\/revisions"}],"predecessor-version":[{"id":11062,"href":"https:\/\/www.ifbaiano.edu.br\/unidades\/urucuca\/wp-json\/wp\/v2\/pages\/11058\/revisions\/11062"}],"wp:attachment":[{"href":"https:\/\/www.ifbaiano.edu.br\/unidades\/urucuca\/wp-json\/wp\/v2\/media?parent=11058"}],"curies":[{"name":"wp","href":"https:\/\/api.w.org\/{rel}","templated":true}]}}

Núcleo de Estágio e Egressos &#8211; NEE

<p>O Núcleo de Estágio e Egressos (NEE), vinculado à Diretoria Acadêmica, é responsável por acompanhar o cadastro do(a) estagiário(a), o envio de relatórios, avaliações e a observância ao cumprimento da legislação vigente. Proporciona, no âmbito de suas competências, aos estudantes dos cursos técnicos e superiores, atividades de aprendizagem profissional para o desenvolvimento em sua área de formação, além de identificar oportunidades, via parcerias, e realizar a divulgação de vagas de estágios ofertadas por empresas e instituições parceiras. O Núcleo visa, também, promover um conjunto de ações que permitam acompanhar o itinerário profissional do egresso, na perspectiva de identificar cenários junto ao mundo produtivo e retroalimentar o processo de ensino, pesquisa e extensão. </p>



<p>Responsável: André Luiz Alcântara Brandão <br>Contato: estagio@urucuca.ifbaiano.edu.br </p>

<p>O Núcleo de Estágio e Egressos (NEE), vinculado à Diretoria Acadêmica, é responsável por acompanhar o cadastro do(a) estagiário(a), o envio de relatórios, avaliações e a observância ao cumprimento da legislação vigente. Proporciona, no âmbito de suas competências, aos estudantes dos cursos técnicos e superiores, atividades de aprendizagem profissional para o desenvolvimento em sua área [&hellip;]</p>
