{"id":11251,"date":"2025-01-31T11:30:57","date_gmt":"2025-01-31T14:30:57","guid":{"rendered":"https:\/\/www.ifbaiano.edu.br\/unidades\/urucuca\/?page_id=11251"},"modified":"2026-01-13T08:42:12","modified_gmt":"2026-01-13T11:42:12","slug":"programa-de-monitoria","status":"publish","type":"page","link":"https:\/\/www.ifbaiano.edu.br\/unidades\/urucuca\/programa-de-monitoria\/","title":{"rendered":"Programa de Monitoria"},"content":{"rendered":"\n<p>O Programa de Monitoria \u00e9 compreendido como uma atividade acad\u00eamica para a melhoria do ensino dos cursos t\u00e9cnicos de n\u00edvel m\u00e9dio e dos cursos de gradua\u00e7\u00e3o, por meio do estabelecimento de novas pr\u00e1ticas e experi\u00eancias educacionais, a articula\u00e7\u00e3o entre teoria e pr\u00e1tica, bem como a integra\u00e7\u00e3o curricular em seus diferentes aspectos. Destina-se a estudantes, regularmente matriculados, nos Cursos T\u00e9cnicos de N\u00edvel M\u00e9dio e em Cursos de Gradua\u00e7\u00e3o.<\/p>\n\n\n\n<p><\/p>\n\n\n\n<p class=\"has-white-color has-text-color has-background\" style=\"background-color:#007106\"><strong>Monitores 2026<\/strong><\/p>\n\n\n\n<figure class=\"wp-block-image size-large is-resized\"><a href=\"https:\/\/www.ifbaiano.edu.br\/unidades\/urucuca\/files\/2026\/01\/4460-MONITORIA-2026.webp\"><img decoding=\"async\" loading=\"lazy\" src=\"https:\/\/www.ifbaiano.edu.br\/unidades\/urucuca\/files\/2026\/01\/4460-MONITORIA-2026-1024x298.webp\" alt=\"\" class=\"wp-image-13555\" width=\"880\" height=\"256\" srcset=\"https:\/\/www.ifbaiano.edu.br\/unidades\/urucuca\/files\/2026\/01\/4460-MONITORIA-2026-1024x298.webp 1024w, https:\/\/www.ifbaiano.edu.br\/unidades\/urucuca\/files\/2026\/01\/4460-MONITORIA-2026-300x87.webp 300w, https:\/\/www.ifbaiano.edu.br\/unidades\/urucuca\/files\/2026\/01\/4460-MONITORIA-2026-768x223.webp 768w, https:\/\/www.ifbaiano.edu.br\/unidades\/urucuca\/files\/2026\/01\/4460-MONITORIA-2026-1536x447.webp 1536w, https:\/\/www.ifbaiano.edu.br\/unidades\/urucuca\/files\/2026\/01\/4460-MONITORIA-2026-100x29.webp 100w, https:\/\/www.ifbaiano.edu.br\/unidades\/urucuca\/files\/2026\/01\/4460-MONITORIA-2026.webp 1558w\" sizes=\"(max-width: 880px) 100vw, 880px\" \/><\/a><\/figure>\n\n\n\n<p class=\"has-black-color has-white-background-color has-text-color has-background\"><strong><strong>Editais<\/strong><\/strong><br><strong><a rel=\"noreferrer noopener\" href=\"https:\/\/www.ifbaiano.edu.br\/unidades\/urucuca\/files\/2025\/11\/Edital-18-de-novembro-de-2025-Monitoria-2026.pdf\" data-type=\"URL\" data-id=\"https:\/\/www.ifbaiano.edu.br\/unidades\/urucuca\/files\/2025\/11\/Edital-18-de-novembro-de-2025-Monitoria-2026.pdf\" target=\"_blank\">Edital n\u00ba 18 de 2025<\/a> <\/strong><br><a rel=\"noreferrer noopener\" href=\"https:\/\/www.ifbaiano.edu.br\/unidades\/urucuca\/files\/2025\/11\/HOMOLOGACAO-DAS-INSCRICOES-MONITORIA-2026.pdf\" target=\"_blank\">Homologa\u00e7\u00e3o das inscri\u00e7\u00f5es<\/a><br><a rel=\"noreferrer noopener\" href=\"https:\/\/www.ifbaiano.edu.br\/unidades\/urucuca\/files\/2025\/11\/HOMOLOGACAO-FINAL-DAS-INSCRICOES-MONITORIA-2026-E-DIVULGACAO-DE-DATA-HORARIO-E-LOCAL-DA-ENTREVISTA.pdf\" target=\"_blank\">Resultado da homologa\u00e7\u00e3o das inscri\u00e7\u00f5es<\/a><br><a rel=\"noreferrer noopener\" href=\"https:\/\/www.ifbaiano.edu.br\/unidades\/urucuca\/files\/2025\/12\/Monitoria-resultado-preliminar.pdf\" data-type=\"URL\" data-id=\"https:\/\/www.ifbaiano.edu.br\/unidades\/urucuca\/files\/2025\/12\/Monitoria-resultado-preliminar.pdf\" target=\"_blank\">Resultado preliminar<\/a><br><a rel=\"noreferrer noopener\" href=\"https:\/\/www.ifbaiano.edu.br\/unidades\/urucuca\/files\/2025\/12\/Retificacao-do-edital-no-18-de-12-de-Novembro-de-2025_Cronograma.pdf\" data-type=\"URL\" data-id=\"https:\/\/www.ifbaiano.edu.br\/unidades\/urucuca\/files\/2025\/12\/Retificacao-do-edital-no-18-de-12-de-Novembro-de-2025_Cronograma.pdf\" target=\"_blank\">Retifica\u00e7\u00e3o do edital &#8211; Cronograma<\/a><br><a rel=\"noreferrer noopener\" href=\"https:\/\/www.ifbaiano.edu.br\/unidades\/urucuca\/files\/2025\/12\/Resultado-final-Monitoria-2026.pdf\" data-type=\"URL\" data-id=\"https:\/\/www.ifbaiano.edu.br\/unidades\/urucuca\/files\/2025\/12\/Resultado-final-Monitoria-2026.pdf\" target=\"_blank\">Resultado Final<\/a><\/p>\n\n\n\n<p><\/p>\n","protected":false},"excerpt":{"rendered":"<p>O Programa de Monitoria \u00e9 compreendido como uma atividade acad\u00eamica para a melhoria do ensino dos cursos t\u00e9cnicos de n\u00edvel m\u00e9dio e dos cursos de gradua\u00e7\u00e3o, por meio do estabelecimento de novas pr\u00e1ticas e experi\u00eancias educacionais, a articula\u00e7\u00e3o entre teoria e pr\u00e1tica, bem como a integra\u00e7\u00e3o curricular em seus diferentes aspectos. Destina-se a estudantes, regularmente [&hellip;]<\/p>\n","protected":false},"author":154,"featured_media":0,"parent":0,"menu_order":0,"comment_status":"closed","ping_status":"closed","template":"","meta":[],"_links":{"self":[{"href":"https:\/\/www.ifbaiano.edu.br\/unidades\/urucuca\/wp-json\/wp\/v2\/pages\/11251"}],"collection":[{"href":"https:\/\/www.ifbaiano.edu.br\/unidades\/urucuca\/wp-json\/wp\/v2\/pages"}],"about":[{"href":"https:\/\/www.ifbaiano.edu.br\/unidades\/urucuca\/wp-json\/wp\/v2\/types\/page"}],"author":[{"embeddable":true,"href":"https:\/\/www.ifbaiano.edu.br\/unidades\/urucuca\/wp-json\/wp\/v2\/users\/154"}],"replies":[{"embeddable":true,"href":"https:\/\/www.ifbaiano.edu.br\/unidades\/urucuca\/wp-json\/wp\/v2\/comments?post=11251"}],"version-history":[{"count":14,"href":"https:\/\/www.ifbaiano.edu.br\/unidades\/urucuca\/wp-json\/wp\/v2\/pages\/11251\/revisions"}],"predecessor-version":[{"id":13556,"href":"https:\/\/www.ifbaiano.edu.br\/unidades\/urucuca\/wp-json\/wp\/v2\/pages\/11251\/revisions\/13556"}],"wp:attachment":[{"href":"https:\/\/www.ifbaiano.edu.br\/unidades\/urucuca\/wp-json\/wp\/v2\/media?parent=11251"}],"curies":[{"name":"wp","href":"https:\/\/api.w.org\/{rel}","templated":true}]}}

<p>O Programa de Monitoria é compreendido como uma atividade acadêmica para a melhoria do ensino dos cursos técnicos de nível médio e dos cursos de graduação, por meio do estabelecimento de novas práticas e experiências educacionais, a articulação entre teoria e prática, bem como a integração curricular em seus diferentes aspectos. Destina-se a estudantes, regularmente matriculados, nos Cursos Técnicos de Nível Médio e em Cursos de Graduação.</p>



<p></p>



<p class="has-white-color has-text-color has-background" style="background-color:#007106"><strong>Monitores 2026</strong></p>



<figure class="wp-block-image size-large is-resized"><a href="https://www.ifbaiano.edu.br/unidades/urucuca/files/2026/01/4460-MONITORIA-2026.webp"><img decoding="async" loading="lazy" src="https://www.ifbaiano.edu.br/unidades/urucuca/files/2026/01/4460-MONITORIA-2026-1024x298.webp" alt="" class="wp-image-13555" width="880" height="256" srcset="https://www.ifbaiano.edu.br/unidades/urucuca/files/2026/01/4460-MONITORIA-2026-1024x298.webp 1024w, https://www.ifbaiano.edu.br/unidades/urucuca/files/2026/01/4460-MONITORIA-2026-300x87.webp 300w, https://www.ifbaiano.edu.br/unidades/urucuca/files/2026/01/4460-MONITORIA-2026-768x223.webp 768w, https://www.ifbaiano.edu.br/unidades/urucuca/files/2026/01/4460-MONITORIA-2026-1536x447.webp 1536w, https://www.ifbaiano.edu.br/unidades/urucuca/files/2026/01/4460-MONITORIA-2026-100x29.webp 100w, https://www.ifbaiano.edu.br/unidades/urucuca/files/2026/01/4460-MONITORIA-2026.webp 1558w" sizes="(max-width: 880px) 100vw, 880px" /></a></figure>



<p class="has-black-color has-white-background-color has-text-color has-background"><strong><strong>Editais</strong></strong><br><strong><a rel="noreferrer noopener" href="https://www.ifbaiano.edu.br/unidades/urucuca/files/2025/11/Edital-18-de-novembro-de-2025-Monitoria-2026.pdf" data-type="URL" data-id="https://www.ifbaiano.edu.br/unidades/urucuca/files/2025/11/Edital-18-de-novembro-de-2025-Monitoria-2026.pdf" target="_blank">Edital nº 18 de 2025</a> </strong><br><a rel="noreferrer noopener" href="https://www.ifbaiano.edu.br/unidades/urucuca/files/2025/11/HOMOLOGACAO-DAS-INSCRICOES-MONITORIA-2026.pdf" target="_blank">Homologação das inscrições</a><br><a rel="noreferrer noopener" href="https://www.ifbaiano.edu.br/unidades/urucuca/files/2025/11/HOMOLOGACAO-FINAL-DAS-INSCRICOES-MONITORIA-2026-E-DIVULGACAO-DE-DATA-HORARIO-E-LOCAL-DA-ENTREVISTA.pdf" target="_blank">Resultado da homologação das inscrições</a><br><a rel="noreferrer noopener" href="https://www.ifbaiano.edu.br/unidades/urucuca/files/2025/12/Monitoria-resultado-preliminar.pdf" data-type="URL" data-id="https://www.ifbaiano.edu.br/unidades/urucuca/files/2025/12/Monitoria-resultado-preliminar.pdf" target="_blank">Resultado preliminar</a><br><a rel="noreferrer noopener" href="https://www.ifbaiano.edu.br/unidades/urucuca/files/2025/12/Retificacao-do-edital-no-18-de-12-de-Novembro-de-2025_Cronograma.pdf" data-type="URL" data-id="https://www.ifbaiano.edu.br/unidades/urucuca/files/2025/12/Retificacao-do-edital-no-18-de-12-de-Novembro-de-2025_Cronograma.pdf" target="_blank">Retificação do edital &#8211; Cronograma</a><br><a rel="noreferrer noopener" href="https://www.ifbaiano.edu.br/unidades/urucuca/files/2025/12/Resultado-final-Monitoria-2026.pdf" data-type="URL" data-id="https://www.ifbaiano.edu.br/unidades/urucuca/files/2025/12/Resultado-final-Monitoria-2026.pdf" target="_blank">Resultado Final</a></p>



<p></p>

<p>O Programa de Monitoria é compreendido como uma atividade acadêmica para a melhoria do ensino dos cursos técnicos de nível médio e dos cursos de graduação, por meio do estabelecimento de novas práticas e experiências educacionais, a articulação entre teoria e prática, bem como a integração curricular em seus diferentes aspectos. Destina-se a estudantes, regularmente [&hellip;]</p>
