{"id":11394,"date":"2025-02-20T11:28:36","date_gmt":"2025-02-20T14:28:36","guid":{"rendered":"https:\/\/www.ifbaiano.edu.br\/unidades\/urucuca\/?page_id=11394"},"modified":"2025-02-20T11:30:02","modified_gmt":"2025-02-20T14:30:02","slug":"atendimento-aoa-estudante","status":"publish","type":"page","link":"https:\/\/www.ifbaiano.edu.br\/unidades\/urucuca\/atendimento-aoa-estudante\/","title":{"rendered":"ATENDIMENTO AO(\u00c0) ESTUDANTE"},"content":{"rendered":"\n<p>O atendimento ao(\u00e0) estudante tem por objetivo acompanhar individualmente os processos de ensino e de aprendizagem dos(as) estudantes regularmente matriculados(as).<\/p>\n\n\n\n<p>S\u00e3o objetivos do atendimento ao(\u00e0) estudante:<\/p>\n\n\n\n<ol type=\"I\">\n<li>ampliar as possibilidades de \u00eaxito do(a) estudante nos processos de ensino e de aprendizagem;<\/li>\n\n\n\n<li>otimizar o itiner\u00e1rio curricular;<\/li>\n\n\n\n<li>reduzir os \u00edndices de reten\u00e7\u00e3o e de evas\u00e3o;<\/li>\n\n\n\n<li>oportunizar o acompanhamento do processo de recupera\u00e7\u00e3o da aprendizagem.<\/li>\n<\/ol>\n\n\n\n<p>\u00c9 dever do(a) estudante comparecer ao atendimento quando recomendado pelo(a) docente ou pela equipe t\u00e9cnico-pedag\u00f3gica.<\/p>\n\n\n\n<p><strong>Fluxo para solicita\u00e7\u00e3o de Atendimento<\/strong><\/p>\n\n\n\n<p>O discente que for requerer o atendimento ao docente dever\u00e1:<\/p>\n\n\n\n<ul>\n<li>Verificar a disponibilidade do docente (<a href=\"https:\/\/docs.google.com\/spreadsheets\/d\/1dATk9BGm663MiaZtsXFMwO6xnORl0Y0A\/edit?usp=drive_link&amp;ouid=107705839927858551528&amp;rtpof=true&amp;sd=true\" data-type=\"URL\" data-id=\"https:\/\/docs.google.com\/spreadsheets\/d\/1dATk9BGm663MiaZtsXFMwO6xnORl0Y0A\/edit?usp=drive_link&amp;ouid=107705839927858551528&amp;rtpof=true&amp;sd=true\" target=\"_blank\" rel=\"noreferrer noopener\">veja aqui<\/a>).<\/li>\n\n\n\n<li>Contactar o(a) docente, com no m\u00ednimo 48 horas \u00fateis de anteced\u00eancia, via e-mail ou contato alternativo (se houver) sinalizando que requer atendimento individual e enviando as seguintes informa\u00e7\u00f5es:<ul><li>Nome completo<\/li><\/ul><ul><li>Curso<\/li><\/ul>\n<ul>\n<li>Motivo da solicita\u00e7\u00e3o de atendimento<\/li>\n<\/ul>\n<\/li>\n\n\n\n<li>Aguardar o retorno do docente e comparecer no dia, hor\u00e1rio e local combinados<\/li>\n\n\n\n<li>O retorno do(a) docente deve ser apresentado em um prazo de 48 horas \u00fateis;<\/li>\n\n\n\n<li>Em caso de n\u00e3o retorno por parte do(a) docente, a situa\u00e7\u00e3o deve ser comunicada \u00e0 Coordena\u00e7\u00e3o de Curso ou N\u00facleo T\u00e9cnico Pedag\u00f3gico.<\/li>\n<\/ul>\n","protected":false},"excerpt":{"rendered":"<p>O atendimento ao(\u00e0) estudante tem por objetivo acompanhar individualmente os processos de ensino e de aprendizagem dos(as) estudantes regularmente matriculados(as). S\u00e3o objetivos do atendimento ao(\u00e0) estudante: \u00c9 dever do(a) estudante comparecer ao atendimento quando recomendado pelo(a) docente ou pela equipe t\u00e9cnico-pedag\u00f3gica. Fluxo para solicita\u00e7\u00e3o de Atendimento O discente que for requerer o atendimento ao docente [&hellip;]<\/p>\n","protected":false},"author":154,"featured_media":0,"parent":0,"menu_order":0,"comment_status":"closed","ping_status":"closed","template":"","meta":[],"_links":{"self":[{"href":"https:\/\/www.ifbaiano.edu.br\/unidades\/urucuca\/wp-json\/wp\/v2\/pages\/11394"}],"collection":[{"href":"https:\/\/www.ifbaiano.edu.br\/unidades\/urucuca\/wp-json\/wp\/v2\/pages"}],"about":[{"href":"https:\/\/www.ifbaiano.edu.br\/unidades\/urucuca\/wp-json\/wp\/v2\/types\/page"}],"author":[{"embeddable":true,"href":"https:\/\/www.ifbaiano.edu.br\/unidades\/urucuca\/wp-json\/wp\/v2\/users\/154"}],"replies":[{"embeddable":true,"href":"https:\/\/www.ifbaiano.edu.br\/unidades\/urucuca\/wp-json\/wp\/v2\/comments?post=11394"}],"version-history":[{"count":2,"href":"https:\/\/www.ifbaiano.edu.br\/unidades\/urucuca\/wp-json\/wp\/v2\/pages\/11394\/revisions"}],"predecessor-version":[{"id":11398,"href":"https:\/\/www.ifbaiano.edu.br\/unidades\/urucuca\/wp-json\/wp\/v2\/pages\/11394\/revisions\/11398"}],"wp:attachment":[{"href":"https:\/\/www.ifbaiano.edu.br\/unidades\/urucuca\/wp-json\/wp\/v2\/media?parent=11394"}],"curies":[{"name":"wp","href":"https:\/\/api.w.org\/{rel}","templated":true}]}}

ATENDIMENTO AO(À) ESTUDANTE

<p>O atendimento ao(à) estudante tem por objetivo acompanhar individualmente os processos de ensino e de aprendizagem dos(as) estudantes regularmente matriculados(as).</p>



<p>São objetivos do atendimento ao(à) estudante:</p>



<ol type="I">
<li>ampliar as possibilidades de êxito do(a) estudante nos processos de ensino e de aprendizagem;</li>



<li>otimizar o itinerário curricular;</li>



<li>reduzir os índices de retenção e de evasão;</li>



<li>oportunizar o acompanhamento do processo de recuperação da aprendizagem.</li>
</ol>



<p>É dever do(a) estudante comparecer ao atendimento quando recomendado pelo(a) docente ou pela equipe técnico-pedagógica.</p>



<p><strong>Fluxo para solicitação de Atendimento</strong></p>



<p>O discente que for requerer o atendimento ao docente deverá:</p>



<ul>
<li>Verificar a disponibilidade do docente (<a href="https://docs.google.com/spreadsheets/d/1dATk9BGm663MiaZtsXFMwO6xnORl0Y0A/edit?usp=drive_link&amp;ouid=107705839927858551528&amp;rtpof=true&amp;sd=true" data-type="URL" data-id="https://docs.google.com/spreadsheets/d/1dATk9BGm663MiaZtsXFMwO6xnORl0Y0A/edit?usp=drive_link&amp;ouid=107705839927858551528&amp;rtpof=true&amp;sd=true" target="_blank" rel="noreferrer noopener">veja aqui</a>).</li>



<li>Contactar o(a) docente, com no mínimo 48 horas úteis de antecedência, via e-mail ou contato alternativo (se houver) sinalizando que requer atendimento individual e enviando as seguintes informações:<ul><li>Nome completo</li></ul><ul><li>Curso</li></ul>
<ul>
<li>Motivo da solicitação de atendimento</li>
</ul>
</li>



<li>Aguardar o retorno do docente e comparecer no dia, horário e local combinados</li>



<li>O retorno do(a) docente deve ser apresentado em um prazo de 48 horas úteis;</li>



<li>Em caso de não retorno por parte do(a) docente, a situação deve ser comunicada à Coordenação de Curso ou Núcleo Técnico Pedagógico.</li>
</ul>

<p>O atendimento ao(à) estudante tem por objetivo acompanhar individualmente os processos de ensino e de aprendizagem dos(as) estudantes regularmente matriculados(as). São objetivos do atendimento ao(à) estudante: É dever do(a) estudante comparecer ao atendimento quando recomendado pelo(a) docente ou pela equipe técnico-pedagógica. Fluxo para solicitação de Atendimento O discente que for requerer o atendimento ao docente [&hellip;]</p>
