{"id":123,"date":"2011-05-19T16:44:12","date_gmt":"2011-05-19T19:44:12","guid":{"rendered":"http:\/\/localhost\/unidades\/bonfim\/?page_id=123"},"modified":"2025-01-28T11:50:15","modified_gmt":"2025-01-28T14:50:15","slug":"alunos-estagio","status":"publish","type":"page","link":"https:\/\/www.ifbaiano.edu.br\/unidades\/urucuca\/alunos-estagio\/","title":{"rendered":"Est\u00e1gio"},"content":{"rendered":"\n<p>Est\u00e1gio \u00e9 ato educativo escolar supervisionado, desenvolvido no ambiente de trabalho, que visa \u00e0 prepara\u00e7\u00e3o para o trabalho produtivo de educandos que estejam freq\u00fcentando o ensino regular em institui\u00e7\u00f5es de educa\u00e7\u00e3o superior, de educa\u00e7\u00e3o profissional, de ensino m\u00e9dio, da educa\u00e7\u00e3o especial e dos anos finais do ensino fundamental, na modalidade profissional da educa\u00e7\u00e3o de jovens e adultos.<\/p>\n\n\n\n<p>O est\u00e1gio faz parte do projeto pedag\u00f3gico do curso, al\u00e9m de integrar o itiner\u00e1rio formativo do educando.<\/p>\n\n\n\n<p>O est\u00e1gio visa ao aprendizado de compet\u00eancias pr\u00f3prias da atividade profissional e \u00e0 contextualiza\u00e7\u00e3o curricular, objetivando o desenvolvimento do educando para a vida cidad\u00e3 e para o trabalho.<\/p>\n\n\n\n<p>Servidor Respons\u00e1vel pelo Setor de Est\u00e1gio: Andr\u00e9 Luiz de Alc\u00e2ntara Brand\u00e3o (T\u00e9cnico em Assuntos Educacionais)<br>E-mail : <a href=\"mailto:coord.estagio@urucuca.ifbaiano.edu.br\"><u><strong>coord.estagio@urucuca.ifbaiano.edu.br<\/strong><\/u><\/a><br>Contatos pelo WhatsApp : (73) 991078973<\/p>\n\n\n\n<p class=\"has-white-color has-text-color has-background\" style=\"background-color:#148a05\"><strong><strong>CARGA HOR\u00c1RIA TOTAL DE EST\u00c1GIO POR CURSO<\/strong><\/strong><\/p>\n\n\n\n<p>320 Horas: T\u00e9cnico de Agrimensura<br>240 Horas: T\u00e9cnico de Alimentos<br>160 Horas: T\u00e9cnico de Agropecu\u00e1ria<br>160 Horas: Gest\u00e3o de Turismo<br>200 Horas: Curso Superior Agroecologia<br>240 Horas: Curso Superior de Engenharia de Alimentos<\/p>\n\n\n\n<p><strong>OBSERVA\u00c7\u00d5ES IMPORTANTES<\/strong>:<br>-Todos os cursos somente poder\u00e3o realizar no m\u00ednimo 4h di\u00e1rias e 20h semanais; m\u00e1ximo 6h di\u00e1rias e 30h semanais.<br>-Durante o est\u00e1gio curricular, o aluno dever\u00e1 manter contatos regulares com o IFBaiano (N\u00facleo de Rela\u00e7\u00f5es Institucionais\/ Prof. Orientador);<br>-O relat\u00f3rio final do est\u00e1gio dever\u00e1 ser elaborado conforme orienta\u00e7\u00e3o do IFBAIANO\/URU\u00c7UCA e apresentado \u00e0 escola no prazo m\u00e1ximo de 45 dias ap\u00f3s o t\u00e9rmino do est\u00e1gio.<\/p>\n\n\n\n<p class=\"has-white-color has-text-color has-background\" style=\"background-color:#148a05\"><strong><strong><strong>\u00c1REA DO(A) ESTAGI\u00c1RIO(A)<\/strong><\/strong><\/strong><\/p>\n\n\n\n<p>1 &#8211;<a rel=\"noreferrer noopener\" href=\"https:\/\/www.ifbaiano.edu.br\/unidades\/urucuca\/files\/2025\/01\/CARTA-DE-SOLICITACAO-DE-ESTAGIO.docx\" data-type=\"URL\" data-id=\"https:\/\/www.ifbaiano.edu.br\/unidades\/urucuca\/files\/2025\/01\/CARTA-DE-SOLICITACAO-DE-ESTAGIO.docx\" target=\"_blank\">CARTA DE SOLICITA\u00c7\u00c3O DE EST\u00c1GIO<\/a> &#8211; Obs.: o preenchimento e envio desse documento ao setor de est\u00e1gio atrav\u00e9s do(e-mail : <a href=\"mailto:coord.estagio@urucuca.ifbaiano.edu.br\"><u>coord.estagio@urucuca.ifbaiano.edu.br<\/u><\/a> e\/ou pelo WhatsApp : (73) 991078973), consiste na etapa inicial do processo de est\u00e1gio.<br>2 &#8211; <a href=\"https:\/\/www.ifbaiano.edu.br\/unidades\/urucuca\/files\/2025\/01\/FORMULARIO-DE-ACOMPANHAMENTO-DE-ESTAGIO-E-DE-AVALIACAO-PELO-SUPERVISOR.docx\" data-type=\"URL\" data-id=\"https:\/\/www.ifbaiano.edu.br\/unidades\/urucuca\/files\/2025\/01\/FORMULARIO-DE-ACOMPANHAMENTO-DE-ESTAGIO-E-DE-AVALIACAO-PELO-SUPERVISOR.docx\" target=\"_blank\" rel=\"noreferrer noopener\">FORMUL\u00c1RIO DE ACOMPANHAMENTO DE EST\u00c1GIO E DE AVALIA\u00c7\u00c3O PELO(A) SUPERVISOR(A)<\/a> <br>3 &#8211; <a rel=\"noreferrer noopener\" href=\"https:\/\/www.ifbaiano.edu.br\/unidades\/urucuca\/files\/2025\/01\/PLANO-DE-ATIVIDADES.docx\" data-type=\"URL\" data-id=\"https:\/\/www.ifbaiano.edu.br\/unidades\/urucuca\/files\/2025\/01\/PLANO-DE-ATIVIDADES.docx\" target=\"_blank\">PLANO DE ATIVIDADES <\/a><\/p>\n\n\n\n<p class=\"has-white-color has-text-color has-background\" style=\"background-color:#148a05\"><strong><strong><strong><strong>\u00c1REA DO PROFESSOR(A) ORIENTADOR(A)<\/strong><\/strong><\/strong><\/strong><\/p>\n\n\n\n<p>1 &#8211; <a href=\"https:\/\/www.ifbaiano.edu.br\/unidades\/urucuca\/files\/2025\/01\/DECLARACAO-DE-ACEITE-DE-ORIENTACAO-DO-ESTAGIARIOA.docx\" data-type=\"URL\" data-id=\"https:\/\/www.ifbaiano.edu.br\/unidades\/urucuca\/files\/2025\/01\/DECLARACAO-DE-ACEITE-DE-ORIENTACAO-DO-ESTAGIARIOA.docx\" target=\"_blank\" rel=\"noreferrer noopener\">DECLARA\u00c7\u00c3O DE ACEITE DE ORIENTA\u00c7\u00c3O DO ESTAGI\u00c1RIO(A) <\/a>&#8211; OBS.: A declara\u00e7\u00e3o acima pode ser clonada diretamente pelo SUAP atrav\u00e9s do link: <a href=\"https:\/\/suap.ifbaiano.edu.br\/documento_eletronico\/visualizar_documento\/405337\/\" target=\"_blank\" rel=\"noreferrer noopener\">https:\/\/suap.ifbaiano.edu.br\/documento_eletronico\/visualizar_documento\/405337\/<\/a><br>2 &#8211; <a href=\"https:\/\/www.ifbaiano.edu.br\/unidades\/urucuca\/files\/2025\/01\/FORMULARIO-DE-AVALIACAO-DO-RELATORIO-DE-ESTAGIO-PELO-ORIENTADORA.docx\" data-type=\"URL\" data-id=\"https:\/\/www.ifbaiano.edu.br\/unidades\/urucuca\/files\/2025\/01\/FORMULARIO-DE-AVALIACAO-DO-RELATORIO-DE-ESTAGIO-PELO-ORIENTADORA.docx\" target=\"_blank\" rel=\"noreferrer noopener\">FORMUL\u00c1RIO DE AVALIA\u00c7\u00c3O DO RELAT\u00d3RIO DE EST\u00c1GIO PELO ORIENTADOR(A)<\/a><\/p>\n\n\n\n<p class=\"has-white-color has-text-color has-background\" style=\"background-color:#148a05\"><strong>Documentos<\/strong><\/p>\n\n\n\n<p><a rel=\"noreferrer noopener\" href=\"https:\/\/www.ifbaiano.edu.br\/unidades\/urucuca\/files\/2022\/07\/TERMO-DE-COMPROMISSO-DE-ESTAGIO.odt\" target=\"_blank\">Termo de Compromisso de Est\u00e1gio<\/a><br><a rel=\"noopener\" href=\"https:\/\/www.ifbaiano.edu.br\/unidades\/urucuca\/files\/2021\/10\/Modelo-de-relato-de-experiencia-estagio.odt\" target=\"_blank\">Relato de experi\u00eancia para atividades em equival\u00eancia ao Est\u00e1gio Supervisionado<\/a><br><a rel=\"noopener\" href=\"https:\/\/www.ifbaiano.edu.br\/unidades\/urucuca\/files\/2021\/10\/Requerimento-para-aproveitamento-de-atividades.odt\" target=\"_blank\">Requerimento para aproveitamento de atividades<\/a><br><\/p>\n\n\n\n<p><strong>Lei de Est\u00e1gio &#8211; <\/strong><a href=\"https:\/\/www.planalto.gov.br\/ccivil_03\/_ato2007-2010\/2008\/lei\/l11788.htm\"><u><strong>https:\/\/www.planalto.gov.br\/ccivil_03\/_ato2007-2010\/2008\/lei\/l11788.htm<\/strong><\/u><\/a><\/p>\n\n\n\n<p><strong>Regulamento de Est\u00e1gio (Cursos do Subsequente) &#8211; <\/strong><a rel=\"noreferrer noopener\" href=\"https:\/\/ifbaiano.edu.br\/portal\/wp-content\/uploads\/2020\/10\/Regulamento-de-Estagio.pdf\" target=\"_blank\"><u><strong>https:\/\/ifbaiano.edu.br\/portal\/wp-content\/uploads\/2020\/10\/Regulamento-de-Estagio.pdf<\/strong><\/u><\/a><\/p>\n\n\n\n<p><strong>Regulamento de Est\u00e1gio (Cursos de Gradua\u00e7\u00e3o) &#8211; <\/strong><a href=\"https:\/\/ifbaiano.edu.br\/portal\/wp-content\/uploads\/2020\/10\/Regulamento-de-Estagio.pdf\" target=\"_blank\" rel=\"noreferrer noopener\"><u><strong>https:\/\/ifbaiano.edu.br\/portal\/wp-content\/uploads\/2020\/10\/Regulamento-de-Estagio.pdf<\/strong><\/u><\/a><\/p>\n\n\n\n<p><\/p>\n","protected":false},"excerpt":{"rendered":"<p>Est\u00e1gio \u00e9 ato educativo escolar supervisionado, desenvolvido no ambiente de trabalho, que visa \u00e0 prepara\u00e7\u00e3o para o trabalho produtivo de educandos que estejam freq\u00fcentando o ensino regular em institui\u00e7\u00f5es de educa\u00e7\u00e3o superior, de educa\u00e7\u00e3o profissional, de ensino m\u00e9dio, da educa\u00e7\u00e3o especial e dos anos finais do ensino fundamental, na modalidade profissional da educa\u00e7\u00e3o de jovens [&hellip;]<\/p>\n","protected":false},"author":1,"featured_media":0,"parent":0,"menu_order":0,"comment_status":"closed","ping_status":"closed","template":"","meta":[],"_links":{"self":[{"href":"https:\/\/www.ifbaiano.edu.br\/unidades\/urucuca\/wp-json\/wp\/v2\/pages\/123"}],"collection":[{"href":"https:\/\/www.ifbaiano.edu.br\/unidades\/urucuca\/wp-json\/wp\/v2\/pages"}],"about":[{"href":"https:\/\/www.ifbaiano.edu.br\/unidades\/urucuca\/wp-json\/wp\/v2\/types\/page"}],"author":[{"embeddable":true,"href":"https:\/\/www.ifbaiano.edu.br\/unidades\/urucuca\/wp-json\/wp\/v2\/users\/1"}],"replies":[{"embeddable":true,"href":"https:\/\/www.ifbaiano.edu.br\/unidades\/urucuca\/wp-json\/wp\/v2\/comments?post=123"}],"version-history":[{"count":10,"href":"https:\/\/www.ifbaiano.edu.br\/unidades\/urucuca\/wp-json\/wp\/v2\/pages\/123\/revisions"}],"predecessor-version":[{"id":11220,"href":"https:\/\/www.ifbaiano.edu.br\/unidades\/urucuca\/wp-json\/wp\/v2\/pages\/123\/revisions\/11220"}],"wp:attachment":[{"href":"https:\/\/www.ifbaiano.edu.br\/unidades\/urucuca\/wp-json\/wp\/v2\/media?parent=123"}],"curies":[{"name":"wp","href":"https:\/\/api.w.org\/{rel}","templated":true}]}}