{"id":13413,"date":"2025-11-10T10:52:24","date_gmt":"2025-11-10T13:52:24","guid":{"rendered":"https:\/\/www.ifbaiano.edu.br\/unidades\/urucuca\/?page_id=13413"},"modified":"2025-11-10T10:52:25","modified_gmt":"2025-11-10T13:52:25","slug":"calendarios-academicos-anos-anteriores","status":"publish","type":"page","link":"https:\/\/www.ifbaiano.edu.br\/unidades\/urucuca\/calendarios-academicos-anos-anteriores\/","title":{"rendered":"Calend\u00e1rios Acad\u00eamicos &#8211; anos anteriores"},"content":{"rendered":"\n<p><strong><br><\/strong><\/p>\n\n\n\n<p><strong><em>Calend\u00e1rios P\u00f3s-Greve<br><\/em><\/strong><a href=\"https:\/\/www.ifbaiano.edu.br\/unidades\/urucuca\/files\/2024\/09\/Minuta-Calendario-Academico-2024-POS-GREVE-INTEGRADO-1.pdf\">Cursos Integrados &#8211;\u00a0 Per\u00edodo letivo 2024<\/a><br><a href=\"https:\/\/www.ifbaiano.edu.br\/unidades\/urucuca\/files\/2024\/09\/Minuta-Calendario-Academico-2024-POS-GREVE-SUBSEQUENTE-1.pdf\">Cursos Subsequentes &#8211; Per\u00edodo letivo 2024<\/a><br><a href=\"https:\/\/www.ifbaiano.edu.br\/unidades\/urucuca\/files\/2024\/09\/Minuta-Calendario-Academico-2023-POS-GREVE-SUPERIOR-1.pdf\">Cursos Superiores &#8211; Per\u00edodo letivo 2023<\/a><br><a href=\"https:\/\/www.ifbaiano.edu.br\/unidades\/urucuca\/files\/2024\/09\/Minuta-Calendario-Academico-2024-POS-GREVE-SUPERIOR-1.pdf\">Cursos Superiores &#8211; Per\u00edodo letivo 2024<\/a><\/p>\n\n\n\n<p><strong>2024<\/strong><\/p>\n\n\n\n<p><a href=\"https:\/\/www.ifbaiano.edu.br\/unidades\/urucuca\/files\/2024\/01\/INTEGRADO-Minuta-Calendario-Academico-2024-1.pdf\">Cursos Integrados<\/a><br><a href=\"https:\/\/www.ifbaiano.edu.br\/unidades\/urucuca\/files\/2024\/01\/SUBSEQUENTE-Minuta-Calendario-Academico-2024.pdf\">Cursos Subsequentes<\/a><br><a href=\"https:\/\/www.ifbaiano.edu.br\/unidades\/urucuca\/files\/2024\/02\/SUBSEQUENTE-Minuta-Calendario-Academico-2023-Alimentos-ERRATA.pdf\">Curso Subsequente de Alimentos (errata)<\/a><br><a href=\"https:\/\/www.ifbaiano.edu.br\/unidades\/urucuca\/files\/2024\/09\/Minuta-Calendario-Academico-2024-POS-GREVE-SUPERIOR-2.pdf\">Cursos Superiores<\/a><\/p>\n\n\n\n<p><strong>2023<\/strong><\/p>\n\n\n\n<p><a href=\"https:\/\/www.ifbaiano.edu.br\/unidades\/urucuca\/files\/2023\/08\/INTEGRADO-Minuta-Calendario-Academico-2023-1o-Ano.pdf\">Calend\u00e1rios &#8211; Cursos Integrados &#8211; 1\u00ba Ano<\/a><\/p>\n\n\n\n<p><a href=\"https:\/\/www.ifbaiano.edu.br\/unidades\/urucuca\/files\/2023\/08\/INTEGRADO-Minuta-Calendario-Academico-2023-2o-Ano.pdf\">Calend\u00e1rios &#8211; Cursos Integrados- 2\u00ba Ano<\/a><\/p>\n\n\n\n<p><a href=\"https:\/\/www.ifbaiano.edu.br\/unidades\/urucuca\/files\/2023\/08\/INTEGRADO-Minuta-Calendario-Academico-2023-3o-Ano.pdf\">Calend\u00e1rios &#8211; Cursos Integrados &#8211; 3\u00ba Ano<\/a><\/p>\n\n\n\n<p><a href=\"https:\/\/www.ifbaiano.edu.br\/unidades\/urucuca\/files\/2023\/08\/SUBSEQUENTE-Minuta-Calendario-Academico-2023-Agrimensura-e-Agropecuaria.pdf\">Calend\u00e1rios &#8211; Cursos Subsequentes Agrimensura e Agropecu\u00e1ria<\/a><\/p>\n\n\n\n<p><a href=\"https:\/\/www.ifbaiano.edu.br\/unidades\/urucuca\/files\/2023\/08\/SUBSEQUENTE-Minuta-Calendario-Academico-2023-Alimentos.pdf\">Calend\u00e1rios &#8211; Cursos Subsequentes Alimentos<\/a><\/p>\n\n\n\n<p><a href=\"https:\/\/www.ifbaiano.edu.br\/unidades\/urucuca\/files\/2023\/08\/SUPERIOR-Minuta-Calendario-Academico-2023.pdf\">Calend\u00e1rios &#8211; Cursos Superiores<\/a><\/p>\n\n\n\n<p><strong>2022<\/strong><\/p>\n\n\n\n<p><a href=\"https:\/\/www.ifbaiano.edu.br\/unidades\/urucuca\/files\/2022\/07\/Calendario-Academico-2022-INTEGRADO-2o-Ano.pdf\" target=\"_blank\" rel=\"noreferrer noopener\">Calend\u00e1rio &#8211; Cursos Integrados &#8211;&nbsp; <\/a><a href=\"https:\/\/www.ifbaiano.edu.br\/unidades\/urucuca\/files\/2022\/07\/Calendario-Academico-2022-INTEGRADO-2o-Ano.pdf\" target=\"_blank\" rel=\"noreferrer noopener\">2\u00ba Ano<\/a><\/p>\n\n\n\n<p><a href=\"https:\/\/www.ifbaiano.edu.br\/unidades\/urucuca\/files\/2022\/07\/Calendario-Academico-2022-INTEGRADO-1o-e-3o-Anos.pdf\" target=\"_blank\" rel=\"noreferrer noopener\">Calend\u00e1rio &#8211; Cursos Integrados &#8211; 1\u00ba e 3\u00ba Anos<\/a><\/p>\n\n\n\n<p><a href=\"https:\/\/www.ifbaiano.edu.br\/unidades\/urucuca\/files\/2022\/07\/Calendario-Academico-2022.1-SUBSEQUENTE.pdf\" target=\"_blank\" rel=\"noreferrer noopener\">Calend\u00e1rio &#8211; Cursos Subsequentes &#8211; 2022.1<\/a><\/p>\n\n\n\n<p><a href=\"https:\/\/www.ifbaiano.edu.br\/unidades\/urucuca\/files\/2023\/05\/ERRATA-SUBSEQUENTE-Calendario-Academico-2022.2-Agrimensura-Agropecuaria-e-Alimentos.pdf\">Calend\u00e1rio &#8211; Cursos Subsequentes &#8211; 2022.2<\/a><\/p>\n\n\n\n<p><a href=\"https:\/\/www.ifbaiano.edu.br\/unidades\/urucuca\/files\/2022\/07\/Calendario-Academico-2022.1-SUPERIOR.pdf\" target=\"_blank\" rel=\"noreferrer noopener\">Calend\u00e1rio &#8211; Cursos Superiores &#8211; 2022.1<\/a><\/p>\n\n\n\n<p><a href=\"https:\/\/www.ifbaiano.edu.br\/unidades\/urucuca\/files\/2023\/05\/ERRATA-SUPERIOR-Calendario-Academico-2022.2.pdf\">Calend\u00e1rio &#8211; Cursos Superiores &#8211; 2022.2<\/a><\/p>\n\n\n\n<p><strong>2021<\/strong><\/p>\n\n\n\n<p><a href=\"https:\/\/www.ifbaiano.edu.br\/unidades\/urucuca\/files\/2022\/01\/Calendario-Integrado.pdf\" target=\"_blank\" rel=\"noreferrer noopener\">Calend\u00e1rio &#8211; Cursos Integrados<\/a><\/p>\n\n\n\n<p><a href=\"https:\/\/www.ifbaiano.edu.br\/unidades\/urucuca\/files\/2022\/01\/Calendario-Subsequente.pdf\" target=\"_blank\" rel=\"noreferrer noopener\">Calend\u00e1rio &#8211; Cursos Subsequentes<\/a><\/p>\n\n\n\n<p><a href=\"https:\/\/www.ifbaiano.edu.br\/unidades\/urucuca\/files\/2022\/07\/Calendario-academico-dos-cursos-subsequentes-2021.2.pdf\" target=\"_blank\" rel=\"noreferrer noopener\">Calend\u00e1rio &#8211; Cursos Superiores 2021.1<\/a><\/p>\n\n\n\n<p><a href=\"https:\/\/www.ifbaiano.edu.br\/unidades\/urucuca\/files\/2022\/07\/Calendario-academico-dos-cursos-superiores-2021.2.pdf\" target=\"_blank\" rel=\"noreferrer noopener\">Calend\u00e1rio &#8211; Cursos Superiores 2021.2<\/a><\/p>\n\n\n\n<p><a href=\"https:\/\/www.ifbaiano.edu.br\/unidades\/urucuca\/files\/2022\/02\/Calend-Integrado-apnp-2021-Veteranos.pdf\">Calend\u00e1rio &#8211; Integrado APNP<\/a><\/p>\n\n\n\n<p><strong>2020<\/strong><\/p>\n\n\n\n<p><a href=\"https:\/\/www.ifbaiano.edu.br\/unidades\/urucuca\/files\/2021\/02\/resolucao-aprovacao-calendario-apnp.pdf\">Resolu\u00e7\u00e3o de aprova\u00e7\u00e3o N. 101\/2020<\/a><\/p>\n\n\n\n<p><a href=\"https:\/\/www.ifbaiano.edu.br\/unidades\/urucuca\/files\/2021\/02\/calendario-2021-integrado.pdf\">Calend\u00e1rio &#8211; Cursos Integrados<\/a><\/p>\n\n\n\n<p><a href=\"https:\/\/www.ifbaiano.edu.br\/unidades\/urucuca\/files\/2021\/02\/calendario-2021-subsequente.pdf\">Calend\u00e1rio &#8211; Cursos Subsequentes<\/a><\/p>\n\n\n\n<p><a href=\"https:\/\/www.ifbaiano.edu.br\/unidades\/urucuca\/files\/2021\/02\/calendario-2021-superior.pdf\">Calend\u00e1rio &#8211; Cursos Superiores<\/a><\/p>\n\n\n\n<p><strong>2019<\/strong><\/p>\n\n\n\n<p><a href=\"http:\/\/www.ifbaiano.edu.br\/unidades\/urucuca\/files\/2018\/03\/Calend\u00e1rio-Acad\u00eamico-2019-Cursos-Integrados.pdf\">Calend\u00e1rio&nbsp; &#8211; Cursos Integrados<\/a><\/p>\n\n\n\n<p><a href=\"http:\/\/www.ifbaiano.edu.br\/unidades\/urucuca\/files\/2018\/03\/Calend\u00e1rio-2019-Cursos-Subsequentes-1.pdf\">Calend\u00e1rio &#8211; Cursos Subsequentes<\/a><\/p>\n\n\n\n<p><a href=\"http:\/\/www.ifbaiano.edu.br\/unidades\/urucuca\/files\/2018\/03\/Calend\u00e1rio-2019-Cursos-Superiores.pdf\">Calend\u00e1rio &#8211; Cursos Superiores<\/a><\/p>\n","protected":false},"excerpt":{"rendered":"<p>Calend\u00e1rios P\u00f3s-GreveCursos Integrados &#8211;\u00a0 Per\u00edodo letivo 2024Cursos Subsequentes &#8211; Per\u00edodo letivo 2024Cursos Superiores &#8211; Per\u00edodo letivo 2023Cursos Superiores &#8211; Per\u00edodo letivo 2024 2024 Cursos IntegradosCursos SubsequentesCurso Subsequente de Alimentos (errata)Cursos Superiores 2023 Calend\u00e1rios &#8211; Cursos Integrados &#8211; 1\u00ba Ano Calend\u00e1rios &#8211; Cursos Integrados- 2\u00ba Ano Calend\u00e1rios &#8211; Cursos Integrados &#8211; 3\u00ba Ano Calend\u00e1rios &#8211; Cursos [&hellip;]<\/p>\n","protected":false},"author":154,"featured_media":0,"parent":0,"menu_order":0,"comment_status":"closed","ping_status":"closed","template":"","meta":[],"_links":{"self":[{"href":"https:\/\/www.ifbaiano.edu.br\/unidades\/urucuca\/wp-json\/wp\/v2\/pages\/13413"}],"collection":[{"href":"https:\/\/www.ifbaiano.edu.br\/unidades\/urucuca\/wp-json\/wp\/v2\/pages"}],"about":[{"href":"https:\/\/www.ifbaiano.edu.br\/unidades\/urucuca\/wp-json\/wp\/v2\/types\/page"}],"author":[{"embeddable":true,"href":"https:\/\/www.ifbaiano.edu.br\/unidades\/urucuca\/wp-json\/wp\/v2\/users\/154"}],"replies":[{"embeddable":true,"href":"https:\/\/www.ifbaiano.edu.br\/unidades\/urucuca\/wp-json\/wp\/v2\/comments?post=13413"}],"version-history":[{"count":1,"href":"https:\/\/www.ifbaiano.edu.br\/unidades\/urucuca\/wp-json\/wp\/v2\/pages\/13413\/revisions"}],"predecessor-version":[{"id":13416,"href":"https:\/\/www.ifbaiano.edu.br\/unidades\/urucuca\/wp-json\/wp\/v2\/pages\/13413\/revisions\/13416"}],"wp:attachment":[{"href":"https:\/\/www.ifbaiano.edu.br\/unidades\/urucuca\/wp-json\/wp\/v2\/media?parent=13413"}],"curies":[{"name":"wp","href":"https:\/\/api.w.org\/{rel}","templated":true}]}}