{"id":2603,"date":"2016-01-12T00:28:06","date_gmt":"2016-01-12T00:28:06","guid":{"rendered":"http:\/\/www.ifbaiano.edu.br\/unidades\/urucuca\/?page_id=2603"},"modified":"2025-01-28T11:08:47","modified_gmt":"2025-01-28T14:08:47","slug":"tecnologia-em-gestao-de-turismo","status":"publish","type":"page","link":"https:\/\/www.ifbaiano.edu.br\/unidades\/urucuca\/superiordetecnologia\/tecnologia-em-gestao-de-turismo\/","title":{"rendered":"Tecnologia em Gest\u00e3o de Turismo"},"content":{"rendered":"\n<figure class=\"wp-block-table is-style-stripes\"><table><tbody><tr><td><strong>NOME DO CURSO<\/strong>                                 <\/td><td class=\"has-text-align-left\" data-align=\"left\">TECNOLOGIA EM GEST\u00c3O DE TURISMO<\/td><\/tr><tr><td><strong>TIPO DO CURSO<\/strong><\/td><td class=\"has-text-align-left\" data-align=\"left\">TECN\u00d3LOGO<\/td><\/tr><tr><td><strong>DESCRI\u00c7\u00c3O DO CURSO<\/strong><\/td><td class=\"has-text-align-left\" data-align=\"left\">O curso habilita profissionais com o conhecimento para a aplicabilidade das ferramentas da gesta\u0303o, nas diferentes modalidades do turismo. O profissional desenvolvera\u0301 novas possibilidades de gesta\u0303o e empreendedorismo, relacionados a\u0300 ideia de e\u0301tica, responsabilidade e compromisso com os nego\u0301cios.<\/td><\/tr><tr><td><strong>HABILITA\u00c7\u00c3O<\/strong><\/td><td class=\"has-text-align-left\" data-align=\"left\">Tecn\u00f3logo em Gest\u00e3o de Turismo (Registro no Conselho Regional de Administra\u00e7\u00e3o \u2013 CRA)<\/td><\/tr><tr><td><strong>MODALIDADE<\/strong><\/td><td class=\"has-text-align-left\" data-align=\"left\">Presencial<\/td><\/tr><tr><td><strong>P\u00daBLICO-ALVO<\/strong><\/td><td class=\"has-text-align-left\" data-align=\"left\">Estudantes que conclu\u00edram o ensino m\u00e9dio<\/td><\/tr><tr><td><strong>DATA DE IN\u00cdCIO DO CURSO<\/strong><br>(Aula Inaugural)<\/td><td class=\"has-text-align-left\" data-align=\"left\">10 de mar\u00e7o de 2014<\/td><\/tr><tr><td><strong>REGIME ACAD\u00caMICO<\/strong><\/td><td class=\"has-text-align-left\" data-align=\"left\">Semestral<\/td><\/tr><tr><td><strong>INTEGRALIZA\u00c7\u00c3O<\/strong><\/td><td class=\"has-text-align-left\" data-align=\"left\">Per\u00edodo m\u00ednimo de 2 anos<br>Per\u00edodo m\u00e1ximo de 5 anos<\/td><\/tr><tr><td><strong>N\u00daMERO DE VAGAS<\/strong><\/td><td class=\"has-text-align-left\" data-align=\"left\">40<\/td><\/tr><tr><td><strong>TURNO DE FUNCIONAMENTO<\/strong><\/td><td class=\"has-text-align-left\" data-align=\"left\">Matutino<\/td><\/tr><tr><td><strong>N\u00daMERO DE SEMESTRES<\/strong><\/td><td class=\"has-text-align-left\" data-align=\"left\">04 semestres<\/td><\/tr><tr><td><strong>REGIME DE MATR\u00cdCULA<\/strong><\/td><td class=\"has-text-align-left\" data-align=\"left\">Semestral<\/td><\/tr><tr><td><strong>CARGA HOR\u00c1RIA TOTAL<\/strong><\/td><td class=\"has-text-align-left\" data-align=\"left\">1820 horas<\/td><\/tr><tr><td><strong>CARGA HOR\u00c1RIA DE EST\u00c1GIO SUPERVISIONADO<\/strong><\/td><td class=\"has-text-align-left\" data-align=\"left\">160 horas<\/td><\/tr><\/tbody><\/table><\/figure>\n\n\n\n<figure class=\"wp-block-table is-style-stripes\"><table class=\"has-background\" style=\"background-color:#006400\"><thead><tr><th><\/th><th><\/th><\/tr><\/thead><tbody><tr><td><span style=\"color:#006400\" class=\"has-inline-color\"><strong>OBJETIVO DO CURSO<\/strong><\/span><\/td><td><\/td><\/tr><\/tbody><\/table><figcaption class=\"wp-element-caption\">Habilitar profissionais para \u00e1rea de Gest\u00e3o em Turismo, desenvolvendo suas atividades junto ao processo produtivo, empreendendo neg\u00f3cios sustent\u00e1veis, interagindo de maneira racional com a natureza e com a cultura local, com a finalidade de conservar e desenvolver o entorno em que a atividade tur\u00edstica est\u00e1 inserida.<\/figcaption><\/figure>\n\n\n\n<p><\/p>\n\n\n\n<figure class=\"wp-block-table is-style-stripes\"><table class=\"has-background\" style=\"background-color:#006400\"><thead><tr><th><\/th><\/tr><\/thead><tbody><tr><td><span style=\"color:#006400\" class=\"has-inline-color\"><strong>INGRESSO<\/strong><\/span><\/td><\/tr><\/tbody><\/table><figcaption class=\"wp-element-caption\">O ingresso dar-se-\u00e1 mediante:<br>I &#8211; Sistema de Sele\u00e7\u00e3o Unificada (SISU), considerando o desempenho obtido no Exame Nacional do Ensino M\u00e9dio (ENEM);<br>II- Processo seletivo local definido pela DA, pelo(s) Colegiado(s) de Curso e pela Comiss\u00e3o de Processo Seletivo;<br>III- Transfer\u00eancia interna por reop\u00e7\u00e3o de curso.<br>IV &#8211; Transfer\u00eancia externa de outras Institui\u00e7\u00f5es devidamente credenciadas pelo<br>Minist\u00e9rio da Educa\u00e7\u00e3o.<br>V &#8211; Portador de diploma de cursos superiores de gradua\u00e7\u00e3o em \u00e1reas afins.<br>VI &#8211; Reintegra\u00e7\u00e3o em curso;<br>VII &#8211; Conv\u00eanio cultural e outros meios legais vigentes.<br>Os itens II a VI ser\u00e3o cumpridos mediante a exist\u00eancia de vagas e crit\u00e9rios definidos em edital.<\/figcaption><\/figure>\n\n\n\n<p><\/p>\n\n\n\n<figure class=\"wp-block-table is-style-stripes\"><table class=\"has-background\" style=\"background-color:#006400\"><thead><tr><th><\/th><\/tr><\/thead><tbody><tr><td><span style=\"color:#006400\" class=\"has-inline-color\"><strong>PERFIL DO CURSO<\/strong><\/span><\/td><\/tr><\/tbody><\/table><figcaption class=\"wp-element-caption\"><br>O Tecn\u00f3logo em Gest\u00e3o de Turismo atua no planejamento e desenvolvimento da atividade tur\u00edstica nos segmentos p\u00fablico e privado. Desenvolve a\u00e7\u00f5es de planejamento tur\u00edstico, de agenciamento de viagens (emissivas e receptivas), de transportadoras tur\u00edsticas e de consultorias voltadas para o gerenciamento das pol\u00edticas p\u00fablicas e para a comercializa\u00e7\u00e3o e promo\u00e7\u00e3o dos servi\u00e7os relativos \u00e0 atividade. Tamb\u00e9m se constitui em atividade relevante desse profissional a identifica\u00e7\u00e3o dos potenciais tur\u00edsticos do receptivo, considerando a diversidade cultural e os aspectos socioambientais para o desenvolvimento local e regional.<\/figcaption><\/figure>\n\n\n\n<p><\/p>\n\n\n\n<figure class=\"wp-block-table is-style-stripes\"><table class=\"has-background\" style=\"background-color:#006400\"><thead><tr><th><\/th><\/tr><\/thead><tbody><tr><td><span style=\"color:#006400\" class=\"has-inline-color\"><strong>PERFIL DO EGRESSO<\/strong><\/span><\/td><\/tr><\/tbody><\/table><figcaption class=\"wp-element-caption\"><br>O Tecn\u00f3logo em Gest\u00e3o de Turismo det\u00e9m conhecimentos t\u00e9cnicos necess\u00e1rios ao exerc\u00edcio profissional, apto para atuar no mundo do trabalho em constante transforma\u00e7\u00e3o e tecnologicamente atualizado.<br>Espera-se que o egresso possa ter capacidade de aprender a aprender;<br>autoconfian\u00e7a; habilidade de trabalho em equipe; organiza\u00e7\u00e3o pessoal e no trabalho; facilidade de adapta\u00e7\u00e3o a contextos novos; criatividade; esp\u00edrito inovador; poder de lideran\u00e7a e decis\u00e3o; confiabilidade; habilidade comunicativa, inclusive em l\u00ednguas estrangeiras; capacidade de inova\u00e7\u00e3o, s\u00edntese e cr\u00edtica; consci\u00eancia de cidadania; princ\u00edpios \u00e9ticos; capacidade de gest\u00e3o de empreendimentos tur\u00edsticos; capacidade para pesquisar, planejar, organizar, implantar e gerir programas de desenvolvimento tur\u00edstico.<br>O egresso dever\u00e1 conhecer e se apropriar dos princ\u00edpios e dos fundamentos cient\u00edfico-tecnol\u00f3gicos que presidem a produ\u00e7\u00e3o moderna de bens, servi\u00e7os e saberes, tanto em seus produtos como em seus processos. Deste modo, ser\u00e1 capaz de relacionar a teoria com a pr\u00e1tica e o desenvolvimento da flexibilidade para novas condi\u00e7\u00f5es de ocupa\u00e7\u00e3o ou aperfei\u00e7oamento posteriores.<br>O Tecn\u00f3logo em Gest\u00e3o de Turismo est\u00e1 qualificado como potencial empreendedor, individual ou em grupo, na programa\u00e7\u00e3o de atividades tur\u00edsticas. Para tanto, estar\u00e1 apto \u00e0 realiza\u00e7\u00e3o de interpreta\u00e7\u00e3o dos indicadores socioecon\u00f4micos e culturais para a concep\u00e7\u00e3o de produtos e servi\u00e7os tur\u00edsticos, de acordo com as necessidades da clientela.<br><br>O profissional formado poder\u00e1 atuar nos mais diversificados setores:<br>Planejamento Tur\u00edstico e Gest\u00e3o Ambiental (\u00f3rg\u00e3os oficiais de turismo e empresas de consultoria ou como profissional aut\u00f4nomo); pesquisa aplicada (\u00f3rg\u00e3os p\u00fablicos, empresas privadas e ONGs); capacita\u00e7\u00e3o profissional (escolas t\u00e9cnicas e cursos em geral); meios de hospedagem (hot\u00e9is, pousadas, campings, spas etc.); agenciamento (ag\u00eancias de viagem e operadoras de turismo); alimentos e bebidas (restaurantes, bares, lanchonetes etc.); lazer e recrea\u00e7\u00e3o (parques tem\u00e1ticos, hot\u00e9is de lazer, cruzeiros, clubes etc.); transportes (a\u00e9reos, rodovi\u00e1rios, ferrovi\u00e1rios, mar\u00edtimos e fluviais); eventos (empresas promotoras e organizadoras de eventos culturais, t\u00e9cnico-cient\u00edficos, religiosos etc.); pesquisa acad\u00eamica (institui\u00e7\u00f5es p\u00fablicas e privadas de educa\u00e7\u00e3o superior); hospitais (hotelaria hospitalar); museus e similares; parques e reservas naturais; esta\u00e7\u00f5es ecol\u00f3gicas e \u00c1reas de Prote\u00e7\u00e3o Ambiental; imprensa (assessoria t\u00e9cnica para mat\u00e9rias cient\u00edficas e de turismo) e \u00e1reas conexas.<\/figcaption><\/figure>\n\n\n\n<p><\/p>\n\n\n\n<figure class=\"wp-block-table is-style-stripes\"><table class=\"has-background\" style=\"background-color:#006400\"><thead><tr><th><\/th><\/tr><\/thead><tbody><tr><td><span style=\"color:#006400\" class=\"has-inline-color\"><strong>ATIVIDADES COMPLEMENTARES<\/strong><\/span><\/td><\/tr><\/tbody><\/table><figcaption class=\"wp-element-caption\">As atividades complementares constituem um conjunto de estrat\u00e9gias did\u00e1tico pedag\u00f3gicas que permitem, no \u00e2mbito do curr\u00edculo, o aperfei\u00e7oamento profissional e\/ou forma\u00e7\u00e3o do cidad\u00e3o, agregando, reconhecidamente, valor ao curr\u00edculo do estudante.<br>De acordo com a Resolu\u00e7\u00e3o CNE\/CES N\u00ba 02\/2007, o aluno dever\u00e1 desenvolver, ao longo do curso, atividades complementares acad\u00eamicas \u2013 cient\u00edficas &#8211; culturais. Estas atividades ser\u00e3o aceitas como componentes curriculares obrigat\u00f3rios e ser\u00e3o realizadas ao longo do curso. A carga hor\u00e1ria total m\u00ednima de atividades complementares ser\u00e1 de 80 (oitenta) horas.<br>As atividades complementares dever\u00e3o ser contabilizadas em horas, estar devidamente comprovadas e assinadas por professor orientador\/supervisor respons\u00e1vel pela atividade, em formul\u00e1rio espec\u00edfico a ser fornecido pela<br>Coordena\u00e7\u00e3o do Curso.<br>As atividades complementares poder\u00e3o ser cumpridas atrav\u00e9s da participa\u00e7\u00e3o em cursos, semin\u00e1rios, congressos, simp\u00f3sios, dentre outros, com ader\u00eancia \u00e0 \u00e1rea de Turismo, e que possam ser comprovadas e apresentadas ao Colegiado do Curso em forma de relat\u00f3rio acompanhado do parecer e do conceito de um docente do curso.<br>S\u00e3o consideradas atividades complementares para fins de curr\u00edculo:<br>I. Atividades de Ensino;<br>II. Atividades de Pesquisa;<br>III. Atividades de Extens\u00e3o;<br>IV. Atividades Art\u00edsticas e Socioculturais;<br>V. Representa\u00e7\u00f5es estudantis;<br>VI. Trabalho volunt\u00e1rio na \u00e1rea, dentre outros.<br>Outras quest\u00f5es de organiza\u00e7\u00e3o da Atividade Complementar est\u00e3o definidas em regulamento pr\u00f3prio, elaborado pelo Colegiado do Curso.<\/figcaption><\/figure>\n\n\n\n<p><\/p>\n\n\n\n<figure class=\"wp-block-table is-style-stripes\"><table class=\"has-background\" style=\"background-color:#006400\"><thead><tr><th><\/th><\/tr><\/thead><tbody><tr><td><span style=\"color:#006400\" class=\"has-inline-color\"><strong>DOCUMENTOS IMPORTANTES<\/strong><\/span><\/td><\/tr><\/tbody><\/table><figcaption class=\"wp-element-caption\"><a rel=\"noreferrer noopener\" href=\"https:\/\/www.ifbaiano.edu.br\/unidades\/urucuca\/files\/2023\/04\/Desenho-Curricular_.pdf\" data-type=\"URL\" data-id=\"https:\/\/www.ifbaiano.edu.br\/unidades\/urucuca\/files\/2023\/04\/Desenho-Curricular_.pdf\" target=\"_blank\">Grade Curricular<\/a><br><a rel=\"noreferrer noopener\" href=\"https:\/\/www.ifbaiano.edu.br\/unidades\/urucuca\/files\/2023\/04\/Ementario_.pdf\" data-type=\"URL\" data-id=\"https:\/\/www.ifbaiano.edu.br\/unidades\/urucuca\/files\/2023\/04\/Ementario_.pdf\" target=\"_blank\">Ement\u00e1rio<\/a><br>Corpo Docente<br><a href=\"https:\/\/www.ifbaiano.edu.br\/unidades\/urucuca\/files\/2025\/01\/Projeto-Pedagogico-do-Curso_Tecnologia-em-Gestao-de-Turismo_Ensino-Superior.pdf\" data-type=\"URL\" data-id=\"https:\/\/www.ifbaiano.edu.br\/unidades\/urucuca\/files\/2025\/01\/Projeto-Pedagogico-do-Curso_Tecnologia-em-Gestao-de-Turismo_Ensino-Superior.pdf\" target=\"_blank\" rel=\"noreferrer noopener\">Projeto Pedag\u00f3gico de Curso (PPC)<br><\/a><strong><a href=\"http:\/\/www.ifbaiano.edu.br\/unidades\/urucuca\/superiordetecnologia\/tecnologia-em-gestao-de-turismo\/atividades-do-curso\">Atividades do Curso<\/a><\/strong><br>TRABALHOS DE CONCLUS\u00c3O DE CURSO<\/figcaption><\/figure>\n\n\n\n<p><\/p>\n\n\n\n<figure class=\"wp-block-table is-style-stripes\"><table class=\"has-background\" style=\"background-color:#006400\"><thead><tr><th><\/th><\/tr><\/thead><tbody><tr><td><span style=\"color:#006400\" class=\"has-inline-color\"><strong>DISCENTE<\/strong><\/span><\/td><\/tr><\/tbody><\/table><figcaption class=\"wp-element-caption\"><a rel=\"noreferrer noopener\" href=\"https:\/\/www.ifbaiano.edu.br\/unidades\/urucuca\/files\/2023\/04\/1.1.-GUIA-MANUAL-DO-DISCENTE.pdf\" data-type=\"URL\" data-id=\"https:\/\/www.ifbaiano.edu.br\/unidades\/urucuca\/files\/2023\/04\/1.1.-GUIA-MANUAL-DO-DISCENTE.pdf\" target=\"_blank\">Guia do Estudante<\/a><br><a rel=\"noreferrer noopener\" href=\"https:\/\/www.ifbaiano.edu.br\/unidades\/urucuca\/files\/2023\/04\/REQUERIMENTO-SRA.pdf\" data-type=\"URL\" data-id=\"https:\/\/www.ifbaiano.edu.br\/unidades\/urucuca\/files\/2023\/04\/REQUERIMENTO-SRA.pdf\" target=\"_blank\">Formul\u00e1rio de Requerimentos<\/a><br><a rel=\"noreferrer noopener\" href=\"https:\/\/www.ifbaiano.edu.br\/unidades\/urucuca\/files\/2023\/04\/Minuta-Calendario-Academico-2022.1-SUPERIOR.pdf\" data-type=\"URL\" data-id=\"https:\/\/www.ifbaiano.edu.br\/unidades\/urucuca\/files\/2023\/04\/Minuta-Calendario-Academico-2022.1-SUPERIOR.pdf\" target=\"_blank\">2022.1 &#8211;  Calend\u00e1rio Acad\u00eamico<\/a><br><a rel=\"noreferrer noopener\" href=\"https:\/\/www.ifbaiano.edu.br\/unidades\/urucuca\/files\/2023\/04\/Calendario-Superior-APNP-2021.1.pdf\" data-type=\"URL\" data-id=\"https:\/\/www.ifbaiano.edu.br\/unidades\/urucuca\/files\/2023\/04\/Calendario-Superior-APNP-2021.1.pdf\" target=\"_blank\">2021.1 &#8211;   Calend\u00e1rio Acad\u00eamico<\/a><br><a rel=\"noreferrer noopener\" href=\"https:\/\/www.ifbaiano.edu.br\/unidades\/urucuca\/files\/2023\/04\/Calendario-Superior-APNP-2020.2.pdf\" data-type=\"URL\" data-id=\"https:\/\/www.ifbaiano.edu.br\/unidades\/urucuca\/files\/2023\/04\/Calendario-Superior-APNP-2020.2.pdf\" target=\"_blank\">2020.2 &#8211; Calend\u00e1rio Acad\u00eamico<\/a><br><a rel=\"noreferrer noopener\" href=\"https:\/\/www.ifbaiano.edu.br\/unidades\/urucuca\/files\/2023\/04\/Calendario-APNP-Cursos-Superiores.pdf\" data-type=\"URL\" data-id=\"https:\/\/www.ifbaiano.edu.br\/unidades\/urucuca\/files\/2023\/04\/Calendario-APNP-Cursos-Superiores.pdf\" target=\"_blank\">2020.1 &#8211; Calend\u00e1rio Acad\u00eamico<\/a><\/figcaption><\/figure>\n\n\n\n<div class=\"wp-block-columns is-layout-flex wp-container-3\">\n<div class=\"wp-block-column is-layout-flow\" style=\"flex-basis:100%\">\n<div class=\"wp-block-group is-layout-flow\"><div class=\"wp-block-group__inner-container\">\n<figure class=\"wp-block-table is-style-stripes\"><table class=\"has-background\" style=\"background-color:#006400\"><thead><tr><th><\/th><\/tr><\/thead><tbody><tr><td><strong><span style=\"color:#006400\" class=\"has-inline-color\">HOR\u00c1RIOS<\/span><\/strong><\/td><\/tr><\/tbody><\/table><\/figure>\n\n\n\n<figure class=\"wp-block-table is-style-stripes\"><table><tbody><tr><td><a href=\"https:\/\/www.ifbaiano.edu.br\/unidades\/urucuca\/files\/2023\/04\/HORARIO-SEMESTRE-ACADEMICO-2022.2.pdf\" data-type=\"URL\" data-id=\"https:\/\/www.ifbaiano.edu.br\/unidades\/urucuca\/files\/2023\/04\/HORARIO-SEMESTRE-ACADEMICO-2022.2.pdf\" target=\"_blank\" rel=\"noreferrer noopener\">2022.2<\/a><\/td><td><\/td><td><\/td><\/tr><tr><td><a href=\"https:\/\/www.ifbaiano.edu.br\/unidades\/urucuca\/files\/2023\/04\/HORARIO-SEMESTRE-ACADEMICO-2022.1..pdf\" data-type=\"URL\" data-id=\"https:\/\/www.ifbaiano.edu.br\/unidades\/urucuca\/files\/2023\/04\/HORARIO-SEMESTRE-ACADEMICO-2022.1..pdf\" target=\"_blank\" rel=\"noreferrer noopener\">2022.1<\/a><\/td><td><\/td><td><\/td><\/tr><tr><td><a href=\"https:\/\/www.ifbaiano.edu.br\/unidades\/urucuca\/files\/2023\/04\/HORARIO-REGULAR-APNP-2021.2_.pdf\" data-type=\"URL\" data-id=\"https:\/\/www.ifbaiano.edu.br\/unidades\/urucuca\/files\/2023\/04\/HORARIO-REGULAR-APNP-2021.2_.pdf\" target=\"_blank\" rel=\"noreferrer noopener\">2021.2<\/a><\/td><td><\/td><td><\/td><\/tr><tr><td><a href=\"https:\/\/www.ifbaiano.edu.br\/unidades\/urucuca\/files\/2023\/04\/HORARIO-MODULAR-2021.1_.pdf\" data-type=\"URL\" data-id=\"https:\/\/www.ifbaiano.edu.br\/unidades\/urucuca\/files\/2023\/04\/HORARIO-MODULAR-2021.1_.pdf\" target=\"_blank\" rel=\"noreferrer noopener\">2021.1<\/a><\/td><td><\/td><td><\/td><\/tr><tr><td><a href=\"https:\/\/www.ifbaiano.edu.br\/unidades\/urucuca\/files\/2023\/04\/HORARIO-MODULAR_2020.2_Discente.pdf\" data-type=\"URL\" data-id=\"https:\/\/www.ifbaiano.edu.br\/unidades\/urucuca\/files\/2023\/04\/HORARIO-MODULAR_2020.2_Discente.pdf\" target=\"_blank\" rel=\"noreferrer noopener\">2020.2<\/a><\/td><td><\/td><td><\/td><\/tr><tr><td><a href=\"https:\/\/www.ifbaiano.edu.br\/unidades\/urucuca\/files\/2023\/04\/HORARIO-MODULAR_2020.1_discente.pdf\" data-type=\"URL\" data-id=\"https:\/\/www.ifbaiano.edu.br\/unidades\/urucuca\/files\/2023\/04\/HORARIO-MODULAR_2020.1_discente.pdf\" target=\"_blank\" rel=\"noreferrer noopener\">2020.1<\/a><\/td><td><\/td><td><\/td><\/tr><tr><td><a href=\"https:\/\/www.ifbaiano.edu.br\/unidades\/urucuca\/files\/2023\/04\/HORARIO-GESTAO-2019.2.pdf\" data-type=\"URL\" data-id=\"https:\/\/www.ifbaiano.edu.br\/unidades\/urucuca\/files\/2023\/04\/HORARIO-GESTAO-2019.2.pdf\" target=\"_blank\" rel=\"noreferrer noopener\">2019.2<\/a><\/td><td><\/td><td><\/td><\/tr><tr><td><\/td><td><\/td><td><\/td><\/tr><\/tbody><\/table><\/figure>\n<\/div><\/div>\n<\/div>\n<\/div>\n\n\n\n<p><\/p>\n\n\n\n<figure class=\"wp-block-table is-style-stripes\"><table class=\"has-background\" style=\"background-color:#006400\"><thead><tr><th><\/th><\/tr><\/thead><tbody><tr><td><span style=\"color:#006400\" class=\"has-inline-color\"><strong>CONTATOS<\/strong><\/span><\/td><\/tr><\/tbody><\/table><figcaption class=\"wp-element-caption\"><strong>E-mail da coordena\u00e7\u00e3o \u2013 <\/strong><a href=\"mailto:coordenacaocht@urucuca.ifbaiano.edu.br\">coordenacaocht@urucuca.ifbaiano.edu.br<\/a><br><strong>Coordenadora<\/strong>: Edimiria G\u00f3es C\u00e9sar Brito<\/figcaption><\/figure>\n\n\n\n<p><\/p>\n\n\n\n<p><\/p>\n\n\n\n<p><\/p>\n\n\n\n<p><\/p>\n\n\n\n<p><\/p>\n\n\n\n<p><\/p>\n","protected":false},"excerpt":{"rendered":"<p>NOME DO CURSO TECNOLOGIA EM GEST\u00c3O DE TURISMO TIPO DO CURSO TECN\u00d3LOGO DESCRI\u00c7\u00c3O DO CURSO O curso habilita profissionais com o conhecimento para a aplicabilidade das ferramentas da gesta\u0303o, nas diferentes modalidades do turismo. O profissional desenvolvera\u0301 novas possibilidades de gesta\u0303o e empreendedorismo, relacionados a\u0300 ideia de e\u0301tica, responsabilidade e compromisso com os nego\u0301cios. HABILITA\u00c7\u00c3O [&hellip;]<\/p>\n","protected":false},"author":69,"featured_media":0,"parent":71,"menu_order":0,"comment_status":"closed","ping_status":"open","template":"","meta":[],"_links":{"self":[{"href":"https:\/\/www.ifbaiano.edu.br\/unidades\/urucuca\/wp-json\/wp\/v2\/pages\/2603"}],"collection":[{"href":"https:\/\/www.ifbaiano.edu.br\/unidades\/urucuca\/wp-json\/wp\/v2\/pages"}],"about":[{"href":"https:\/\/www.ifbaiano.edu.br\/unidades\/urucuca\/wp-json\/wp\/v2\/types\/page"}],"author":[{"embeddable":true,"href":"https:\/\/www.ifbaiano.edu.br\/unidades\/urucuca\/wp-json\/wp\/v2\/users\/69"}],"replies":[{"embeddable":true,"href":"https:\/\/www.ifbaiano.edu.br\/unidades\/urucuca\/wp-json\/wp\/v2\/comments?post=2603"}],"version-history":[{"count":63,"href":"https:\/\/www.ifbaiano.edu.br\/unidades\/urucuca\/wp-json\/wp\/v2\/pages\/2603\/revisions"}],"predecessor-version":[{"id":11214,"href":"https:\/\/www.ifbaiano.edu.br\/unidades\/urucuca\/wp-json\/wp\/v2\/pages\/2603\/revisions\/11214"}],"up":[{"embeddable":true,"href":"https:\/\/www.ifbaiano.edu.br\/unidades\/urucuca\/wp-json\/wp\/v2\/pages\/71"}],"wp:attachment":[{"href":"https:\/\/www.ifbaiano.edu.br\/unidades\/urucuca\/wp-json\/wp\/v2\/media?parent=2603"}],"curies":[{"name":"wp","href":"https:\/\/api.w.org\/{rel}","templated":true}]}}