{"id":2994,"date":"2016-08-22T06:55:35","date_gmt":"2016-08-22T09:55:35","guid":{"rendered":"http:\/\/www.ifbaiano.edu.br\/unidades\/urucuca\/?page_id=2994"},"modified":"2025-03-18T14:31:13","modified_gmt":"2025-03-18T17:31:13","slug":"diretoria-administrativa","status":"publish","type":"page","link":"https:\/\/www.ifbaiano.edu.br\/unidades\/urucuca\/diretoria-administrativa\/","title":{"rendered":"Diretor(a) Administrativo(a)"},"content":{"rendered":"\n<p><strong>Diretor(a) Administrativo(a):<\/strong>&nbsp;<\/p>\n\n\n\n<p>A Dire\u00e7\u00e3o Administrativa \u00e9 o setor respons\u00e1vel por Planejar, Coordenar, Fomentar, Controlar e Aperfei\u00e7oar a Gest\u00e3o Or\u00e7ament\u00e1ria, Financeira, Cont\u00e1bil e Patrimonial. Auxilia as Coordena\u00e7\u00f5es e N\u00facleos a ele subordinadas na execu\u00e7\u00e3o das a\u00e7\u00f5es espec\u00edficas de cada \u00e1rea de compet\u00eancia.&nbsp;<\/p>\n\n\n\n<p><strong>Respons\u00e1vel:<\/strong> Deborah Itana Magalhaes Correia Mello<strong>\u00a0<\/strong><br><strong>Contato:<\/strong>\u00a0dap@urucuca.ifbaiano.edu.br<\/p>\n","protected":false},"excerpt":{"rendered":"<p>Diretor(a) Administrativo(a):&nbsp; A Dire\u00e7\u00e3o Administrativa \u00e9 o setor respons\u00e1vel por Planejar, Coordenar, Fomentar, Controlar e Aperfei\u00e7oar a Gest\u00e3o Or\u00e7ament\u00e1ria, Financeira, Cont\u00e1bil e Patrimonial. Auxilia as Coordena\u00e7\u00f5es e N\u00facleos a ele subordinadas na execu\u00e7\u00e3o das a\u00e7\u00f5es espec\u00edficas de cada \u00e1rea de compet\u00eancia.&nbsp; Respons\u00e1vel: Deborah Itana Magalhaes Correia Mello\u00a0Contato:\u00a0dap@urucuca.ifbaiano.edu.br<\/p>\n","protected":false},"author":69,"featured_media":0,"parent":0,"menu_order":0,"comment_status":"closed","ping_status":"open","template":"","meta":[],"_links":{"self":[{"href":"https:\/\/www.ifbaiano.edu.br\/unidades\/urucuca\/wp-json\/wp\/v2\/pages\/2994"}],"collection":[{"href":"https:\/\/www.ifbaiano.edu.br\/unidades\/urucuca\/wp-json\/wp\/v2\/pages"}],"about":[{"href":"https:\/\/www.ifbaiano.edu.br\/unidades\/urucuca\/wp-json\/wp\/v2\/types\/page"}],"author":[{"embeddable":true,"href":"https:\/\/www.ifbaiano.edu.br\/unidades\/urucuca\/wp-json\/wp\/v2\/users\/69"}],"replies":[{"embeddable":true,"href":"https:\/\/www.ifbaiano.edu.br\/unidades\/urucuca\/wp-json\/wp\/v2\/comments?post=2994"}],"version-history":[{"count":14,"href":"https:\/\/www.ifbaiano.edu.br\/unidades\/urucuca\/wp-json\/wp\/v2\/pages\/2994\/revisions"}],"predecessor-version":[{"id":11541,"href":"https:\/\/www.ifbaiano.edu.br\/unidades\/urucuca\/wp-json\/wp\/v2\/pages\/2994\/revisions\/11541"}],"wp:attachment":[{"href":"https:\/\/www.ifbaiano.edu.br\/unidades\/urucuca\/wp-json\/wp\/v2\/media?parent=2994"}],"curies":[{"name":"wp","href":"https:\/\/api.w.org\/{rel}","templated":true}]}}