{"id":30,"date":"2011-05-18T18:48:44","date_gmt":"2011-05-18T18:48:44","guid":{"rendered":"http:\/\/localhost\/unidades\/bonfim\/?page_id=30"},"modified":"2025-01-21T11:03:13","modified_gmt":"2025-01-21T14:03:13","slug":"funcionamento-horarios","status":"publish","type":"page","link":"https:\/\/www.ifbaiano.edu.br\/unidades\/urucuca\/funcionamento-horarios\/","title":{"rendered":"Funcionamento"},"content":{"rendered":"\n<p>O <em>Campus<\/em> Uru\u00e7uca est\u00e1 aberto para atendimento ao p\u00fablico nos turnos matutino, de 8h \u00e0s 12h, e vespertino, de 13h \u00e0s 17h, de segunda a sexta-feira.<\/p>\n\n\n\n<figure class=\"wp-block-image size-large\"><a href=\"https:\/\/www.ifbaiano.edu.br\/unidades\/urucuca\/files\/2025\/01\/7464-DJI_0229.webp\"><img decoding=\"async\" loading=\"lazy\" width=\"1024\" height=\"576\" src=\"https:\/\/www.ifbaiano.edu.br\/unidades\/urucuca\/files\/2025\/01\/7464-DJI_0229-1024x576.webp\" alt=\"\" class=\"wp-image-11121\" srcset=\"https:\/\/www.ifbaiano.edu.br\/unidades\/urucuca\/files\/2025\/01\/7464-DJI_0229-1024x576.webp 1024w, https:\/\/www.ifbaiano.edu.br\/unidades\/urucuca\/files\/2025\/01\/7464-DJI_0229-300x169.webp 300w, https:\/\/www.ifbaiano.edu.br\/unidades\/urucuca\/files\/2025\/01\/7464-DJI_0229-768x432.webp 768w, https:\/\/www.ifbaiano.edu.br\/unidades\/urucuca\/files\/2025\/01\/7464-DJI_0229-1536x864.webp 1536w, https:\/\/www.ifbaiano.edu.br\/unidades\/urucuca\/files\/2025\/01\/7464-DJI_0229-100x56.webp 100w, https:\/\/www.ifbaiano.edu.br\/unidades\/urucuca\/files\/2025\/01\/7464-DJI_0229.webp 1920w\" sizes=\"(max-width: 1024px) 100vw, 1024px\" \/><\/a><\/figure>\n\n\n\n<p><\/p>\n","protected":false},"excerpt":{"rendered":"<p>O Campus Uru\u00e7uca est\u00e1 aberto para atendimento ao p\u00fablico nos turnos matutino, de 8h \u00e0s 12h, e vespertino, de 13h \u00e0s 17h, de segunda a sexta-feira.<\/p>\n","protected":false},"author":1,"featured_media":0,"parent":0,"menu_order":0,"comment_status":"closed","ping_status":"closed","template":"","meta":[],"_links":{"self":[{"href":"https:\/\/www.ifbaiano.edu.br\/unidades\/urucuca\/wp-json\/wp\/v2\/pages\/30"}],"collection":[{"href":"https:\/\/www.ifbaiano.edu.br\/unidades\/urucuca\/wp-json\/wp\/v2\/pages"}],"about":[{"href":"https:\/\/www.ifbaiano.edu.br\/unidades\/urucuca\/wp-json\/wp\/v2\/types\/page"}],"author":[{"embeddable":true,"href":"https:\/\/www.ifbaiano.edu.br\/unidades\/urucuca\/wp-json\/wp\/v2\/users\/1"}],"replies":[{"embeddable":true,"href":"https:\/\/www.ifbaiano.edu.br\/unidades\/urucuca\/wp-json\/wp\/v2\/comments?post=30"}],"version-history":[{"count":6,"href":"https:\/\/www.ifbaiano.edu.br\/unidades\/urucuca\/wp-json\/wp\/v2\/pages\/30\/revisions"}],"predecessor-version":[{"id":11129,"href":"https:\/\/www.ifbaiano.edu.br\/unidades\/urucuca\/wp-json\/wp\/v2\/pages\/30\/revisions\/11129"}],"wp:attachment":[{"href":"https:\/\/www.ifbaiano.edu.br\/unidades\/urucuca\/wp-json\/wp\/v2\/media?parent=30"}],"curies":[{"name":"wp","href":"https:\/\/api.w.org\/{rel}","templated":true}]}}

<p>O <em>Campus</em> Uruçuca está aberto para atendimento ao público nos turnos matutino, de 8h às 12h, e vespertino, de 13h às 17h, de segunda a sexta-feira.</p>



<figure class="wp-block-image size-large"><a href="https://www.ifbaiano.edu.br/unidades/urucuca/files/2025/01/7464-DJI_0229.webp"><img decoding="async" loading="lazy" width="1024" height="576" src="https://www.ifbaiano.edu.br/unidades/urucuca/files/2025/01/7464-DJI_0229-1024x576.webp" alt="" class="wp-image-11121" srcset="https://www.ifbaiano.edu.br/unidades/urucuca/files/2025/01/7464-DJI_0229-1024x576.webp 1024w, https://www.ifbaiano.edu.br/unidades/urucuca/files/2025/01/7464-DJI_0229-300x169.webp 300w, https://www.ifbaiano.edu.br/unidades/urucuca/files/2025/01/7464-DJI_0229-768x432.webp 768w, https://www.ifbaiano.edu.br/unidades/urucuca/files/2025/01/7464-DJI_0229-1536x864.webp 1536w, https://www.ifbaiano.edu.br/unidades/urucuca/files/2025/01/7464-DJI_0229-100x56.webp 100w, https://www.ifbaiano.edu.br/unidades/urucuca/files/2025/01/7464-DJI_0229.webp 1920w" sizes="(max-width: 1024px) 100vw, 1024px" /></a></figure>



<p></p>

<p>O Campus Uruçuca está aberto para atendimento ao público nos turnos matutino, de 8h às 12h, e vespertino, de 13h às 17h, de segunda a sexta-feira.</p>
