{"id":4685,"date":"2019-02-07T10:37:10","date_gmt":"2019-02-07T13:37:10","guid":{"rendered":"http:\/\/www.ifbaiano.edu.br\/unidades\/urucuca\/?page_id=4685"},"modified":"2026-04-06T15:39:48","modified_gmt":"2026-04-06T18:39:48","slug":"geni","status":"publish","type":"page","link":"https:\/\/www.ifbaiano.edu.br\/unidades\/urucuca\/geni\/","title":{"rendered":"Geni &#8211; N\u00facleo de Estudos de G\u00eanero e Sexualidade"},"content":{"rendered":"\n<p>O&nbsp;<strong>Geni<\/strong>&nbsp;\u00e9 um n\u00facleo propositivo e consultivo do Instituto Federal de Educa\u00e7\u00e3o, Ci\u00eancia e Tecnologia Baiano (<strong>IF Baiano<\/strong>), que estimula e promove a\u00e7\u00f5es de&nbsp;<strong>Ensino, Pesquisa e Extens\u00e3o<\/strong>&nbsp;voltadas \u00e0 educa\u00e7\u00e3o para a diversidade de&nbsp;<strong>g\u00eanero e sexualidade<\/strong>.<\/p>\n\n\n\n<p>Idealizado por&nbsp;<strong>Iara Bernab\u00f3 Colina<\/strong>, o n\u00facleo foi criado no campus&nbsp;<strong>Uru\u00e7uca<\/strong>&nbsp;por meio da&nbsp;<strong>portaria interna n\u00ba 99, de 28 de setembro de 2017<\/strong>. Em 10 de junho de 2020, o Geni foi regulamentado pelo&nbsp;<strong>CONSUP<\/strong>&nbsp;e hoje est\u00e1 presente em toda a rede do IF Baiano.<\/p>\n\n\n\n<h2 class=\"wp-block-heading\"><strong>Composi\u00e7\u00e3o e Prop\u00f3sitos<\/strong><\/h2>\n\n\n\n<p>O Geni \u00e9 formado por&nbsp;<strong>estudantes, servidores e membros externos<\/strong>, que se re\u00fanem para propor discuss\u00f5es sobre como&nbsp;<strong>g\u00eanero e sexualidade<\/strong>&nbsp;s\u00e3o abordados em diferentes contextos, inclusive na educa\u00e7\u00e3o.<\/p>\n\n\n\n<p>Dentre suas atividades, o n\u00facleo organiza e participa de:<\/p>\n\n\n\n<ul>\n<li><strong>Eventos, oficinas e rodas de conversa<\/strong><\/li>\n\n\n\n<li><strong>Exibi\u00e7\u00e3o de filmes, mini-cursos e palestras<\/strong><\/li>\n\n\n\n<li><strong>Leituras em grupo e outras a\u00e7\u00f5es formativas<\/strong><\/li>\n<\/ul>\n\n\n\n<p>Al\u00e9m disso, o Geni atua no fortalecimento de&nbsp;<strong>redes de prote\u00e7\u00e3o e preven\u00e7\u00e3o<\/strong>, promovendo encaminhamentos em casos de&nbsp;<strong>viol\u00eancia de g\u00eanero e sexualidade<\/strong>. Tamb\u00e9m dialoga com&nbsp;<strong>movimentos sociais, \u00f3rg\u00e3os p\u00fablicos e pol\u00edticas institucionais<\/strong>, buscando promover a&nbsp;<strong>equidade<\/strong>&nbsp;dentro e fora da escola.<\/p>\n\n\n\n<h2 class=\"wp-block-heading\"><strong>O Nome \u201cGeni\u201d e Seu Significado<\/strong><\/h2>\n\n\n\n<p>O nome do n\u00facleo faz refer\u00eancia \u00e0 personagem da m\u00fasica&nbsp;<strong>\u201cGeni e o Zepelin\u201d<\/strong>, de&nbsp;<strong>Chico Buarque<\/strong>, parte da trilha sonora do espet\u00e1culo&nbsp;<strong>\u00d3pera do Malandro<\/strong>. Geni \u00e9 uma figura&nbsp;<strong>h\u00edbrida, mut\u00e1vel e transgressora<\/strong>, que atravessa as fronteiras do&nbsp;<strong>masculino e feminino<\/strong>. Sua escolha reflete o compromisso do n\u00facleo em estudar e debater temas como&nbsp;<strong>g\u00eanero, sexualidade e diversidade<\/strong>.<\/p>\n\n\n\n<h2 class=\"wp-block-heading\"><strong>Miss\u00e3o e Compromisso<\/strong><\/h2>\n\n\n\n<p>Vivemos em uma sociedade&nbsp;<strong>patriarcal e heteronormativa<\/strong>, que imp\u00f5e pap\u00e9is de g\u00eanero r\u00edgidos e reproduz preconceitos contra o&nbsp;<strong>feminino<\/strong>, independentemente do corpo que ele habita. Essa vis\u00e3o bin\u00e1ria refor\u00e7a&nbsp;<strong>estere\u00f3tipos, exclus\u00f5es e viol\u00eancias<\/strong>, como a&nbsp;<strong>misoginia, o machismo e a LGBTQIA+fobia<\/strong>.<\/p>\n\n\n\n<p>O Geni tem como miss\u00e3o contribuir para a&nbsp;<strong>produ\u00e7\u00e3o e dissemina\u00e7\u00e3o do conhecimento<\/strong>, combatendo preconceitos e promovendo um ambiente educacional&nbsp;<strong>acolhedor e seguro<\/strong>.<\/p>\n\n\n\n<p>O espa\u00e7o escolar deve ser um lugar onde&nbsp;<strong>todes se sintam respeitades<\/strong>. Para dizer&nbsp;<strong>n\u00e3o \u00e0 viol\u00eancia<\/strong>, \u00e9 essencial falar abertamente sobre&nbsp;<strong>corpo, g\u00eanero e sexualidade<\/strong>&nbsp;e entender como esses temas impactam nossas vidas e rela\u00e7\u00f5es.<\/p>\n\n\n\n<p>Juntes, podemos construir uma realidade mais justa, livre de&nbsp;<strong>discrimina\u00e7\u00e3o e opress\u00e3o<\/strong>.<\/p>\n\n\n\n<p>\ud83d\udd39&nbsp;<strong>Vamos prevenir e combater qualquer tipo de viol\u00eancia baseada em g\u00eanero ou sexualidade. Todes merecem se sentir segures e respeitades!<\/strong><\/p>\n\n\n\n<p><strong>Quem pode participar?<br><\/strong>O Geni pode ser composto por servidorxs do campus, trabalhadorxs terceirizadxs, estudantes e seus familiares, estagi\u00e1rixs e representantes da comunidade externa. Preencha o <strong><a href=\"https:\/\/docs.google.com\/forms\/d\/e\/1FAIpQLSe2_xEAbbVeGfB53UtCt02aRVsdL3mCyOnukAZqsxUd-nXQ9Q\/viewform\">formul\u00e1rio<\/a> <\/strong>e fa\u00e7a parte do Geni!<\/p>\n\n\n<div class=\"wp-block-image\">\n<figure class=\"aligncenter is-resized\"><a href=\"https:\/\/www.ifbaiano.edu.br\/unidades\/urucuca\/files\/2024\/03\/WhatsApp-Image-2024-02-27-at-16.32.53.jpeg\"><img decoding=\"async\" loading=\"lazy\" src=\"https:\/\/www.ifbaiano.edu.br\/unidades\/urucuca\/files\/2024\/03\/WhatsApp-Image-2024-02-27-at-16.32.53.jpeg\" alt=\"\" class=\"wp-image-9548\" width=\"504\" height=\"696\" \/><\/a><\/figure><\/div>\n\n\n<p class=\"has-white-color has-text-color has-background\" style=\"background-color:#026e00\"><strong>DOCUMENTOS<\/strong><\/p>\n\n\n\n<p><a href=\"https:\/\/www.ifbaiano.edu.br\/unidades\/urucuca\/files\/2026\/04\/Regulamento-Geni-Nucleo-de-Estudos-de-Genero-e-Sexualidade-CONSUP.pdf\" data-type=\"URL\" data-id=\"https:\/\/www.ifbaiano.edu.br\/unidades\/urucuca\/files\/2026\/04\/Regulamento-Geni-Nucleo-de-Estudos-de-Genero-e-Sexualidade-CONSUP.pdf\" target=\"_blank\" rel=\"noreferrer noopener\">Regulamento Geni &#8211; N\u00facleo de Estudos em G\u00eanero e Sexualidade<\/a><\/p>\n\n\n\n<p class=\"has-white-color has-text-color has-background\" style=\"background-color:#026e00\"><strong>Atividades<\/strong><\/p>\n\n\n\n<p><strong><br><\/strong><a href=\"https:\/\/www.ifbaiano.edu.br\/unidades\/urucuca\/2024\/09\/06\/aniversario-de-7-anos-do-geni\/\">Anivers\u00e1rio de 7 anos do Geni<\/a><br><a href=\"https:\/\/www.instagram.com\/p\/C9xQowXRAQn\/\">Roda de Leitura &#8211; bell hooks &#8211; Salva\u00e7\u00e3o &#8211; Julho das Pretas<\/a><br><a href=\"https:\/\/www.instagram.com\/p\/C48ltOiRqRn\/?img_index=1\">Roda de Conversa &#8211; A Mulher como Fonte Geradora de Vida &#8211; Semana Escolar de Combate \u00e0 Viol\u00eancia Contra a Mulher<\/a><br><a href=\"https:\/\/www.instagram.com\/p\/C4GusqFxIEu\/\">Semana Escolar de Combate \u00e0 Viol\u00eancia contra a Mulher<\/a><\/p>\n\n\n\n<p class=\"has-white-color has-text-color has-background\" style=\"background-color:#026e00\"><strong>Contato<\/strong><\/p>\n\n\n\n<p><strong>Coordenadoras:<\/strong> Joanna Carvalho<br><strong>e-mail:<\/strong> geni@urucuca.ifbaiano.edu.br<\/p>\n\n\n\n<p><a href=\"https:\/\/www.instagram.com\/geni.urucuca\/\">Geni Uru\u00e7uca (@geni.urucuca) \u2022 fotos e v\u00eddeos do Instagram<\/a><\/p>\n\n\n\n<p>&nbsp;<\/p>\n\n\n<div class=\"wp-block-image\">\n<figure class=\"aligncenter\"><a href=\"http:\/\/www.ifbaiano.edu.br\/unidades\/urucuca\/files\/2019\/02\/LOGO-GENI-Colorida-sem-fundo.png\"><img decoding=\"async\" loading=\"lazy\" width=\"1588\" height=\"1101\" src=\"http:\/\/www.ifbaiano.edu.br\/unidades\/urucuca\/files\/2019\/02\/LOGO-GENI-Colorida-sem-fundo.png\" alt=\"LOGO GENI Colorida - sem fundo\" class=\"wp-image-4796\" \/><\/a><\/figure><\/div>\n\n\n<p><\/p>\n","protected":false},"excerpt":{"rendered":"<p>O&nbsp;Geni&nbsp;\u00e9 um n\u00facleo propositivo e consultivo do Instituto Federal de Educa\u00e7\u00e3o, Ci\u00eancia e Tecnologia Baiano (IF Baiano), que estimula e promove a\u00e7\u00f5es de&nbsp;Ensino, Pesquisa e Extens\u00e3o&nbsp;voltadas \u00e0 educa\u00e7\u00e3o para a diversidade de&nbsp;g\u00eanero e sexualidade. Idealizado por&nbsp;Iara Bernab\u00f3 Colina, o n\u00facleo foi criado no campus&nbsp;Uru\u00e7uca&nbsp;por meio da&nbsp;portaria interna n\u00ba 99, de 28 de setembro de 2017. [&hellip;]<\/p>\n","protected":false},"author":67,"featured_media":0,"parent":0,"menu_order":0,"comment_status":"closed","ping_status":"closed","template":"","meta":[],"_links":{"self":[{"href":"https:\/\/www.ifbaiano.edu.br\/unidades\/urucuca\/wp-json\/wp\/v2\/pages\/4685"}],"collection":[{"href":"https:\/\/www.ifbaiano.edu.br\/unidades\/urucuca\/wp-json\/wp\/v2\/pages"}],"about":[{"href":"https:\/\/www.ifbaiano.edu.br\/unidades\/urucuca\/wp-json\/wp\/v2\/types\/page"}],"author":[{"embeddable":true,"href":"https:\/\/www.ifbaiano.edu.br\/unidades\/urucuca\/wp-json\/wp\/v2\/users\/67"}],"replies":[{"embeddable":true,"href":"https:\/\/www.ifbaiano.edu.br\/unidades\/urucuca\/wp-json\/wp\/v2\/comments?post=4685"}],"version-history":[{"count":14,"href":"https:\/\/www.ifbaiano.edu.br\/unidades\/urucuca\/wp-json\/wp\/v2\/pages\/4685\/revisions"}],"predecessor-version":[{"id":13806,"href":"https:\/\/www.ifbaiano.edu.br\/unidades\/urucuca\/wp-json\/wp\/v2\/pages\/4685\/revisions\/13806"}],"wp:attachment":[{"href":"https:\/\/www.ifbaiano.edu.br\/unidades\/urucuca\/wp-json\/wp\/v2\/media?parent=4685"}],"curies":[{"name":"wp","href":"https:\/\/api.w.org\/{rel}","templated":true}]}}

Geni &#8211; Núcleo de Estudos de Gênero e Sexualidade

<p>O&nbsp;<strong>Geni</strong>&nbsp;é um núcleo propositivo e consultivo do Instituto Federal de Educação, Ciência e Tecnologia Baiano (<strong>IF Baiano</strong>), que estimula e promove ações de&nbsp;<strong>Ensino, Pesquisa e Extensão</strong>&nbsp;voltadas à educação para a diversidade de&nbsp;<strong>gênero e sexualidade</strong>.</p>



<p>Idealizado por&nbsp;<strong>Iara Bernabó Colina</strong>, o núcleo foi criado no campus&nbsp;<strong>Uruçuca</strong>&nbsp;por meio da&nbsp;<strong>portaria interna nº 99, de 28 de setembro de 2017</strong>. Em 10 de junho de 2020, o Geni foi regulamentado pelo&nbsp;<strong>CONSUP</strong>&nbsp;e hoje está presente em toda a rede do IF Baiano.</p>



<h2 class="wp-block-heading"><strong>Composição e Propósitos</strong></h2>



<p>O Geni é formado por&nbsp;<strong>estudantes, servidores e membros externos</strong>, que se reúnem para propor discussões sobre como&nbsp;<strong>gênero e sexualidade</strong>&nbsp;são abordados em diferentes contextos, inclusive na educação.</p>



<p>Dentre suas atividades, o núcleo organiza e participa de:</p>



<ul>
<li><strong>Eventos, oficinas e rodas de conversa</strong></li>



<li><strong>Exibição de filmes, mini-cursos e palestras</strong></li>



<li><strong>Leituras em grupo e outras ações formativas</strong></li>
</ul>



<p>Além disso, o Geni atua no fortalecimento de&nbsp;<strong>redes de proteção e prevenção</strong>, promovendo encaminhamentos em casos de&nbsp;<strong>violência de gênero e sexualidade</strong>. Também dialoga com&nbsp;<strong>movimentos sociais, órgãos públicos e políticas institucionais</strong>, buscando promover a&nbsp;<strong>equidade</strong>&nbsp;dentro e fora da escola.</p>



<h2 class="wp-block-heading"><strong>O Nome “Geni” e Seu Significado</strong></h2>



<p>O nome do núcleo faz referência à personagem da música&nbsp;<strong>“Geni e o Zepelin”</strong>, de&nbsp;<strong>Chico Buarque</strong>, parte da trilha sonora do espetáculo&nbsp;<strong>Ópera do Malandro</strong>. Geni é uma figura&nbsp;<strong>híbrida, mutável e transgressora</strong>, que atravessa as fronteiras do&nbsp;<strong>masculino e feminino</strong>. Sua escolha reflete o compromisso do núcleo em estudar e debater temas como&nbsp;<strong>gênero, sexualidade e diversidade</strong>.</p>



<h2 class="wp-block-heading"><strong>Missão e Compromisso</strong></h2>



<p>Vivemos em uma sociedade&nbsp;<strong>patriarcal e heteronormativa</strong>, que impõe papéis de gênero rígidos e reproduz preconceitos contra o&nbsp;<strong>feminino</strong>, independentemente do corpo que ele habita. Essa visão binária reforça&nbsp;<strong>estereótipos, exclusões e violências</strong>, como a&nbsp;<strong>misoginia, o machismo e a LGBTQIA+fobia</strong>.</p>



<p>O Geni tem como missão contribuir para a&nbsp;<strong>produção e disseminação do conhecimento</strong>, combatendo preconceitos e promovendo um ambiente educacional&nbsp;<strong>acolhedor e seguro</strong>.</p>



<p>O espaço escolar deve ser um lugar onde&nbsp;<strong>todes se sintam respeitades</strong>. Para dizer&nbsp;<strong>não à violência</strong>, é essencial falar abertamente sobre&nbsp;<strong>corpo, gênero e sexualidade</strong>&nbsp;e entender como esses temas impactam nossas vidas e relações.</p>



<p>Juntes, podemos construir uma realidade mais justa, livre de&nbsp;<strong>discriminação e opressão</strong>.</p>



<p>🔹&nbsp;<strong>Vamos prevenir e combater qualquer tipo de violência baseada em gênero ou sexualidade. Todes merecem se sentir segures e respeitades!</strong></p>



<p><strong>Quem pode participar?<br></strong>O Geni pode ser composto por servidorxs do campus, trabalhadorxs terceirizadxs, estudantes e seus familiares, estagiárixs e representantes da comunidade externa. Preencha o <strong><a href="https://docs.google.com/forms/d/e/1FAIpQLSe2_xEAbbVeGfB53UtCt02aRVsdL3mCyOnukAZqsxUd-nXQ9Q/viewform">formulário</a> </strong>e faça parte do Geni!</p>


<div class="wp-block-image">
<figure class="aligncenter is-resized"><a href="https://www.ifbaiano.edu.br/unidades/urucuca/files/2024/03/WhatsApp-Image-2024-02-27-at-16.32.53.jpeg"><img decoding="async" loading="lazy" src="https://www.ifbaiano.edu.br/unidades/urucuca/files/2024/03/WhatsApp-Image-2024-02-27-at-16.32.53.jpeg" alt="" class="wp-image-9548" width="504" height="696" /></a></figure></div>


<p class="has-white-color has-text-color has-background" style="background-color:#026e00"><strong>DOCUMENTOS</strong></p>



<p><a href="https://www.ifbaiano.edu.br/unidades/urucuca/files/2026/04/Regulamento-Geni-Nucleo-de-Estudos-de-Genero-e-Sexualidade-CONSUP.pdf" data-type="URL" data-id="https://www.ifbaiano.edu.br/unidades/urucuca/files/2026/04/Regulamento-Geni-Nucleo-de-Estudos-de-Genero-e-Sexualidade-CONSUP.pdf" target="_blank" rel="noreferrer noopener">Regulamento Geni &#8211; Núcleo de Estudos em Gênero e Sexualidade</a></p>



<p class="has-white-color has-text-color has-background" style="background-color:#026e00"><strong>Atividades</strong></p>



<p><strong><br></strong><a href="https://www.ifbaiano.edu.br/unidades/urucuca/2024/09/06/aniversario-de-7-anos-do-geni/">Aniversário de 7 anos do Geni</a><br><a href="https://www.instagram.com/p/C9xQowXRAQn/">Roda de Leitura &#8211; bell hooks &#8211; Salvação &#8211; Julho das Pretas</a><br><a href="https://www.instagram.com/p/C48ltOiRqRn/?img_index=1">Roda de Conversa &#8211; A Mulher como Fonte Geradora de Vida &#8211; Semana Escolar de Combate à Violência Contra a Mulher</a><br><a href="https://www.instagram.com/p/C4GusqFxIEu/">Semana Escolar de Combate à Violência contra a Mulher</a></p>



<p class="has-white-color has-text-color has-background" style="background-color:#026e00"><strong>Contato</strong></p>



<p><strong>Coordenadoras:</strong> Joanna Carvalho<br><strong>e-mail:</strong> geni@urucuca.ifbaiano.edu.br</p>



<p><a href="https://www.instagram.com/geni.urucuca/">Geni Uruçuca (@geni.urucuca) • fotos e vídeos do Instagram</a></p>



<p>&nbsp;</p>


<div class="wp-block-image">
<figure class="aligncenter"><a href="http://www.ifbaiano.edu.br/unidades/urucuca/files/2019/02/LOGO-GENI-Colorida-sem-fundo.png"><img decoding="async" loading="lazy" width="1588" height="1101" src="http://www.ifbaiano.edu.br/unidades/urucuca/files/2019/02/LOGO-GENI-Colorida-sem-fundo.png" alt="LOGO GENI Colorida - sem fundo" class="wp-image-4796" /></a></figure></div>


<p></p>

<p>O&nbsp;Geni&nbsp;é um núcleo propositivo e consultivo do Instituto Federal de Educação, Ciência e Tecnologia Baiano (IF Baiano), que estimula e promove ações de&nbsp;Ensino, Pesquisa e Extensão&nbsp;voltadas à educação para a diversidade de&nbsp;gênero e sexualidade. Idealizado por&nbsp;Iara Bernabó Colina, o núcleo foi criado no campus&nbsp;Uruçuca&nbsp;por meio da&nbsp;portaria interna nº 99, de 28 de setembro de 2017. [&hellip;]</p>
