{"id":4978,"date":"2019-03-18T22:52:47","date_gmt":"2019-03-19T01:52:47","guid":{"rendered":"http:\/\/www.ifbaiano.edu.br\/unidades\/urucuca\/?page_id=4978"},"modified":"2025-01-28T10:44:05","modified_gmt":"2025-01-28T13:44:05","slug":"tecnico-em-agrimensura","status":"publish","type":"page","link":"https:\/\/www.ifbaiano.edu.br\/unidades\/urucuca\/tecnico-em-agrimensura\/","title":{"rendered":"T\u00e9cnico em Agrimensura"},"content":{"rendered":"<p><strong>Sobre o curso:<\/strong><\/p>\n<p style=\"text-align: justify\">O curso T\u00e9cnico em Agrimensura habilitar\u00e1 profissionais com as tecnologias atualmente dispon\u00edveis no mercado (receptores GPS, esta\u00e7\u00f5es totais, n\u00edveis autom\u00e1ticos, softwares relativos \u00e0 Agrimensura, etc).<br \/>\nO curso T\u00e9cnico em Agrimensura, vem buscando o aperfei\u00e7oamento e qualidade mais apropriada ao perfil de forma\u00e7\u00e3o do profissional, requerido pelo mundo atual do trabalho. Com o desenvolvimento a aplica\u00e7\u00e3o de novas tecnologias relacionadas \u00e0 Agrimensura fazem surgir diversas oportunidades de expans\u00e3o do mercado nessa \u00e1rea, tanto em centros urbanos como nas \u00e1reas rurais, especialmente em: projetos de engenharia (rodovias, redes de energia, de esgoto e de agua). Trabalho aut\u00f4nomo, em institui\u00e7\u00f5es privadas e p\u00fablicas que atuam no campo da topografia, da geod\u00e9sia, da constru\u00e7\u00e3o civil, da demarca\u00e7\u00e3o de terras, de infraestrutura e da engenharia em geral.<\/p>\n<p><a href=\"https:\/\/www.ifbaiano.edu.br\/unidades\/urucuca\/files\/2025\/01\/Projeto-Pedagogico-do-Curso_Tecnico-em-Agrimensura_Ensino-Medio-Subsequente.pdf\">Projeto Pedag\u00f3gico do Curso<\/a><\/p>\n<hr \/>\n<p><strong>Objetivo do curso: <\/strong><\/p>\n<p style=\"text-align: justify\">O T\u00e9cnico em Agrimensura dever\u00e1 ser um profissional detentor das compet\u00eancias gerais da \u00e1rea e com perfil que lhe permita atual como agente aut\u00f4nomo de desenvolvimento, tanto nas in\u00fameras e predominantes pequenas propriedades da regi\u00e3o, bem como na presta\u00e7\u00e3o de servi\u00e7os de assist\u00eancia t\u00e9cnica.<\/p>\n<hr \/>\n<p style=\"text-align: justify\"><strong>Perfil do Profissional T\u00e9cnico:<\/strong><\/p>\n<p style=\"text-align: justify\">O profissional T\u00e9cnico em Agrimensura ao concluir o curso dever\u00e1 ser um profissional em condi\u00e7\u00f5es de aplicar os conhecimentos cient\u00edficos e tecnol\u00f3gicos adquiridos sobre produ\u00e7\u00e3o, aquisi\u00e7\u00e3o. Armazenamento, an\u00e1lise, dissemina\u00e7\u00e3o e gerenciamento de informa\u00e7\u00f5es espaciais relacionadas com o ambiente e como os recursos terrestres, planejando, coordenando e supervisionando trabalhos de suas atribui\u00e7\u00f5es.<\/p>\n<hr \/>\n<p><strong>Ingresso:<\/strong><\/p>\n<p style=\"text-align: justify\">\u00c9 preciso participar do processo de ingresso de alunos do IF Baiano. A sele\u00e7\u00e3o come\u00e7a no m\u00eas de setembro atrav\u00e9s do site: <a href=\"http:\/\/ingresso.ifbaiano.edu.br\/\">ingresso.ifbaiano.edu.br<\/a><\/p>\n<hr \/>\n<p style=\"text-align: justify\"><strong>Contato:<\/strong><\/p>\n<p>Coordenadora: Keyla Viana dos Santos<br \/>\nPortaria n\u00ba 445, DOU,\u00a0<span id=\"OBJ_PREFIX_DWT85_com_zimbra_date\" class=\"Object\" role=\"link\"><span id=\"OBJ_PREFIX_DWT90_com_zimbra_date\" class=\"Object\" role=\"link\">03\/04\/2020<\/span><\/span><br \/>\nContato:\u00a0<span id=\"OBJ_PREFIX_DWT86_ZmEmailObjectHandler\" class=\"Object\" role=\"link\"><span id=\"OBJ_PREFIX_DWT91_ZmEmailObjectHandler\" class=\"Object\" role=\"link\">keyla.santos@ifbaiano.edu.br<\/span><\/span><br \/>\nCoordena\u00e7\u00e3o de curso:\u00a0<span id=\"OBJ_PREFIX_DWT87_ZmEmailObjectHandler\" class=\"Object\" role=\"link\"><span id=\"OBJ_PREFIX_DWT92_ZmEmailObjectHandler\" class=\"Object\" role=\"link\">subsequente.agrimensura@urucuca.ifbaiano.edu.br<\/span><\/span><\/p>\n","protected":false},"excerpt":{"rendered":"<p>Sobre o curso: O curso T\u00e9cnico em Agrimensura habilitar\u00e1 profissionais com as tecnologias atualmente dispon\u00edveis no mercado (receptores GPS, esta\u00e7\u00f5es totais, n\u00edveis autom\u00e1ticos, softwares relativos \u00e0 Agrimensura, etc). O curso T\u00e9cnico em Agrimensura, vem buscando o aperfei\u00e7oamento e qualidade mais apropriada ao perfil de forma\u00e7\u00e3o do profissional, requerido pelo mundo atual do trabalho. Com o [&hellip;]<\/p>\n","protected":false},"author":67,"featured_media":0,"parent":0,"menu_order":0,"comment_status":"closed","ping_status":"closed","template":"","meta":[],"_links":{"self":[{"href":"https:\/\/www.ifbaiano.edu.br\/unidades\/urucuca\/wp-json\/wp\/v2\/pages\/4978"}],"collection":[{"href":"https:\/\/www.ifbaiano.edu.br\/unidades\/urucuca\/wp-json\/wp\/v2\/pages"}],"about":[{"href":"https:\/\/www.ifbaiano.edu.br\/unidades\/urucuca\/wp-json\/wp\/v2\/types\/page"}],"author":[{"embeddable":true,"href":"https:\/\/www.ifbaiano.edu.br\/unidades\/urucuca\/wp-json\/wp\/v2\/users\/67"}],"replies":[{"embeddable":true,"href":"https:\/\/www.ifbaiano.edu.br\/unidades\/urucuca\/wp-json\/wp\/v2\/comments?post=4978"}],"version-history":[{"count":6,"href":"https:\/\/www.ifbaiano.edu.br\/unidades\/urucuca\/wp-json\/wp\/v2\/pages\/4978\/revisions"}],"predecessor-version":[{"id":11197,"href":"https:\/\/www.ifbaiano.edu.br\/unidades\/urucuca\/wp-json\/wp\/v2\/pages\/4978\/revisions\/11197"}],"wp:attachment":[{"href":"https:\/\/www.ifbaiano.edu.br\/unidades\/urucuca\/wp-json\/wp\/v2\/media?parent=4978"}],"curies":[{"name":"wp","href":"https:\/\/api.w.org\/{rel}","templated":true}]}}