{"id":4999,"date":"2019-03-19T14:00:28","date_gmt":"2019-03-19T17:00:28","guid":{"rendered":"http:\/\/www.ifbaiano.edu.br\/unidades\/urucuca\/?page_id=4999"},"modified":"2026-02-13T11:50:45","modified_gmt":"2026-02-13T14:50:45","slug":"desenvolvimento-regional-e-sustentavel","status":"publish","type":"page","link":"https:\/\/www.ifbaiano.edu.br\/unidades\/urucuca\/desenvolvimento-regional-e-sustentavel\/","title":{"rendered":"Especializa\u00e7\u00e3o em Desenvolvimento Regional Sustent\u00e1vel"},"content":{"rendered":"\n<figure class=\"wp-block-table is-style-stripes\"><table class=\"has-background\" style=\"background-color:#006400\"><thead><tr><th><\/th><\/tr><\/thead><tbody><tr><td><strong>Sobre o curso<\/strong><\/td><\/tr><\/tbody><\/table><figcaption class=\"wp-element-caption\"><strong>Modalidade:&nbsp;<\/strong>EaD &#8211; com momentos presenciais<br><strong>N\u00famero de vagas:<\/strong> 30 (trinta) vagas<br><strong>Vagas para a\u00e7\u00f5es afirmativas:<\/strong><br>O processo de sele\u00e7\u00e3o do corpo discente segue as diretrizes para a\u00e7\u00f5es afirmativas apresentadas pelo regimento geral da P\u00f3s-Gradua\u00e7\u00e3o do IF Baiano. Ficar\u00e3o reservados, do total de vagas dispon\u00edveis em cada processo seletivo, o quantitativo de 20% (vinte por cento) para candidatos negros (pretos e pardos) e ind\u00edgenas (Lei 12.990\/2014) e o quantitativo de 5% (cinco por cento) para candidatos com defici\u00eancia (Lei 3.298\/1999).<br><strong>Periodicidade de oferta:<\/strong> Anual<br><strong>Coordenadora:&nbsp;<\/strong>Profa. Wanessa Queiroz Camboim Barros. Portaria de Pessoal 1002\/2025-RET-GAB\/RET\/IFBAIANO, de 10.09.2025<br><strong>Vice coordenador:&nbsp;<\/strong>Prof. Leandro Sampaio Oliveira Ribeiro<br><strong>Endere\u00e7o eletr\u00f4nico:<\/strong>&nbsp;<a href=\"mailto:pos.drs@urucuca.ifbaiano.edu.br\">pos.drs@urucuca.ifbaiano.edu.br<\/a>&nbsp;<br><em><strong>Campus<\/strong><\/em><strong>:<\/strong>&nbsp;Uru\u00e7uca<br><strong>Carga hor\u00e1ria:<\/strong>&nbsp;400 horas<br>Constitu\u00eddo de 11 (onze) componentes curriculares obrigat\u00f3rios para todos os cursistas e 3 (tr\u00eas) componentes curriculares optativos por cursista, totalizando 11 (doze) disciplinas.<br><strong>P\u00fablico alvo:<\/strong> O p\u00fablico-alvo do programa s\u00e3o graduados (titula\u00e7\u00e3o m\u00ednima exigida) em curso superior reconhecido pelo Minist\u00e9rio da Educa\u00e7\u00e3o e que tenham alguma rela\u00e7\u00e3o com a tem\u00e1tica do desenvolvimento socioecon\u00f4mico territorial.<br><strong>Crit\u00e9rios de sele\u00e7\u00e3o:<\/strong><br>&#8211; Etapa 1 \u2013 Homologa\u00e7\u00e3o (Eliminat\u00f3ria);<br>&#8211; Etapa 2 \u2013 Avalia\u00e7\u00e3o da justificativa (Eliminat\u00f3ria e Classificat\u00f3ria)<br>&#8211; Etapa 3 \u2013 Entrevista (Eliminat\u00f3ria e Classificat\u00f3ria)<br>&#8211; Etapa 4 \u2013 Vagas remanescentes<br><br><strong>Linhas de pesquisa:<\/strong><br><em><strong>Meio ambiente, educa\u00e7\u00e3o ambiental e sustentabilidade<\/strong><\/em><br>Aborda tem\u00e1ticas relacionadas ao meio ambiente, com estudos voltados \u00e0s quest\u00f5es socioecol\u00f3gica-ambiental nos campos formais e informais de educa\u00e7\u00e3o ambiental.<br>Contribuir para a forma\u00e7\u00e3o de agente de desenvolvimento, planejadores e executores de projetos e programas socioambientais, bem como para a forma\u00e7\u00e3o de educadores, visando ampliar compet\u00eancias no sentido da atua\u00e7\u00e3o interdisciplinar atrav\u00e9s do ensino, pesquisa e extens\u00e3o, sobre distintos aspectos da educa\u00e7\u00e3o formal e n\u00e3o formal em suas rela\u00e7\u00f5es com contextos interculturais e com desenvolvimento regional em bases sustent\u00e1veis.<br><br><em><strong>Gest\u00e3o de empreendimento e sustentabilidade<\/strong><\/em><br>Visa \u00e0 realiza\u00e7\u00e3o de pesquisas aplicadas \u00e0 inova\u00e7\u00e3o tecnol\u00f3gica na \u00e1rea de gest\u00e3o de empreendimentos agroalimentares, compreendendo empreendimento econ\u00f4micos solid\u00e1rios, unidade produtiva agropecu\u00e1ria e agroindustrial por meio do desenvolvimento de instrumentos e ferramentas de gest\u00e3o integrada a din\u00e2mica produtiva e ao manejo dos agroecossistemas e a gest\u00e3o de res\u00edduos s\u00f3lidos e da agroind\u00fastria, considerando a possibilidade do reuso sustent\u00e1vel.<br>Desenvolver estudos e pesquisas sobre as cadeias produtivas e arranjos produtivos locais articulados com pol\u00edticas p\u00fablicas e desenvolvimento sustent\u00e1vel, com \u00eanfase na gest\u00e3o, administra\u00e7\u00e3o, governan\u00e7a, mercado, comercializa\u00e7\u00e3o e consumo consciente e sustent\u00e1vel.<br>&nbsp;<br><em><strong>Pol\u00edticas p\u00fablicas para o desenvolvimento regional sustent\u00e1vel<\/strong><\/em><br>Visa realizar pesquisas com foco em processos de forma\u00e7\u00e3o de agenda e implementa\u00e7\u00e3o de pol\u00edticas p\u00fablicas, bem como avalia\u00e7\u00e3o de pol\u00edticas, programas e projetos, a partir de uma abordagem interdisciplinar.<br>An\u00e1lise interdisciplinar de condicionantes e pol\u00edticas relacionadas \u00e0 promo\u00e7\u00e3o do bem-estar, redu\u00e7\u00e3o da pobreza e das desigualdades socioecon\u00f4micas.<br>Estrat\u00e9gias sociais e econ\u00f4micas que contribuam para o desenvolvimento, inclus\u00e3o social e conserva\u00e7\u00e3o ambiental.<br><strong>&nbsp;<\/strong><br><strong>Matriz curricular:<\/strong><br>A oferta curricular conta com 23 (vinte e tr\u00eas) componentes curriculares de 40h\/aula cada (Tabela 1). O discente precisar\u00e1 cursar apenas 11 componentes curriculares para integralizar a carga hor\u00e1ria m\u00ednima exigida pelo curso (400 horas), sendo oito componentes curriculares obrigat\u00f3rios e tr\u00eas optativos, de acordo com as linhas de pesquisas selecionadas e as propostas de projetos apresentadas pelos alunos.<br>Os componentes curriculares: Metodologia da Pesquisa Cient\u00edfica e Semin\u00e1rio Tem\u00e1tico I ser\u00e3o oferecidos nos primeiros M\u00f3dulos, para facilitar o andamento dos Trabalhos de Conclus\u00e3o de Curso pelos alunos, bem como, o Semin\u00e1rio Tem\u00e1tico II (apresenta\u00e7\u00e3o e defesa do TCC) dever\u00e1 ser ofertado no \u00faltimo m\u00f3dulo do curso.<\/figcaption><\/figure>\n\n\n<div class=\"wp-block-image\">\n<figure class=\"aligncenter size-full\"><a href=\"https:\/\/www.ifbaiano.edu.br\/unidades\/urucuca\/files\/2024\/06\/image.png\"><img decoding=\"async\" loading=\"lazy\" width=\"653\" height=\"683\" src=\"https:\/\/www.ifbaiano.edu.br\/unidades\/urucuca\/files\/2024\/06\/image.png\" alt=\"\" class=\"wp-image-9781\" \/><\/a><\/figure><\/div>\n\n\n<figure class=\"wp-block-table is-style-stripes\"><table class=\"has-background\" style=\"background-color:#006400\"><thead><tr><th><\/th><\/tr><\/thead><tbody><tr><td><strong>Docentes<\/strong><\/td><\/tr><\/tbody><\/table><figcaption class=\"wp-element-caption\">Profa. Dra Alzira Gabrielle Soares Saraiva Souza<br><strong>Link do curr\u00edculo lattes: <\/strong><a rel=\"noreferrer noopener\" href=\"http:\/\/lattes.cnpq.br\/37304 6727673359\" data-type=\"URL\" data-id=\"http:\/\/lattes.cnpq.br\/37304 6727673359\" target=\"_blank\">http:\/\/lattes.cnpq.br\/37304 6727673359<\/a><br><strong>E-mail: <\/strong><a href=\"mailto:alzira.souza@ifbaiano.edu.br\">alzira.souza@ifbaiano.edu.br<\/a><br><strong>\u00a0<\/strong><br>Profa. Dra\u00a0Anapaula de Paula Cidade Coelho<br><strong>Linha de Pesquisa em que atua no programa:\u00a0Linha 02 \u2013 <\/strong>Gest\u00e3o de empreendimento e sustentabilidade<br><strong>Link do curr\u00edculo lattes: <\/strong><a href=\"http:\/\/lattes.cnpq.br\/8095495156493815\">http:\/\/lattes.cnpq.br\/8095495156493815<\/a><br><strong>E-mail: <\/strong><a href=\"mailto:anapaula.coelho@ifbaiano.edu.br\">anapaula.coelho@ifbaiano.edu.br<\/a><br>\u00a0<br>Prof. Dr Carlindo Santos Rodrigues<br><strong>Link do curr\u00edculo lattes: <\/strong><a rel=\"noreferrer noopener\" href=\"http:\/\/lattes.cnpq.br\/01820 06505079933\" data-type=\"URL\" data-id=\"http:\/\/lattes.cnpq.br\/01820 06505079933\" target=\"_blank\">http:\/\/lattes.cnpq.br\/01820 06505079933<\/a><br><strong>E-mail: <\/strong><a href=\"mailto:carlindo.rodrigues@ifbaiano.edu.br\">carlindo.rodrigues@ifbaiano.edu.br<\/a><br>\u00a0<br>Profa. Dra Cinira de Ara\u00fajo Farias Fernandes<br><strong>Linha de Pesquisa em que atua no programa:\u00a0Linha<\/strong><br><strong>Link do curr\u00edculo lattes: <\/strong><a rel=\"noreferrer noopener\" href=\"http:\/\/lattes.cnpq.br\/12353 91287860533\" data-type=\"URL\" data-id=\"http:\/\/lattes.cnpq.br\/12353 91287860533\" target=\"_blank\">http:\/\/lattes.cnpq.br\/12353 91287860533<\/a><br><strong>E-mail: <\/strong><a href=\"mailto:cinira.fernandes@ifbaiano.edu.br\">cinira.fernandes@ifbaiano.edu.br<\/a><br>\u00a0<br>Prof. MCs Daniel Carlos Pereira de Oliveira<br><strong>Linha de Pesquisa em que atua no programa:\u00a0Linha<\/strong><br><strong>Link do curr\u00edculo lattes: <\/strong><a rel=\"noreferrer noopener\" href=\"http:\/\/lattes.cnpq.br\/90001 25434300779\" data-type=\"URL\" data-id=\"http:\/\/lattes.cnpq.br\/90001 25434300779\" target=\"_blank\">http:\/\/lattes.cnpq.br\/90001 25434300779<\/a><br><strong>E-mail: <\/strong><a href=\"mailto:daniel.oliveira@ifbaiano.edu.br\">daniel.oliveira@ifbaiano.edu.br<\/a><br>\u00a0<br>Prof. MCs Diogo Ant\u00f4nio Queiroz Gomes<br><strong>Linha de Pesquisa em que atua no programa:\u00a0Linha<\/strong><br><strong>Link do curr\u00edculo lattes: <\/strong><a rel=\"noreferrer noopener\" href=\"http:\/\/lattes.cnpq.br\/86133 43535456091\" data-type=\"URL\" data-id=\"http:\/\/lattes.cnpq.br\/86133 43535456091\" target=\"_blank\">http:\/\/lattes.cnpq.br\/86133 43535456091<\/a><br><strong>E-mail: <\/strong><a href=\"mailto:diogo.gomes@ifbaiano.edu.br\">diogo.gomes@ifbaiano.edu.br<\/a><br>\u00a0<br>Profa. MCs Gilv\u00e2nia Nunes Chaves dos Anjos<br><strong>Linha de Pesquisa em que atua no programa:\u00a0Linha<\/strong><br><strong>Link do curr\u00edculo lattes: <\/strong><a rel=\"noreferrer noopener\" href=\"http:\/\/lattes.cnpq.br\/79114 74272017794\" data-type=\"URL\" data-id=\"http:\/\/lattes.cnpq.br\/79114 74272017794\" target=\"_blank\">http:\/\/lattes.cnpq.br\/79114 74272017794<\/a><br><strong>E-mail: <\/strong><a href=\"mailto:gilvania.anjos@ifbaiano.edu.br\">gilvania.anjos@ifbaiano.edu.br<\/a><br>\u00a0<br>Prof. Dr Jo\u00e3o Victor da Silva Santos<br><strong>Linha de Pesquisa em que atua no programa:\u00a0Linha<\/strong><br><strong>Link do curr\u00edculo lattes: <\/strong><a href=\"http:\/\/lattes.cnpq.br\/6190555222984804\">http:\/\/lattes.cnpq.br\/6190555222984804<\/a><br><strong>E-mail: <\/strong><a href=\"mailto:joao.santos@ifbaiano.edu.br\">joao.santos@ifbaiano.edu.br<\/a><br>\u00a0<br>Prof. Dr Jos\u00e9 Ricardo Rosa dos Santos<br><strong>Linha de Pesquisa em que atua no programa:\u00a0Linha<\/strong><br><strong>Link do curr\u00edculo lattes: <\/strong><a href=\"http:\/\/lattes.cnpq.br\/93044%2072342900823\">http:\/\/lattes.cnpq.br\/93044 72342900823<\/a><br><strong>E-mail: <\/strong><a href=\"mailto:jose.santos@ifbaiano.edu.br\">jose.santos@ifbaiano.edu.br<\/a><br>\u00a0<br>Profa. MCs Julianna Alves Torres<br><strong>Linha de Pesquisa em que atua no programa:\u00a0Linha<\/strong><br><strong>Link do curr\u00edculo lattes: <\/strong><a href=\"http:\/\/lattes.cnpq.br\/23325%2031354987698\">http:\/\/lattes.cnpq.br\/23325 31354987698<\/a><br><strong>E-mail: <\/strong><a href=\"mailto:julianna.torres@ifbaiano.edu.br\">julianna.torres@ifbaiano.edu.br<\/a><br>\u00a0<br>Prof. Dr Leandro Sampaio Oliveira Ribeiro<br><strong>Linha de Pesquisa em que atua no programa:\u00a0Linha<\/strong><br><strong>Link do curr\u00edculo lattes: <\/strong><a href=\"http:\/\/lattes.cnpq.br\/92735%2022994255268\">http:\/\/lattes.cnpq.br\/92735 22994255268<\/a><br><strong>E-mail: <\/strong><a href=\"mailto:leandro.ribeiro@ifbaiano.edu.br\">leandro.ribeiro@ifbaiano.edu.br<\/a><br><br>Profa. MCs Rilvaynia Dantas Soares<br><strong>Linha de Pesquisa em que atua no programa:\u00a0Linha<\/strong><br><strong>Link do curr\u00edculo lattes: <\/strong><a rel=\"noreferrer noopener\" href=\"http:\/\/lattes.cnpq.br\/13498 51886856068\" data-type=\"URL\" data-id=\"http:\/\/lattes.cnpq.br\/13498 51886856068\" target=\"_blank\">http:\/\/lattes.cnpq.br\/13498 51886856068<\/a><br><strong>E-mail: <\/strong><a href=\"mailto:rilvaynia.soares@ifbaiano.edu.br\">rilvaynia.soares@ifbaiano.edu.br<\/a><br>\u00a0<br>Profa. MCs Ta\u00eds Marcele Almeida Tripodi Pereira Galv\u00e3o<br><strong>Linha de Pesquisa em que atua no programa:\u00a0Linha<\/strong><br><strong>Link do curr\u00edculo lattes: <\/strong><a rel=\"noreferrer noopener\" href=\"http:\/\/lattes.cnpq.br\/66900 39183042308\" data-type=\"URL\" data-id=\"http:\/\/lattes.cnpq.br\/66900 39183042308\" target=\"_blank\">http:\/\/lattes.cnpq.br\/66900 39183042308<\/a><br><strong>E-mail: <\/strong><a href=\"mailto:tais.galvao@ifbaiano.edu.br\">tais.galvao@ifbaiano.edu.br<\/a><br>\u00a0<br>Profa. MCs Taisa Fonseca Novaes<br><strong>Linha de Pesquisa em que atua no programa:\u00a0Linha<\/strong><br><strong>Link do curr\u00edculo lattes: <\/strong><a rel=\"noreferrer noopener\" href=\"http:\/\/lattes.cnpq.br\/13877 39177931789\" data-type=\"URL\" data-id=\"http:\/\/lattes.cnpq.br\/13877 39177931789\" target=\"_blank\">http:\/\/lattes.cnpq.br\/13877 39177931789<\/a><br><strong>E-mail: <\/strong><a href=\"mailto:tais.galvao@ifbaiano.edu.br\">tais.galvao@ifbaiano.edu.br<\/a><br><br>Profa. Gabriela Nicolau dos Santos<br><strong>Link do curr\u00edculo lattes:\u00a0<\/strong><a rel=\"noreferrer noopener\" href=\"http:\/\/lattes.cnpq.br\/8967457150053042\" target=\"_blank\">http:\/\/lattes.cnpq.br\/8967457150053042<\/a><strong><br>E-mail<\/strong>:\u00a0gabriela.santos@ifbaiano.edu.br<br><br>Profa. Wanessa Queiroz Camboim Barros<br><strong>Link do curr\u00edculo lattes:\u00a0<\/strong><a rel=\"noreferrer noopener\" href=\"http:\/\/lattes.cnpq.br\/9640620234933322\" target=\"_blank\">http:\/\/lattes.cnpq.br\/9640620234933322<\/a><br><strong>E-mail:<\/strong>\u00a0wanessa.camboim@ifbaiano.edu.br<br>\u00a0<\/figcaption><\/figure>\n\n\n\n<figure class=\"wp-block-table is-style-stripes\"><table class=\"has-background\" style=\"background-color:#006400\"><thead><tr><th><\/th><\/tr><\/thead><tbody><tr><td><strong>Turmas<\/strong><\/td><\/tr><\/tbody><\/table><figcaption class=\"wp-element-caption\"><a href=\"https:\/\/www.ifbaiano.edu.br\/unidades\/urucuca\/turma-2019\/\" data-type=\"URL\" data-id=\"https:\/\/www.ifbaiano.edu.br\/unidades\/urucuca\/turma-2019\/\" target=\"_blank\" rel=\"noreferrer noopener\">Turma 2019<\/a><br><a href=\"https:\/\/www.ifbaiano.edu.br\/unidades\/urucuca\/turma-2021\/\" data-type=\"URL\" data-id=\"https:\/\/www.ifbaiano.edu.br\/unidades\/urucuca\/turma-2021\/\" target=\"_blank\" rel=\"noreferrer noopener\">Turma 2021<\/a><\/figcaption><\/figure>\n\n\n\n<p><\/p>\n\n\n\n<figure class=\"wp-block-table is-style-stripes\"><table class=\"has-background\" style=\"background-color:#006400\"><thead><tr><th><\/th><\/tr><\/thead><tbody><tr><td><strong>Documentos do curso<\/strong><\/td><\/tr><\/tbody><\/table><figcaption class=\"wp-element-caption\"><strong>Documentos gerais<br><\/strong>1-&nbsp;&nbsp;&nbsp;&nbsp;&nbsp; <a rel=\"noreferrer noopener\" href=\"https:\/\/www.ifbaiano.edu.br\/unidades\/urucuca\/files\/2024\/06\/REGIMENTO-GERAL-PG-IFBAIANO-Pos-CONSUP-21_02_2018-1-selecionado.pdf\" data-type=\"URL\" data-id=\"https:\/\/www.ifbaiano.edu.br\/unidades\/urucuca\/files\/2024\/06\/REGIMENTO-GERAL-PG-IFBAIANO-Pos-CONSUP-21_02_2018-1-selecionado.pdf\" target=\"_blank\">Regimento Geral da p\u00f3s-gradua\u00e7\u00e3o do IF Baiano<\/a><br>2-&nbsp;&nbsp;&nbsp;&nbsp;&nbsp; <a href=\"https:\/\/www.ifbaiano.edu.br\/unidades\/urucuca\/files\/2025\/02\/PPC-aprovado-consup-PGDRS-1.pdf\" data-type=\"URL\" data-id=\"https:\/\/www.ifbaiano.edu.br\/unidades\/urucuca\/files\/2025\/02\/PPC-aprovado-consup-PGDRS-1.pdf\" target=\"_blank\" rel=\"noreferrer noopener\">Projeto Pedag\u00f3gico do Curso (PPC)<\/a><br>3-&nbsp;&nbsp;&nbsp;&nbsp;&nbsp; Regimento Interno do Curso<br>4-&nbsp;&nbsp;&nbsp;&nbsp;&nbsp; Formul\u00e1rio de pr\u00e9-matricula disciplinas optativas &#8211; <a href=\"https:\/\/forms.gle\/JDGwrb5qYQPT867f7\">https:\/\/forms.gle\/JDGwrb5qYQPT867f7<\/a><br>5-&nbsp;&nbsp;&nbsp;&nbsp;&nbsp; Calend\u00e1rio acad\u00eamico 2025.1 aprovado pelo colegiado do curso<br>&nbsp;<br><strong>Documentos relacionados ao TCC<em><br>Necess\u00e1rios \u00e0 elabora\u00e7\u00e3o do TCC<\/em><\/strong><br>1-&nbsp;&nbsp; <a rel=\"noreferrer noopener\" href=\"https:\/\/www.ifbaiano.edu.br\/unidades\/urucuca\/files\/2024\/06\/Regulamento-do-TCC-da-PGDRS.pdf\" data-type=\"URL\" data-id=\"https:\/\/www.ifbaiano.edu.br\/unidades\/urucuca\/files\/2024\/06\/Regulamento-do-TCC-da-PGDRS.pdf\" target=\"_blank\">Regulamento do TCC<\/a><br>2-&nbsp;&nbsp; <a rel=\"noreferrer noopener\" href=\"https:\/\/www.ifbaiano.edu.br\/unidades\/urucuca\/files\/2024\/06\/Modelo-para-o-projeto-de-intervencao.pdf\" data-type=\"URL\" data-id=\"https:\/\/www.ifbaiano.edu.br\/unidades\/urucuca\/files\/2024\/06\/Modelo-para-o-projeto-de-intervencao.pdf\" target=\"_blank\">Modelo para o projeto de interven\u00e7\u00e3o<\/a><br>3-&nbsp;&nbsp; Template para artigo<br><br><strong><em>Necess\u00e1rios \u00e0 defesa do TCC<\/em><\/strong><br>1-&nbsp;&nbsp;&nbsp;&nbsp;&nbsp;<a rel=\"noreferrer noopener\" href=\"https:\/\/www.ifbaiano.edu.br\/unidades\/urucuca\/files\/2024\/06\/Fluxograma-para-defesa-do-TCC.pdf\" data-type=\"URL\" data-id=\"https:\/\/www.ifbaiano.edu.br\/unidades\/urucuca\/files\/2024\/06\/Fluxograma-para-defesa-do-TCC.pdf\" target=\"_blank\">Fluxograma para processo de defesa e p\u00f3s-defesa do TCC<\/a><br>2-&nbsp;&nbsp;&nbsp;&nbsp;&nbsp;Participa\u00e7\u00e3o de membros externos na banca<br>a)&nbsp;&nbsp;&nbsp;&nbsp;&nbsp;<a rel=\"noreferrer noopener\" href=\"https:\/\/www.ifbaiano.edu.br\/unidades\/urucuca\/files\/2024\/06\/Fluxograma-para-cadastro-pessoa-externa.pdf\" data-type=\"URL\" data-id=\"https:\/\/www.ifbaiano.edu.br\/unidades\/urucuca\/files\/2024\/06\/Fluxograma-para-cadastro-pessoa-externa.pdf\" target=\"_blank\">Fluxograma para cadastro de membro externo para assinatura eletr\u00f4nica<\/a><br>b)&nbsp;&nbsp;&nbsp;&nbsp;<a rel=\"noreferrer noopener\" href=\"https:\/\/www.ifbaiano.edu.br\/unidades\/urucuca\/files\/2024\/06\/IN_31_IFBAIANO.pdf\" data-type=\"URL\" data-id=\"https:\/\/www.ifbaiano.edu.br\/unidades\/urucuca\/files\/2024\/06\/IN_31_IFBAIANO.pdf\" target=\"_blank\">Instru\u00e7\u00e3o Normativa 31\/2020<\/a> &#8211; Regulamentar procedimentos para assinatura de pessoas externas em documentos eletr\u00f4nicos do Sistema Unificado de Administra\u00e7\u00e3o P\u00fablica (SUAP), no \u00e2mbito do IF Baiano.<br>c)&nbsp;&nbsp;&nbsp;&nbsp;&nbsp;<a rel=\"noreferrer noopener\" href=\"https:\/\/www.ifbaiano.edu.br\/unidades\/urucuca\/files\/2024\/06\/Formulario-cadastro-externo-no-SUAP.pdf\" data-type=\"URL\" data-id=\"https:\/\/www.ifbaiano.edu.br\/unidades\/urucuca\/files\/2024\/06\/Formulario-cadastro-externo-no-SUAP.pdf\" target=\"_blank\">Formul\u00e1rio de cadastro para membros externos no SUAP<\/a><br>&nbsp;<br><em><strong>Necess\u00e1rio ao p\u00f3s defesa do TCC<\/strong><br><\/em>1-&nbsp;&nbsp;&nbsp;&nbsp;&nbsp; <a rel=\"noreferrer noopener\" href=\"https:\/\/www.ifbaiano.edu.br\/unidades\/urucuca\/files\/2024\/06\/Termo-autorizacao-disponibilizacao-do-TCC-na-biblioteca.pdf\" data-type=\"URL\" data-id=\"https:\/\/www.ifbaiano.edu.br\/unidades\/urucuca\/files\/2024\/06\/Termo-autorizacao-disponibilizacao-do-TCC-na-biblioteca.pdf\" target=\"_blank\">Termo de autoriza\u00e7\u00e3o para disponibiliza\u00e7\u00e3o do TCC<\/a><br>2-&nbsp;&nbsp;&nbsp;&nbsp;&nbsp; <a rel=\"noreferrer noopener\" href=\"https:\/\/www.ifbaiano.edu.br\/unidades\/urucuca\/files\/2024\/06\/Declaracao-orientador-atestando-alteracoes-no-TCC.pdf\" data-type=\"URL\" data-id=\"https:\/\/www.ifbaiano.edu.br\/unidades\/urucuca\/files\/2024\/06\/Declaracao-orientador-atestando-alteracoes-no-TCC.pdf\" target=\"_blank\">Orientador atestando as altera\u00e7\u00f5es realizadas<\/a><br>3-&nbsp;&nbsp;&nbsp;&nbsp;&nbsp; <a rel=\"noreferrer noopener\" href=\"https:\/\/www.ifbaiano.edu.br\/unidades\/urucuca\/files\/2024\/06\/Orientacoes-para-submissao-a-revista-Macambira.pdf\" data-type=\"URL\" data-id=\"https:\/\/www.ifbaiano.edu.br\/unidades\/urucuca\/files\/2024\/06\/Orientacoes-para-submissao-a-revista-Macambira.pdf\" target=\"_blank\">Orienta\u00e7\u00f5es para submiss\u00e3o a revista Macambira<\/a><br>4-&nbsp;&nbsp;&nbsp;&nbsp;&nbsp; <a rel=\"noreferrer noopener\" href=\"https:\/\/www.ifbaiano.edu.br\/unidades\/urucuca\/files\/2024\/06\/Tamplate-da-revista-Macambira.pdf\" data-type=\"URL\" data-id=\"https:\/\/www.ifbaiano.edu.br\/unidades\/urucuca\/files\/2024\/06\/Tamplate-da-revista-Macambira.pdf\" target=\"_blank\">Template da revista Macambira<\/a><\/figcaption><\/figure>\n\n\n\n<figure class=\"wp-block-table is-style-stripes\"><table class=\"has-background\" style=\"background-color:#006400\"><thead><tr><th><\/th><\/tr><\/thead><tbody><tr><td><strong>Biblioteca Digital &#8211; TCC<\/strong><\/td><\/tr><\/tbody><\/table><figcaption class=\"wp-element-caption\"><a href=\"https:\/\/www.ifbaiano.edu.br\/unidades\/urucuca\/tccs-turma-2019\/\" data-type=\"URL\" data-id=\"https:\/\/www.ifbaiano.edu.br\/unidades\/urucuca\/tccs-turma-2019\/\" target=\"_blank\" rel=\"noreferrer noopener\">Turma 2019<\/a><br><a href=\"https:\/\/www.ifbaiano.edu.br\/unidades\/urucuca\/tccs-turma-2021\/\" data-type=\"URL\" data-id=\"https:\/\/www.ifbaiano.edu.br\/unidades\/urucuca\/tccs-turma-2021\/\" target=\"_blank\" rel=\"noreferrer noopener\">Turma 2021<\/a><\/figcaption><\/figure>\n\n\n\n<figure class=\"wp-block-table is-style-stripes\"><table class=\"has-background\" style=\"background-color:#006400\"><thead><tr><th><\/th><\/tr><\/thead><tbody><tr><td><strong><strong>Informa\u00e7\u00f5es Acad\u00eamicas<\/strong><\/strong><\/td><\/tr><\/tbody><\/table><figcaption class=\"wp-element-caption\"><strong>INFORMA\u00c7\u00d5ES ACAD\u00caMICAS 2025.1<\/strong><br>Per\u00edodo de realiza\u00e7\u00e3o dos m\u00f3dulos dos componentes curriculares obrigat\u00f3rios:<br>Per\u00edodo de realiza\u00e7\u00e3o dos m\u00f3dulos dos componentes curriculares optativos:<br>Data do semin\u00e1rio de apresenta\u00e7\u00e3o do projeto de interven\u00e7\u00e3o:<br>Per\u00edodo de realiza\u00e7\u00e3o do projeto de interven\u00e7\u00e3o:<br>Per\u00edodo da defesa do TCC:<br>Data limite da entrega da vers\u00e3o final e carta de submiss\u00e3o do TCC em revista ou evento: <\/figcaption><\/figure>\n\n\n\n<figure class=\"wp-block-table is-style-stripes\"><table class=\"has-background\" style=\"background-color:#006400\"><thead><tr><th><\/th><\/tr><\/thead><tbody><tr><td><strong><strong>Contatos<\/strong><\/strong><\/td><\/tr><\/tbody><\/table><figcaption class=\"wp-element-caption\"><strong>E-mail da coordena\u00e7\u00e3o:<\/strong><a href=\"mailto:pos.edu@catu.ifbaiano.edu.br\"><\/a> <a href=\"mailto:pos.drs@urucuca.ifbaiano.edu.br\">pos.drs@urucuca.ifbaiano.edu.br<\/a><br><strong>Endere\u00e7o:<\/strong>&nbsp;Rua Dr. Jo\u00e3o Nascimento, s\/n. Uru\u00e7uca-Bahia. CEP 45.680-000<br><br><strong>*Obs.:<\/strong>&nbsp;O e-mail de cada docente do colegiado pode ser encontrado no link \u201cDocentes\u201d localizado no menu \u00e0 esquerda do site.<\/figcaption><\/figure>\n\n\n\n<p><\/p>\n\n\n\n<p><\/p>\n","protected":false},"excerpt":{"rendered":"<p>Sobre o curso Modalidade:&nbsp;EaD &#8211; com momentos presenciaisN\u00famero de vagas: 30 (trinta) vagasVagas para a\u00e7\u00f5es afirmativas:O processo de sele\u00e7\u00e3o do corpo discente segue as diretrizes para a\u00e7\u00f5es afirmativas apresentadas pelo regimento geral da P\u00f3s-Gradua\u00e7\u00e3o do IF Baiano. Ficar\u00e3o reservados, do total de vagas dispon\u00edveis em cada processo seletivo, o quantitativo de 20% (vinte por cento) [&hellip;]<\/p>\n","protected":false},"author":67,"featured_media":0,"parent":0,"menu_order":0,"comment_status":"closed","ping_status":"closed","template":"","meta":[],"_links":{"self":[{"href":"https:\/\/www.ifbaiano.edu.br\/unidades\/urucuca\/wp-json\/wp\/v2\/pages\/4999"}],"collection":[{"href":"https:\/\/www.ifbaiano.edu.br\/unidades\/urucuca\/wp-json\/wp\/v2\/pages"}],"about":[{"href":"https:\/\/www.ifbaiano.edu.br\/unidades\/urucuca\/wp-json\/wp\/v2\/types\/page"}],"author":[{"embeddable":true,"href":"https:\/\/www.ifbaiano.edu.br\/unidades\/urucuca\/wp-json\/wp\/v2\/users\/67"}],"replies":[{"embeddable":true,"href":"https:\/\/www.ifbaiano.edu.br\/unidades\/urucuca\/wp-json\/wp\/v2\/comments?post=4999"}],"version-history":[{"count":23,"href":"https:\/\/www.ifbaiano.edu.br\/unidades\/urucuca\/wp-json\/wp\/v2\/pages\/4999\/revisions"}],"predecessor-version":[{"id":13656,"href":"https:\/\/www.ifbaiano.edu.br\/unidades\/urucuca\/wp-json\/wp\/v2\/pages\/4999\/revisions\/13656"}],"wp:attachment":[{"href":"https:\/\/www.ifbaiano.edu.br\/unidades\/urucuca\/wp-json\/wp\/v2\/media?parent=4999"}],"curies":[{"name":"wp","href":"https:\/\/api.w.org\/{rel}","templated":true}]}}