{"id":8365,"date":"2023-04-18T15:10:02","date_gmt":"2023-04-18T18:10:02","guid":{"rendered":"https:\/\/www.ifbaiano.edu.br\/unidades\/urucuca\/?page_id=8365"},"modified":"2023-04-18T15:12:14","modified_gmt":"2023-04-18T18:12:14","slug":"estagio-engenharia-de-alimentos","status":"publish","type":"page","link":"https:\/\/www.ifbaiano.edu.br\/unidades\/urucuca\/estagio-engenharia-de-alimentos\/","title":{"rendered":"Est\u00e1gio &#8211; Engenharia de Alimentos"},"content":{"rendered":"\n<p><a rel=\"noreferrer noopener\" href=\"https:\/\/www.ifbaiano.edu.br\/unidades\/urucuca\/files\/2023\/04\/regulamento-estagio-graduacao-IFBAIANO.pdf\" data-type=\"URL\" data-id=\"https:\/\/www.ifbaiano.edu.br\/unidades\/urucuca\/files\/2023\/04\/regulamento-estagio-graduacao-IFBAIANO.pdf\" target=\"_blank\">Regulamento de est\u00e1gio &#8211; 2021<\/a><\/p>\n\n\n\n<p><strong>ANEXOS<\/strong><\/p>\n\n\n\n<p><a rel=\"noreferrer noopener\" href=\"https:\/\/www.ifbaiano.edu.br\/unidades\/urucuca\/files\/2023\/04\/Anexo-1-Termo-de-Realizacao-de-Estagio.docx\" data-type=\"URL\" data-id=\"https:\/\/www.ifbaiano.edu.br\/unidades\/urucuca\/files\/2023\/04\/Anexo-1-Termo-de-Realizacao-de-Estagio.docx\" target=\"_blank\">Anexo 1 &#8211; Termo de Realiza\u00e7\u00e3o de Est\u00e1gio<\/a><br><a rel=\"noreferrer noopener\" href=\"https:\/\/www.ifbaiano.edu.br\/unidades\/urucuca\/files\/2023\/04\/Anexo-2-Requerimento-de-Estagio.docx\" data-type=\"URL\" data-id=\"https:\/\/www.ifbaiano.edu.br\/unidades\/urucuca\/files\/2023\/04\/Anexo-2-Requerimento-de-Estagio.docx\" target=\"_blank\">Anexo 2 &#8211; Requerimento de Est\u00e1gio<\/a><br><a rel=\"noreferrer noopener\" href=\"https:\/\/www.ifbaiano.edu.br\/unidades\/urucuca\/files\/2023\/04\/Anexo-3-Plano-de-Atividades-de-Estagio.docx\" data-type=\"URL\" data-id=\"https:\/\/www.ifbaiano.edu.br\/unidades\/urucuca\/files\/2023\/04\/Anexo-3-Plano-de-Atividades-de-Estagio.docx\" target=\"_blank\">Anexo 3 &#8211; Plano de Atividades de Est\u00e1gio<\/a><br><a rel=\"noreferrer noopener\" href=\"https:\/\/www.ifbaiano.edu.br\/unidades\/urucuca\/files\/2023\/04\/Anexo-4-Termo-de-compromisso-de-estagio.docx\" data-type=\"URL\" data-id=\"https:\/\/www.ifbaiano.edu.br\/unidades\/urucuca\/files\/2023\/04\/Anexo-4-Termo-de-compromisso-de-estagio.docx\" target=\"_blank\">Anexo 4 &#8211; Termo de compromisso de est\u00e1gio<\/a><br><a rel=\"noreferrer noopener\" href=\"https:\/\/www.ifbaiano.edu.br\/unidades\/urucuca\/files\/2023\/04\/Anexo-5-Requerimento-de-aproveitamento-de-carga-horaria-como-estagio-curricular.docx\" data-type=\"URL\" data-id=\"https:\/\/www.ifbaiano.edu.br\/unidades\/urucuca\/files\/2023\/04\/Anexo-5-Requerimento-de-aproveitamento-de-carga-horaria-como-estagio-curricular.docx\" target=\"_blank\">Anexo 5 &#8211; Requerimento de aproveitamento de carga hor\u00e1ria como est\u00e1gio curricular<\/a><br><a rel=\"noreferrer noopener\" href=\"https:\/\/www.ifbaiano.edu.br\/unidades\/urucuca\/files\/2023\/04\/Anexo-6-Avaliacao-de-relatorio-de-estagio.docx\" data-type=\"URL\" data-id=\"https:\/\/www.ifbaiano.edu.br\/unidades\/urucuca\/files\/2023\/04\/Anexo-6-Avaliacao-de-relatorio-de-estagio.docx\" target=\"_blank\">Anexo 6 &#8211; Avalia\u00e7\u00e3o de relat\u00f3rio de est\u00e1gio<\/a><br><a rel=\"noreferrer noopener\" href=\"https:\/\/www.ifbaiano.edu.br\/unidades\/urucuca\/files\/2023\/04\/Anexo-7-Requerimento-para-prorrogacao-do-prazo-de-entrega-do-relatorio-final-do-estaagio.docx\" data-type=\"URL\" data-id=\"https:\/\/www.ifbaiano.edu.br\/unidades\/urucuca\/files\/2023\/04\/Anexo-7-Requerimento-para-prorrogacao-do-prazo-de-entrega-do-relatorio-final-do-estaagio.docx\" target=\"_blank\">Anexo 7 &#8211; Requerimento para prorroga\u00e7\u00e3o do prazo de entrega do relat\u00f3rio final do est\u00e1gio<\/a><br><a rel=\"noreferrer noopener\" href=\"https:\/\/www.ifbaiano.edu.br\/unidades\/urucuca\/files\/2023\/04\/Anexo-8-Relatorio-de-Avaliacao-da-unidade-concedente.docx\" data-type=\"URL\" data-id=\"https:\/\/www.ifbaiano.edu.br\/unidades\/urucuca\/files\/2023\/04\/Anexo-8-Relatorio-de-Avaliacao-da-unidade-concedente.docx\" target=\"_blank\">Anexo 8 &#8211; Relat\u00f3rio de Avalia\u00e7\u00e3o da unidade concedente<\/a><br><a rel=\"noreferrer noopener\" href=\"https:\/\/www.ifbaiano.edu.br\/unidades\/urucuca\/files\/2023\/04\/Anexo-9-Relatorio-de-visita-a-unidade-concedente-durante-a-execucao-de-estagio.docx\" data-type=\"URL\" data-id=\"https:\/\/www.ifbaiano.edu.br\/unidades\/urucuca\/files\/2023\/04\/Anexo-9-Relatorio-de-visita-a-unidade-concedente-durante-a-execucao-de-estagio.docx\" target=\"_blank\">Anexo 9 &#8211; Relat\u00f3rio de visita \u00e0 unidade concedente durante a execu\u00e7\u00e3o de est\u00e1gio<\/a><br><a rel=\"noreferrer noopener\" href=\"https:\/\/www.ifbaiano.edu.br\/unidades\/urucuca\/files\/2023\/04\/Anexo-10-Rescisao-do-termo-de-compromisso-de-estagio.docx\" data-type=\"URL\" data-id=\"https:\/\/www.ifbaiano.edu.br\/unidades\/urucuca\/files\/2023\/04\/Anexo-10-Rescisao-do-termo-de-compromisso-de-estagio.docx\" target=\"_blank\">Anexo 10 &#8211; Rescis\u00e3o do termo de compromisso de est\u00e1gio<\/a><br><a rel=\"noreferrer noopener\" href=\"https:\/\/www.ifbaiano.edu.br\/unidades\/urucuca\/files\/2023\/04\/Anexo-11-Declaracao-de-experiencia-profissional.docx\" data-type=\"URL\" data-id=\"https:\/\/www.ifbaiano.edu.br\/unidades\/urucuca\/files\/2023\/04\/Anexo-11-Declaracao-de-experiencia-profissional.docx\" target=\"_blank\">Anexo 11 &#8211; Declara\u00e7\u00e3o de experi\u00eancia profissional<\/a><br><a rel=\"noreferrer noopener\" href=\"https:\/\/www.ifbaiano.edu.br\/unidades\/urucuca\/files\/2023\/04\/Anexo-12-Relatorio-de-atividades-de-estagio.docx\" data-type=\"URL\" data-id=\"https:\/\/www.ifbaiano.edu.br\/unidades\/urucuca\/files\/2023\/04\/Anexo-12-Relatorio-de-atividades-de-estagio.docx\" target=\"_blank\">Anexo 12 &#8211; Relat\u00f3rio de atividades de est\u00e1gio<\/a><br><a rel=\"noreferrer noopener\" href=\"https:\/\/www.ifbaiano.edu.br\/unidades\/urucuca\/files\/2023\/04\/Anexo-13-Controle-de-frequencia-em-estagio.docx\" data-type=\"URL\" data-id=\"https:\/\/www.ifbaiano.edu.br\/unidades\/urucuca\/files\/2023\/04\/Anexo-13-Controle-de-frequencia-em-estagio.docx\" target=\"_blank\">Anexo 13 &#8211; Controle de frequ\u00eancia em est\u00e1gio<\/a><br><a rel=\"noreferrer noopener\" href=\"https:\/\/www.ifbaiano.edu.br\/unidades\/urucuca\/files\/2023\/04\/Anexo-14-Requerimento-de-substituicao-de-professora-Orientadora.docx\" data-type=\"URL\" data-id=\"https:\/\/www.ifbaiano.edu.br\/unidades\/urucuca\/files\/2023\/04\/Anexo-14-Requerimento-de-substituicao-de-professora-Orientadora.docx\" target=\"_blank\">Anexo 14 &#8211; Requerimento de substitui\u00e7\u00e3o de professor(a) Orientador(a)<\/a><\/p>\n\n\n\n<p><\/p>\n\n\n\n<p><br><a href=\"https:\/\/www.ifbaiano.edu.br\/unidades\/urucuca\/files\/2020\/08\/Regulamento-Est%C3%A1gio-do-Curso-de-Engenharia-de-Alimentos.pdf\">Regulamento de est\u00e1gio &#8211; 2020<\/a> <\/p>\n","protected":false},"excerpt":{"rendered":"<p>Regulamento de est\u00e1gio &#8211; 2021 ANEXOS Anexo 1 &#8211; Termo de Realiza\u00e7\u00e3o de Est\u00e1gioAnexo 2 &#8211; Requerimento de Est\u00e1gioAnexo 3 &#8211; Plano de Atividades de Est\u00e1gioAnexo 4 &#8211; Termo de compromisso de est\u00e1gioAnexo 5 &#8211; Requerimento de aproveitamento de carga hor\u00e1ria como est\u00e1gio curricularAnexo 6 &#8211; Avalia\u00e7\u00e3o de relat\u00f3rio de est\u00e1gioAnexo 7 &#8211; Requerimento para [&hellip;]<\/p>\n","protected":false},"author":154,"featured_media":0,"parent":0,"menu_order":0,"comment_status":"closed","ping_status":"closed","template":"","meta":[],"_links":{"self":[{"href":"https:\/\/www.ifbaiano.edu.br\/unidades\/urucuca\/wp-json\/wp\/v2\/pages\/8365"}],"collection":[{"href":"https:\/\/www.ifbaiano.edu.br\/unidades\/urucuca\/wp-json\/wp\/v2\/pages"}],"about":[{"href":"https:\/\/www.ifbaiano.edu.br\/unidades\/urucuca\/wp-json\/wp\/v2\/types\/page"}],"author":[{"embeddable":true,"href":"https:\/\/www.ifbaiano.edu.br\/unidades\/urucuca\/wp-json\/wp\/v2\/users\/154"}],"replies":[{"embeddable":true,"href":"https:\/\/www.ifbaiano.edu.br\/unidades\/urucuca\/wp-json\/wp\/v2\/comments?post=8365"}],"version-history":[{"count":3,"href":"https:\/\/www.ifbaiano.edu.br\/unidades\/urucuca\/wp-json\/wp\/v2\/pages\/8365\/revisions"}],"predecessor-version":[{"id":8385,"href":"https:\/\/www.ifbaiano.edu.br\/unidades\/urucuca\/wp-json\/wp\/v2\/pages\/8365\/revisions\/8385"}],"wp:attachment":[{"href":"https:\/\/www.ifbaiano.edu.br\/unidades\/urucuca\/wp-json\/wp\/v2\/media?parent=8365"}],"curies":[{"name":"wp","href":"https:\/\/api.w.org\/{rel}","templated":true}]}}