{"id":9815,"date":"2024-06-17T13:20:34","date_gmt":"2024-06-17T16:20:34","guid":{"rendered":"https:\/\/www.ifbaiano.edu.br\/unidades\/urucuca\/?page_id=9815"},"modified":"2024-06-17T13:36:33","modified_gmt":"2024-06-17T16:36:33","slug":"tccs-turma-2019","status":"publish","type":"page","link":"https:\/\/www.ifbaiano.edu.br\/unidades\/urucuca\/tccs-turma-2019\/","title":{"rendered":"Trabalhos de Conclus\u00e3o de Curso &#8211; Turma 2019"},"content":{"rendered":"\n<p><strong>Bruna Oliveira Santos<\/strong><br><strong>Trabalho:<\/strong> <a href=\"https:\/\/www.ifbaiano.edu.br\/unidades\/urucuca\/files\/2024\/06\/TCC-Bruna.pdf\" data-type=\"URL\" data-id=\"https:\/\/www.ifbaiano.edu.br\/unidades\/urucuca\/files\/2024\/06\/TCC-Bruna.pdf\" target=\"_blank\" rel=\"noreferrer noopener\">Predisposi\u00e7\u00e3o da Comunidade Rural Pancadinha para Utilizar Fossa S\u00e9ptica Biodigestora como Alternativa de Tratamento e Aproveitamento dos Res\u00edduos Sanit\u00e1rios Dom\u00e9sticos.<\/a><\/p>\n\n\n\n<p><strong>Carlos dos Santos Viana<\/strong><br><strong>Trabalho:<\/strong> <a href=\"https:\/\/www.ifbaiano.edu.br\/unidades\/urucuca\/files\/2024\/06\/TCC-Carlos-Viana.pdf\" data-type=\"URL\" data-id=\"https:\/\/www.ifbaiano.edu.br\/unidades\/urucuca\/files\/2024\/06\/TCC-Carlos-Viana.pdf\" target=\"_blank\" rel=\"noreferrer noopener\">O Programa de Aquisi\u00e7\u00e3o de Alimentos Emergencial: Desafios e Perspectivas na Mitiga\u00e7\u00e3o Socioecn\u00f4mica da Covid-19 no Assentamento Nova Vit\u00f3ria \u2013 Ilh\u00e9us Bahia<\/a>.<\/p>\n\n\n\n<p><strong>Fernanda de Eca Rocha Ourives<\/strong><br><strong>Trabalho:<\/strong> A utiliza\u00e7\u00e3o de extratos vegetais no controle de carrapatos.<\/p>\n\n\n\n<p><strong>Jessica Pereira Alves<\/strong><br><strong>Trabalho:<\/strong> <a href=\"https:\/\/www.ifbaiano.edu.br\/unidades\/urucuca\/files\/2024\/06\/TCC-Jessica.pdf\" data-type=\"URL\" data-id=\"https:\/\/www.ifbaiano.edu.br\/unidades\/urucuca\/files\/2024\/06\/TCC-Jessica.pdf\" target=\"_blank\" rel=\"noreferrer noopener\">Certifica\u00e7\u00e3o Participativa: Fortalecimento da Agricultura Familiar Promovida pela Rede Povos da Mata.<\/a><\/p>\n\n\n\n<p><strong>Joab dos Santos Silva<\/strong><br><strong>Trabalho:<\/strong> <a href=\"https:\/\/www.ifbaiano.edu.br\/unidades\/urucuca\/files\/2024\/06\/TCC-Joab.pdf\" data-type=\"URL\" data-id=\"https:\/\/www.ifbaiano.edu.br\/unidades\/urucuca\/files\/2024\/06\/TCC-Joab.pdf\" target=\"_blank\" rel=\"noreferrer noopener\">Educa\u00e7\u00e3o Ambiental na Forma\u00e7\u00e3o Ideol\u00f3gica: Construindo Conhecimentos Sustent\u00e1veis.<\/a><\/p>\n\n\n\n<p><strong>Mikaele do Nascimento Campos<\/strong><br><strong>Trabalho<\/strong>: <a rel=\"noreferrer noopener\" href=\"https:\/\/www.ifbaiano.edu.br\/unidades\/urucuca\/files\/2024\/06\/TCC-Mikaele.pdf\" data-type=\"URL\" data-id=\"https:\/\/www.ifbaiano.edu.br\/unidades\/urucuca\/files\/2024\/06\/TCC-Mikaele.pdf\" target=\"_blank\">An\u00e1lise espacial do impacto socioambiental ocasionado pelo vazadouro: estudo de caso, Almadina \u2013 Bahia.<\/a><\/p>\n\n\n\n<p><strong>Odete Bastos da Concei\u00e7\u00e3o Ferreira<\/strong><br><strong>Trabalho:<\/strong> <a href=\"https:\/\/www.ifbaiano.edu.br\/unidades\/urucuca\/files\/2024\/06\/TCC-Odete.pdf\" data-type=\"URL\" data-id=\"https:\/\/www.ifbaiano.edu.br\/unidades\/urucuca\/files\/2024\/06\/TCC-Odete.pdf\" target=\"_blank\" rel=\"noreferrer noopener\">Espa\u00e7os de Compostagem, Reciclagem e Reutiliza\u00e7\u00e3o de Materiais na Cidade de Uru\u00e7uca: Investiga\u00e7\u00e3o de A\u00e7\u00f5es de Educa\u00e7\u00e3o Ambiental<\/a>.<\/p>\n\n\n\n<p><strong>Sabrina Braide Tartaglia<\/strong><br><strong>Trabalho:<\/strong> <a href=\"https:\/\/www.ifbaiano.edu.br\/unidades\/urucuca\/files\/2024\/06\/TCC-Sabrina.pdf\" data-type=\"URL\" data-id=\"https:\/\/www.ifbaiano.edu.br\/unidades\/urucuca\/files\/2024\/06\/TCC-Sabrina.pdf\" target=\"_blank\" rel=\"noreferrer noopener\">Ecovilas: Hist\u00f3ria, Pr\u00e1ticas Ecol\u00f3gicas e a Busca por uma \u2018Nova\u2019 Economia<\/a>.<\/p>\n\n\n\n<p><strong>Salatiel Santos Oliveira<\/strong><br><strong>Trabalho:<\/strong> <a href=\"https:\/\/www.ifbaiano.edu.br\/unidades\/urucuca\/files\/2024\/06\/TCC-Salatiel.pdf\" data-type=\"URL\" data-id=\"https:\/\/www.ifbaiano.edu.br\/unidades\/urucuca\/files\/2024\/06\/TCC-Salatiel.pdf\" target=\"_blank\" rel=\"noreferrer noopener\">Responsabilidade Social e Sustentabilidade: uma Vantagem Mercadol\u00f3gica para Empresas.<\/a><\/p>\n\n\n\n<p><strong>Stefanie Santos Ramos<\/strong><br><strong>Trabalho:<\/strong> <a href=\"https:\/\/www.ifbaiano.edu.br\/unidades\/urucuca\/files\/2024\/06\/TCC-Stefane.pdf\" data-type=\"URL\" data-id=\"https:\/\/www.ifbaiano.edu.br\/unidades\/urucuca\/files\/2024\/06\/TCC-Stefane.pdf\" target=\"_blank\" rel=\"noreferrer noopener\">Desenvolvimento Sustent\u00e1vel e as Iniciativas do Sebrae para Micro e Pequenas Empresas.<\/a><\/p>\n\n\n\n<p><strong>Tamires Batista De Souza Correia<\/strong><br><strong>Trabalho:<\/strong> <a href=\"https:\/\/www.ifbaiano.edu.br\/unidades\/urucuca\/files\/2024\/06\/TCC-Tamires.pdf\" data-type=\"URL\" data-id=\"https:\/\/www.ifbaiano.edu.br\/unidades\/urucuca\/files\/2024\/06\/TCC-Tamires.pdf\" target=\"_blank\" rel=\"noreferrer noopener\">Educa\u00e7\u00e3o Ambiental como Instrumento de Sensibiliza\u00e7\u00e3o e Est\u00edmulo \u00e0s Pr\u00e1ticas Sustent\u00e1veis de Pescadores e Marisqueiras.<\/a><\/p>\n\n\n\n<p><strong>Valquiria Almeida de Oliveira<\/strong><br><strong>Trabalho:<\/strong> A Agricultura Familiar como Fonte de Renda Alternativa para os Pescadores Artesanais do Munic\u00edpio de Gongogi, Bahia.<\/p>\n","protected":false},"excerpt":{"rendered":"<p>Bruna Oliveira SantosTrabalho: Predisposi\u00e7\u00e3o da Comunidade Rural Pancadinha para Utilizar Fossa S\u00e9ptica Biodigestora como Alternativa de Tratamento e Aproveitamento dos Res\u00edduos Sanit\u00e1rios Dom\u00e9sticos. Carlos dos Santos VianaTrabalho: O Programa de Aquisi\u00e7\u00e3o de Alimentos Emergencial: Desafios e Perspectivas na Mitiga\u00e7\u00e3o Socioecn\u00f4mica da Covid-19 no Assentamento Nova Vit\u00f3ria \u2013 Ilh\u00e9us Bahia. Fernanda de Eca Rocha OurivesTrabalho: A [&hellip;]<\/p>\n","protected":false},"author":154,"featured_media":0,"parent":0,"menu_order":0,"comment_status":"closed","ping_status":"closed","template":"","meta":[],"_links":{"self":[{"href":"https:\/\/www.ifbaiano.edu.br\/unidades\/urucuca\/wp-json\/wp\/v2\/pages\/9815"}],"collection":[{"href":"https:\/\/www.ifbaiano.edu.br\/unidades\/urucuca\/wp-json\/wp\/v2\/pages"}],"about":[{"href":"https:\/\/www.ifbaiano.edu.br\/unidades\/urucuca\/wp-json\/wp\/v2\/types\/page"}],"author":[{"embeddable":true,"href":"https:\/\/www.ifbaiano.edu.br\/unidades\/urucuca\/wp-json\/wp\/v2\/users\/154"}],"replies":[{"embeddable":true,"href":"https:\/\/www.ifbaiano.edu.br\/unidades\/urucuca\/wp-json\/wp\/v2\/comments?post=9815"}],"version-history":[{"count":4,"href":"https:\/\/www.ifbaiano.edu.br\/unidades\/urucuca\/wp-json\/wp\/v2\/pages\/9815\/revisions"}],"predecessor-version":[{"id":9851,"href":"https:\/\/www.ifbaiano.edu.br\/unidades\/urucuca\/wp-json\/wp\/v2\/pages\/9815\/revisions\/9851"}],"wp:attachment":[{"href":"https:\/\/www.ifbaiano.edu.br\/unidades\/urucuca\/wp-json\/wp\/v2\/media?parent=9815"}],"curies":[{"name":"wp","href":"https:\/\/api.w.org\/{rel}","templated":true}]}}

Trabalhos de Conclusão de Curso &#8211; Turma 2019

<p><strong>Bruna Oliveira Santos</strong><br><strong>Trabalho:</strong> <a href="https://www.ifbaiano.edu.br/unidades/urucuca/files/2024/06/TCC-Bruna.pdf" data-type="URL" data-id="https://www.ifbaiano.edu.br/unidades/urucuca/files/2024/06/TCC-Bruna.pdf" target="_blank" rel="noreferrer noopener">Predisposição da Comunidade Rural Pancadinha para Utilizar Fossa Séptica Biodigestora como Alternativa de Tratamento e Aproveitamento dos Resíduos Sanitários Domésticos.</a></p>



<p><strong>Carlos dos Santos Viana</strong><br><strong>Trabalho:</strong> <a href="https://www.ifbaiano.edu.br/unidades/urucuca/files/2024/06/TCC-Carlos-Viana.pdf" data-type="URL" data-id="https://www.ifbaiano.edu.br/unidades/urucuca/files/2024/06/TCC-Carlos-Viana.pdf" target="_blank" rel="noreferrer noopener">O Programa de Aquisição de Alimentos Emergencial: Desafios e Perspectivas na Mitigação Socioecnômica da Covid-19 no Assentamento Nova Vitória – Ilhéus Bahia</a>.</p>



<p><strong>Fernanda de Eca Rocha Ourives</strong><br><strong>Trabalho:</strong> A utilização de extratos vegetais no controle de carrapatos.</p>



<p><strong>Jessica Pereira Alves</strong><br><strong>Trabalho:</strong> <a href="https://www.ifbaiano.edu.br/unidades/urucuca/files/2024/06/TCC-Jessica.pdf" data-type="URL" data-id="https://www.ifbaiano.edu.br/unidades/urucuca/files/2024/06/TCC-Jessica.pdf" target="_blank" rel="noreferrer noopener">Certificação Participativa: Fortalecimento da Agricultura Familiar Promovida pela Rede Povos da Mata.</a></p>



<p><strong>Joab dos Santos Silva</strong><br><strong>Trabalho:</strong> <a href="https://www.ifbaiano.edu.br/unidades/urucuca/files/2024/06/TCC-Joab.pdf" data-type="URL" data-id="https://www.ifbaiano.edu.br/unidades/urucuca/files/2024/06/TCC-Joab.pdf" target="_blank" rel="noreferrer noopener">Educação Ambiental na Formação Ideológica: Construindo Conhecimentos Sustentáveis.</a></p>



<p><strong>Mikaele do Nascimento Campos</strong><br><strong>Trabalho</strong>: <a rel="noreferrer noopener" href="https://www.ifbaiano.edu.br/unidades/urucuca/files/2024/06/TCC-Mikaele.pdf" data-type="URL" data-id="https://www.ifbaiano.edu.br/unidades/urucuca/files/2024/06/TCC-Mikaele.pdf" target="_blank">Análise espacial do impacto socioambiental ocasionado pelo vazadouro: estudo de caso, Almadina – Bahia.</a></p>



<p><strong>Odete Bastos da Conceição Ferreira</strong><br><strong>Trabalho:</strong> <a href="https://www.ifbaiano.edu.br/unidades/urucuca/files/2024/06/TCC-Odete.pdf" data-type="URL" data-id="https://www.ifbaiano.edu.br/unidades/urucuca/files/2024/06/TCC-Odete.pdf" target="_blank" rel="noreferrer noopener">Espaços de Compostagem, Reciclagem e Reutilização de Materiais na Cidade de Uruçuca: Investigação de Ações de Educação Ambiental</a>.</p>



<p><strong>Sabrina Braide Tartaglia</strong><br><strong>Trabalho:</strong> <a href="https://www.ifbaiano.edu.br/unidades/urucuca/files/2024/06/TCC-Sabrina.pdf" data-type="URL" data-id="https://www.ifbaiano.edu.br/unidades/urucuca/files/2024/06/TCC-Sabrina.pdf" target="_blank" rel="noreferrer noopener">Ecovilas: História, Práticas Ecológicas e a Busca por uma ‘Nova’ Economia</a>.</p>



<p><strong>Salatiel Santos Oliveira</strong><br><strong>Trabalho:</strong> <a href="https://www.ifbaiano.edu.br/unidades/urucuca/files/2024/06/TCC-Salatiel.pdf" data-type="URL" data-id="https://www.ifbaiano.edu.br/unidades/urucuca/files/2024/06/TCC-Salatiel.pdf" target="_blank" rel="noreferrer noopener">Responsabilidade Social e Sustentabilidade: uma Vantagem Mercadológica para Empresas.</a></p>



<p><strong>Stefanie Santos Ramos</strong><br><strong>Trabalho:</strong> <a href="https://www.ifbaiano.edu.br/unidades/urucuca/files/2024/06/TCC-Stefane.pdf" data-type="URL" data-id="https://www.ifbaiano.edu.br/unidades/urucuca/files/2024/06/TCC-Stefane.pdf" target="_blank" rel="noreferrer noopener">Desenvolvimento Sustentável e as Iniciativas do Sebrae para Micro e Pequenas Empresas.</a></p>



<p><strong>Tamires Batista De Souza Correia</strong><br><strong>Trabalho:</strong> <a href="https://www.ifbaiano.edu.br/unidades/urucuca/files/2024/06/TCC-Tamires.pdf" data-type="URL" data-id="https://www.ifbaiano.edu.br/unidades/urucuca/files/2024/06/TCC-Tamires.pdf" target="_blank" rel="noreferrer noopener">Educação Ambiental como Instrumento de Sensibilização e Estímulo às Práticas Sustentáveis de Pescadores e Marisqueiras.</a></p>



<p><strong>Valquiria Almeida de Oliveira</strong><br><strong>Trabalho:</strong> A Agricultura Familiar como Fonte de Renda Alternativa para os Pescadores Artesanais do Município de Gongogi, Bahia.</p>

<p>Bruna Oliveira SantosTrabalho: Predisposição da Comunidade Rural Pancadinha para Utilizar Fossa Séptica Biodigestora como Alternativa de Tratamento e Aproveitamento dos Resíduos Sanitários Domésticos. Carlos dos Santos VianaTrabalho: O Programa de Aquisição de Alimentos Emergencial: Desafios e Perspectivas na Mitigação Socioecnômica da Covid-19 no Assentamento Nova Vitória – Ilhéus Bahia. Fernanda de Eca Rocha OurivesTrabalho: A [&hellip;]</p>
