{"id":2114,"date":"2012-08-21T02:31:09","date_gmt":"2012-08-21T02:31:09","guid":{"rendered":"http:\/\/www.ifbaiano.edu.br\/unidades\/valenca\/files\/2012\/08\/DSC08799.jpg"},"modified":"2012-08-21T02:31:09","modified_gmt":"2012-08-21T02:31:09","slug":"dsc08799","status":"inherit","type":"attachment","link":"https:\/\/www.ifbaiano.edu.br\/unidades\/valenca\/2012\/08\/21\/estudantes-do-if-baiano-campus-valenca-fazem-ocupacao\/dsc08799\/","title":{"rendered":"DSC08799"},"author":34,"comment_status":"open","ping_status":"open","template":"","meta":[],"description":{"rendered":"<p class=\"attachment\"><a href='https:\/\/www.ifbaiano.edu.br\/unidades\/valenca\/files\/2012\/08\/DSC08799.jpg'><img width=\"300\" height=\"225\" src=\"https:\/\/www.ifbaiano.edu.br\/unidades\/valenca\/files\/2012\/08\/DSC08799-300x225.jpg\" class=\"attachment-medium size-medium\" alt=\"Ocupa\u00e7\u00e3o por estudantes no IFBaiano campus Valen\u00e7a\" decoding=\"async\" loading=\"lazy\" srcset=\"https:\/\/www.ifbaiano.edu.br\/unidades\/valenca\/files\/2012\/08\/DSC08799-300x225.jpg 300w, https:\/\/www.ifbaiano.edu.br\/unidades\/valenca\/files\/2012\/08\/DSC08799-1024x768.jpg 1024w, https:\/\/www.ifbaiano.edu.br\/unidades\/valenca\/files\/2012\/08\/DSC08799-400x300.jpg 400w\" sizes=\"(max-width: 300px) 100vw, 300px\" \/><\/a><\/p>\n"},"caption":{"rendered":""},"alt_text":"Ocupa\u00e7\u00e3o por estudantes no IFBaiano campus Valen\u00e7a","media_type":"image","mime_type":"image\/jpeg","media_details":{"width":"2592","height":"1944","hwstring_small":"height='96' width='128'","file":"2012\/08\/DSC08799.jpg","sizes":{"thumbnail":{"file":"DSC08799-150x150.jpg","width":"150","height":"150","source_url":"https:\/\/www.ifbaiano.edu.br\/unidades\/valenca\/files\/2012\/08\/DSC08799-150x150.jpg"},"medium":{"file":"DSC08799-300x225.jpg","width":"300","height":"225","source_url":"https:\/\/www.ifbaiano.edu.br\/unidades\/valenca\/files\/2012\/08\/DSC08799-300x225.jpg"},"large":{"file":"DSC08799-1024x768.jpg","width":"1024","height":"768","source_url":"https:\/\/www.ifbaiano.edu.br\/unidades\/valenca\/files\/2012\/08\/DSC08799-1024x768.jpg"},"post-thumbnail":{"file":"DSC08799-300x225.jpg","width":"300","height":"225","source_url":"https:\/\/www.ifbaiano.edu.br\/unidades\/valenca\/files\/2012\/08\/DSC08799-300x225.jpg"},"single-post-thumbnail":{"file":"DSC08799-400x300.jpg","width":"400","height":"300","source_url":"https:\/\/www.ifbaiano.edu.br\/unidades\/valenca\/files\/2012\/08\/DSC08799-400x300.jpg"},"full":{"file":"DSC08799.jpg","width":2592,"height":1944,"mime_type":"image\/jpeg","source_url":"https:\/\/www.ifbaiano.edu.br\/unidades\/valenca\/files\/2012\/08\/DSC08799.jpg"}},"image_meta":{"aperture":"0","credit":"","camera":"","caption":"","created_timestamp":"0","copyright":"","focal_length":"0","iso":"0","shutter_speed":"0","title":""}},"post":2113,"source_url":"https:\/\/www.ifbaiano.edu.br\/unidades\/valenca\/files\/2012\/08\/DSC08799.jpg","_links":{"self":[{"href":"https:\/\/www.ifbaiano.edu.br\/unidades\/valenca\/wp-json\/wp\/v2\/media\/2114"}],"collection":[{"href":"https:\/\/www.ifbaiano.edu.br\/unidades\/valenca\/wp-json\/wp\/v2\/media"}],"about":[{"href":"https:\/\/www.ifbaiano.edu.br\/unidades\/valenca\/wp-json\/wp\/v2\/types\/attachment"}],"author":[{"embeddable":true,"href":"https:\/\/www.ifbaiano.edu.br\/unidades\/valenca\/wp-json\/wp\/v2\/users\/34"}],"replies":[{"embeddable":true,"href":"https:\/\/www.ifbaiano.edu.br\/unidades\/valenca\/wp-json\/wp\/v2\/comments?post=2114"}]}}

<p class="attachment"><a href='https://www.ifbaiano.edu.br/unidades/valenca/files/2012/08/DSC08799.jpg'><img width="300" height="225" src="https://www.ifbaiano.edu.br/unidades/valenca/files/2012/08/DSC08799-300x225.jpg" class="attachment-medium size-medium" alt="Ocupação por estudantes no IFBaiano campus Valença" decoding="async" loading="lazy" srcset="https://www.ifbaiano.edu.br/unidades/valenca/files/2012/08/DSC08799-300x225.jpg 300w, https://www.ifbaiano.edu.br/unidades/valenca/files/2012/08/DSC08799-1024x768.jpg 1024w, https://www.ifbaiano.edu.br/unidades/valenca/files/2012/08/DSC08799-400x300.jpg 400w" sizes="(max-width: 300px) 100vw, 300px" /></a></p>

Ocupação por estudantes no IFBaiano campus Valença
