{"id":26,"date":"2011-05-18T18:48:11","date_gmt":"2011-05-18T21:48:11","guid":{"rendered":"http:\/\/localhost\/unidades\/bonfim\/?page_id=26"},"modified":"2021-06-02T11:19:45","modified_gmt":"2021-06-02T14:19:45","slug":"infraestrutura","status":"publish","type":"page","link":"https:\/\/www.ifbaiano.edu.br\/unidades\/valenca\/infraestrutura\/","title":{"rendered":"Infraestrutura"},"content":{"rendered":"<p style=\"text-align: justify\">O Campus Valen\u00e7a est\u00e1 instalado em uma \u00e1rea f\u00edsica de 13 hectares.\u00a0 Com uma grande \u00e1rea verde preservada, o pr\u00e9dio de aulas conta com 12 Salas de aula, Biblioteca, Cantina, 12 Salas para atividades acad\u00eamicas e administrativas, Refeit\u00f3rio com capacidade para 80 pessoas, uma Sala de proje\u00e7\u00e3o, para as atividades com projetor e reprodu\u00e7\u00e3o de filmes, uma sala de inform\u00e1tica com 16 computadores conectados \u00e0 internet, e um Audit\u00f3rio com capacidade para aproximadamente 160 pessoas.<\/p>\n<p style=\"text-align: justify\">O <em>Campus<\/em> conta com uma \u00c1rea de Campo de 32 hectares, que dista 7 km da sede.\u00a0 A \u00e1rea de campo \u00e9 o espa\u00e7o utilizado por professores e alunos para o desenvolvimento de aulas pr\u00e1ticas e de projetos de pesquisa e extens\u00e3o ligados aos cursos de Agropecu\u00e1ria, Agroecologia e Meio Ambiente.<\/p>\n<p style=\"text-align: justify\">Nesta \u00e1rea, o <em>Campus<\/em> Valen\u00e7a disp\u00f5e de cria\u00e7\u00f5es\u00a0de bovinos (corte e leite), caprinos, ovinos, su\u00ednos, aves, abelhas e equinos; hortali\u00e7a; um espa\u00e7o para a planta\u00e7\u00e3o de diferentes\u00a0esp\u00e9cies\u00a0(Frut\u00edferas, especiarias, arec\u00e1cias); disp\u00f5e tamb\u00e9m de \u00e1rea destinada ao cultivo agroecol\u00f3gico; al\u00e9m das instala\u00e7\u00f5es de uma Esta\u00e7\u00e3o Climatol\u00f3gica do Sistema Nacional de Meteorologia do Governo Federal.<\/p>\n<p style=\"text-align: justify\">Dentro da \u00e1rea de campo tamb\u00e9m se encontra uma \u00c1rea de Preserva\u00e7\u00e3o Permanente (APP), e uma \u00c1rea de Reserva Legal, onde \u00e9 poss\u00edvel encontrar diversidades de animais e plantas.<\/p>\n\n\t\t<style type=\"text\/css\">\n\t\t\t#gallery-1 {\n\t\t\t\tmargin: auto;\n\t\t\t}\n\t\t\t#gallery-1 .gallery-item {\n\t\t\t\tfloat: left;\n\t\t\t\tmargin-top: 10px;\n\t\t\t\ttext-align: center;\n\t\t\t\twidth: 25%;\n\t\t\t}\n\t\t\t#gallery-1 img {\n\t\t\t\tborder: 2px solid #cfcfcf;\n\t\t\t}\n\t\t\t#gallery-1 .gallery-caption {\n\t\t\t\tmargin-left: 0;\n\t\t\t}\n\t\t\t\/* see gallery_shortcode() in wp-includes\/media.php *\/\n\t\t<\/style>\n\t\t<div id='gallery-1' class='gallery galleryid-26 gallery-columns-4 gallery-size-thumbnail'><dl class='gallery-item'>\n\t\t\t<dt class='gallery-icon landscape'>\n\t\t\t\t<a href='https:\/\/www.ifbaiano.edu.br\/unidades\/valenca\/files\/2021\/05\/WhatsApp-Image-2020-10-25-at-11.33.28.jpeg'><img width=\"150\" height=\"113\" src=\"https:\/\/www.ifbaiano.edu.br\/unidades\/valenca\/files\/2021\/05\/WhatsApp-Image-2020-10-25-at-11.33.28.jpeg\" class=\"attachment-thumbnail size-thumbnail\" alt=\"\" decoding=\"async\" loading=\"lazy\" aria-describedby=\"gallery-1-5925\" \/><\/a>\n\t\t\t<\/dt>\n\t\t\t\t<dd class='wp-caption-text gallery-caption' id='gallery-1-5925'>\n\t\t\t\tSEDE\n\t\t\t\t<\/dd><\/dl><dl class='gallery-item'>\n\t\t\t<dt class='gallery-icon landscape'>\n\t\t\t\t<a href='https:\/\/www.ifbaiano.edu.br\/unidades\/valenca\/files\/2021\/05\/IMG-20201025-WA0025.jpg'><img width=\"150\" height=\"113\" src=\"https:\/\/www.ifbaiano.edu.br\/unidades\/valenca\/files\/2021\/05\/IMG-20201025-WA0025.jpg\" class=\"attachment-thumbnail size-thumbnail\" alt=\"\" decoding=\"async\" loading=\"lazy\" aria-describedby=\"gallery-1-5923\" \/><\/a>\n\t\t\t<\/dt>\n\t\t\t\t<dd class='wp-caption-text gallery-caption' id='gallery-1-5923'>\n\t\t\t\tSEDE\n\t\t\t\t<\/dd><\/dl><dl class='gallery-item'>\n\t\t\t<dt class='gallery-icon landscape'>\n\t\t\t\t<a href='https:\/\/www.ifbaiano.edu.br\/unidades\/valenca\/files\/2021\/05\/IMG-20201025-WA0026.jpg'><img width=\"150\" height=\"113\" src=\"https:\/\/www.ifbaiano.edu.br\/unidades\/valenca\/files\/2021\/05\/IMG-20201025-WA0026.jpg\" class=\"attachment-thumbnail size-thumbnail\" alt=\"\" decoding=\"async\" loading=\"lazy\" aria-describedby=\"gallery-1-5922\" \/><\/a>\n\t\t\t<\/dt>\n\t\t\t\t<dd class='wp-caption-text gallery-caption' id='gallery-1-5922'>\n\t\t\t\tSEDE\n\t\t\t\t<\/dd><\/dl><dl class='gallery-item'>\n\t\t\t<dt class='gallery-icon landscape'>\n\t\t\t\t<a href='https:\/\/www.ifbaiano.edu.br\/unidades\/valenca\/files\/2011\/05\/BIBLIOTECA-011.jpg'><img width=\"150\" height=\"150\" src=\"https:\/\/www.ifbaiano.edu.br\/unidades\/valenca\/files\/2011\/05\/BIBLIOTECA-011-150x150.jpg\" class=\"attachment-thumbnail size-thumbnail\" alt=\"\" decoding=\"async\" loading=\"lazy\" \/><\/a>\n\t\t\t<\/dt><\/dl><br style=\"clear: both\" \/><dl class='gallery-item'>\n\t\t\t<dt class='gallery-icon landscape'>\n\t\t\t\t<a href='https:\/\/www.ifbaiano.edu.br\/unidades\/valenca\/files\/2011\/05\/QUADRA1.jpg'><img width=\"150\" height=\"150\" src=\"https:\/\/www.ifbaiano.edu.br\/unidades\/valenca\/files\/2011\/05\/QUADRA1-150x150.jpg\" class=\"attachment-thumbnail size-thumbnail\" alt=\"\" decoding=\"async\" loading=\"lazy\" \/><\/a>\n\t\t\t<\/dt><\/dl><dl class='gallery-item'>\n\t\t\t<dt class='gallery-icon landscape'>\n\t\t\t\t<a href='https:\/\/www.ifbaiano.edu.br\/unidades\/valenca\/files\/2011\/05\/mudas.jpg'><img width=\"150\" height=\"150\" src=\"https:\/\/www.ifbaiano.edu.br\/unidades\/valenca\/files\/2011\/05\/mudas-150x150.jpg\" class=\"attachment-thumbnail size-thumbnail\" alt=\"\" decoding=\"async\" loading=\"lazy\" \/><\/a>\n\t\t\t<\/dt><\/dl><dl class='gallery-item'>\n\t\t\t<dt class='gallery-icon landscape'>\n\t\t\t\t<a href='https:\/\/www.ifbaiano.edu.br\/unidades\/valenca\/files\/2011\/05\/patio-do-campus.jpg'><img width=\"150\" height=\"150\" src=\"https:\/\/www.ifbaiano.edu.br\/unidades\/valenca\/files\/2011\/05\/patio-do-campus-150x150.jpg\" class=\"attachment-thumbnail size-thumbnail\" alt=\"\" decoding=\"async\" loading=\"lazy\" \/><\/a>\n\t\t\t<\/dt><\/dl><dl class='gallery-item'>\n\t\t\t<dt class='gallery-icon landscape'>\n\t\t\t\t<a href='https:\/\/www.ifbaiano.edu.br\/unidades\/valenca\/files\/2011\/05\/refeitorio.jpg'><img width=\"150\" height=\"150\" src=\"https:\/\/www.ifbaiano.edu.br\/unidades\/valenca\/files\/2011\/05\/refeitorio-150x150.jpg\" class=\"attachment-thumbnail size-thumbnail\" alt=\"\" decoding=\"async\" loading=\"lazy\" \/><\/a>\n\t\t\t<\/dt><\/dl><br style=\"clear: both\" \/><dl class='gallery-item'>\n\t\t\t<dt class='gallery-icon landscape'>\n\t\t\t\t<a href='https:\/\/www.ifbaiano.edu.br\/unidades\/valenca\/files\/2011\/05\/sala-de-projecao.jpg'><img width=\"150\" height=\"150\" src=\"https:\/\/www.ifbaiano.edu.br\/unidades\/valenca\/files\/2011\/05\/sala-de-projecao-150x150.jpg\" class=\"attachment-thumbnail size-thumbnail\" alt=\"\" decoding=\"async\" loading=\"lazy\" \/><\/a>\n\t\t\t<\/dt><\/dl><dl class='gallery-item'>\n\t\t\t<dt class='gallery-icon landscape'>\n\t\t\t\t<a href='https:\/\/www.ifbaiano.edu.br\/unidades\/valenca\/files\/2021\/05\/IMG-20201019-WA0008.jpg'><img width=\"150\" height=\"113\" src=\"https:\/\/www.ifbaiano.edu.br\/unidades\/valenca\/files\/2021\/05\/IMG-20201019-WA0008.jpg\" class=\"attachment-thumbnail size-thumbnail\" alt=\"\" decoding=\"async\" loading=\"lazy\" aria-describedby=\"gallery-1-5927\" \/><\/a>\n\t\t\t<\/dt>\n\t\t\t\t<dd class='wp-caption-text gallery-caption' id='gallery-1-5927'>\n\t\t\t\tFaz. Aldeia\n\t\t\t\t<\/dd><\/dl><dl class='gallery-item'>\n\t\t\t<dt class='gallery-icon landscape'>\n\t\t\t\t<a href='https:\/\/www.ifbaiano.edu.br\/unidades\/valenca\/files\/2021\/05\/IMG-20201019-WA0020.jpg'><img width=\"150\" height=\"113\" src=\"https:\/\/www.ifbaiano.edu.br\/unidades\/valenca\/files\/2021\/05\/IMG-20201019-WA0020.jpg\" class=\"attachment-thumbnail size-thumbnail\" alt=\"\" decoding=\"async\" loading=\"lazy\" aria-describedby=\"gallery-1-5928\" \/><\/a>\n\t\t\t<\/dt>\n\t\t\t\t<dd class='wp-caption-text gallery-caption' id='gallery-1-5928'>\n\t\t\t\tFaz. Aldeia\n\t\t\t\t<\/dd><\/dl><dl class='gallery-item'>\n\t\t\t<dt class='gallery-icon landscape'>\n\t\t\t\t<a href='https:\/\/www.ifbaiano.edu.br\/unidades\/valenca\/files\/2021\/05\/IMG-20201019-WA0022.jpg'><img width=\"150\" height=\"113\" src=\"https:\/\/www.ifbaiano.edu.br\/unidades\/valenca\/files\/2021\/05\/IMG-20201019-WA0022.jpg\" class=\"attachment-thumbnail size-thumbnail\" alt=\"\" decoding=\"async\" loading=\"lazy\" aria-describedby=\"gallery-1-5929\" \/><\/a>\n\t\t\t<\/dt>\n\t\t\t\t<dd class='wp-caption-text gallery-caption' id='gallery-1-5929'>\n\t\t\t\tFaz. Aldeia\n\t\t\t\t<\/dd><\/dl><br style=\"clear: both\" \/><dl class='gallery-item'>\n\t\t\t<dt class='gallery-icon landscape'>\n\t\t\t\t<a href='https:\/\/www.ifbaiano.edu.br\/unidades\/valenca\/files\/2021\/05\/EMARC-1988.jpg'><img width=\"150\" height=\"105\" src=\"https:\/\/www.ifbaiano.edu.br\/unidades\/valenca\/files\/2021\/05\/EMARC-1988.jpg\" class=\"attachment-thumbnail size-thumbnail\" alt=\"\" decoding=\"async\" loading=\"lazy\" aria-describedby=\"gallery-1-5930\" \/><\/a>\n\t\t\t<\/dt>\n\t\t\t\t<dd class='wp-caption-text gallery-caption' id='gallery-1-5930'>\n\t\t\t\tEMARC &#8211; 1988\n\t\t\t\t<\/dd><\/dl>\n\t\t\t<br style='clear: both' \/>\n\t\t<\/div>\n\n","protected":false},"excerpt":{"rendered":"<p>O Campus Valen\u00e7a est\u00e1 instalado em uma \u00e1rea f\u00edsica de 13 hectares.\u00a0 Com uma grande \u00e1rea verde preservada, o pr\u00e9dio de aulas conta com 12 Salas de aula, Biblioteca, Cantina, 12 Salas para atividades acad\u00eamicas e administrativas, Refeit\u00f3rio com capacidade para 80 pessoas, uma Sala de proje\u00e7\u00e3o, para as atividades com projetor e reprodu\u00e7\u00e3o de [&hellip;]<\/p>\n","protected":false},"author":1,"featured_media":0,"parent":0,"menu_order":0,"comment_status":"closed","ping_status":"closed","template":"","meta":[],"_links":{"self":[{"href":"https:\/\/www.ifbaiano.edu.br\/unidades\/valenca\/wp-json\/wp\/v2\/pages\/26"}],"collection":[{"href":"https:\/\/www.ifbaiano.edu.br\/unidades\/valenca\/wp-json\/wp\/v2\/pages"}],"about":[{"href":"https:\/\/www.ifbaiano.edu.br\/unidades\/valenca\/wp-json\/wp\/v2\/types\/page"}],"author":[{"embeddable":true,"href":"https:\/\/www.ifbaiano.edu.br\/unidades\/valenca\/wp-json\/wp\/v2\/users\/1"}],"replies":[{"embeddable":true,"href":"https:\/\/www.ifbaiano.edu.br\/unidades\/valenca\/wp-json\/wp\/v2\/comments?post=26"}],"version-history":[{"count":13,"href":"https:\/\/www.ifbaiano.edu.br\/unidades\/valenca\/wp-json\/wp\/v2\/pages\/26\/revisions"}],"predecessor-version":[{"id":5986,"href":"https:\/\/www.ifbaiano.edu.br\/unidades\/valenca\/wp-json\/wp\/v2\/pages\/26\/revisions\/5986"}],"wp:attachment":[{"href":"https:\/\/www.ifbaiano.edu.br\/unidades\/valenca\/wp-json\/wp\/v2\/media?parent=26"}],"curies":[{"name":"wp","href":"https:\/\/api.w.org\/{rel}","templated":true}]}}