{"id":5376,"date":"2020-08-13T11:25:28","date_gmt":"2020-08-13T14:25:28","guid":{"rendered":"https:\/\/www.ifbaiano.edu.br\/unidades\/valenca\/?page_id=5376"},"modified":"2025-11-11T16:27:00","modified_gmt":"2025-11-11T19:27:00","slug":"boletim-de-servico-interno","status":"publish","type":"page","link":"https:\/\/www.ifbaiano.edu.br\/unidades\/valenca\/boletim-de-servico-interno\/","title":{"rendered":"Boletim de Servi\u00e7o Interno &#8211; BSI"},"content":{"rendered":"\n<p>O Boletim de Servi\u00e7o Interno (BSI) do IF Baiano &#8211; <em>campus <\/em>Valen\u00e7a &#8211; \u00e9 um instrumento destinado a dar publicidade aos atos, procedimentos formais e a\u00e7\u00f5es realizadas pela Institui\u00e7\u00e3o, exig\u00eancia legal disposta na Lei n\u00ba 4.965, de 26 de junho de 1966. Produzido pela comiss\u00e3o designada atrav\u00e9s da Portaria n\u00ba 73, de 01 de outubro de 2019, o material \u00e9 divulgado no portal do <em>campus<\/em>, em formato PDF. Seu conte\u00fado est\u00e1 organizado em conformidade com os assuntos de Pessoal e Recursos Humanos da Institui\u00e7\u00e3o.<\/p>\n\n\n\n<div class=\"wp-block-group is-layout-constrained\"><div class=\"wp-block-group__inner-container\">\n<p><strong><a href=\"https:\/\/www.ifbaiano.edu.br\/unidades\/valenca\/files\/2020\/09\/Portaria-42_2020-Disp%C3%B5e-sobre-a-publica%C3%A7%C3%A3o-da-listagem-completa-dos-atos-normativos-inferiores-a-decreto-vigentes-do-IF-Baiano-Campus-Valen%C3%A7a.pdf\">Revis\u00e3o e Consolida\u00e7\u00e3o dos Atos Normativos (Decreto 10.139\/2019)<\/a><\/strong><\/p>\n<\/div><\/div>\n\n\n\n<div class=\"wp-block-columns is-layout-flex wp-container-17\">\n<div class=\"wp-block-column is-layout-flow\">\n<div id=\"ProreitoriaTopoTitulo\">\n\t\t\t\t\t<strong>BSI \u2013 2025<\/strong>\n\t\t\t\t<\/div>\n\n\n\n<div class=\"wp-block-file\"><a id=\"wp-block-file--media-93847625-accc-47da-bda2-e1caaa6a9f16\" href=\"https:\/\/www.ifbaiano.edu.br\/unidades\/valenca\/files\/2025\/09\/BSI-no-1-de-31-de-janeiro-de-2025.pdf\">BSI-no-1-de-31-de-janeiro-de-2025<br><\/a><\/div>\n\n\n\n<div class=\"wp-block-file\"><a id=\"wp-block-file--media-94943333-2270-42fd-9d15-a4cbb6fb17ad\" href=\"https:\/\/www.ifbaiano.edu.br\/unidades\/valenca\/files\/2025\/09\/BSI-no-3-de-31-de-marco-de-2025.pdf\">BSI-no-3-de-31-de-marco-de-2025<\/a><\/div>\n\n\n\n<div class=\"wp-block-file\"><a id=\"wp-block-file--media-bcc82947-7724-42a7-b7ca-f2344b1765f5\" href=\"https:\/\/www.ifbaiano.edu.br\/unidades\/valenca\/files\/2025\/09\/BSI-no-5-de-30-de-maio-de-2025.pdf\">BSI-no-5-de-30-de-maio-de-2025<\/a><\/div>\n\n\n\n<div class=\"wp-block-file\"><a id=\"wp-block-file--media-aad573cf-c0b2-4257-b063-f5dfcf9ade32\" href=\"https:\/\/www.ifbaiano.edu.br\/unidades\/valenca\/files\/2025\/09\/BSI-no-6-de-30-de-junho-de-2025.pdf\">BSI-no-6-de-30-de-junho-de-2025<\/a><\/div>\n\n\n\n<div class=\"wp-block-file\"><a id=\"wp-block-file--media-054b4cef-7321-4d9e-87d5-708563d16d50\" href=\"https:\/\/www.ifbaiano.edu.br\/unidades\/valenca\/files\/2025\/09\/BSI-no-7-de-31-de-julho-de-2025.pdf\">BSI-no-7-de-31-de-julho-de-2025<\/a><\/div>\n\n\n\n<div class=\"wp-block-file\"><a id=\"wp-block-file--media-534e5479-4edb-4285-bb71-9cb11ebaf9d9\" href=\"https:\/\/www.ifbaiano.edu.br\/unidades\/valenca\/files\/2025\/09\/BSI-no-8-de-29-de-agosto-de-2025.pdf\">BSI-no-8-de-29-de-agosto-de-2025<br><br><\/a><\/div>\n\n\n\n<div class=\"wp-block-file\"><a id=\"wp-block-file--media-25da2efe-4484-4ecf-8d98-571608d21ac6\" href=\"https:\/\/www.ifbaiano.edu.br\/unidades\/valenca\/files\/2025\/11\/BSI-no-9-de-30-de-setembro-de-2025.pdf\">BSI-no-9-de-30-de-setembro-de-2025<\/a><\/div>\n\n\n\n<div class=\"wp-block-file\"><a id=\"wp-block-file--media-767d3777-0010-4178-a6de-e1a486e52074\" href=\"https:\/\/www.ifbaiano.edu.br\/unidades\/valenca\/files\/2025\/11\/BSI-no-10-de-31-de-outubro-de-2025-1.pdf\">BSI-no-10-de-31-de-outubro-de-2025-1<\/a><\/div>\n\n\n\n<div class=\"wp-block-columns is-layout-flex wp-container-5\">\n<div class=\"wp-block-column is-layout-flow\" style=\"flex-basis:100%\">\n<div class=\"wp-block-columns is-layout-flex wp-container-3\">\n<div class=\"wp-block-column is-layout-flow\"><\/div>\n<\/div>\n<\/div>\n<\/div>\n\n\n\n<div class=\"wp-block-group is-layout-constrained\"><div class=\"wp-block-group__inner-container\">\n<div class=\"wp-block-group is-layout-constrained\"><div class=\"wp-block-group__inner-container\">\n<div class=\"wp-block-group is-layout-constrained\"><div class=\"wp-block-group__inner-container\">\n<div class=\"wp-block-group is-layout-constrained\"><div class=\"wp-block-group__inner-container\">\n<div class=\"wp-block-group is-layout-constrained\"><div class=\"wp-block-group__inner-container\"><\/div><\/div>\n<\/div><\/div>\n<\/div><\/div>\n<\/div><\/div>\n<\/div><\/div>\n<\/div>\n\n\n\n<div class=\"wp-block-column is-layout-flow\">\n<div id=\"ProreitoriaTopoTitulo\">\n\t\t\t\t\t<strong>BSI \u2013 2024<\/strong>\n\t\t\t\t<\/div>\n\n\n\n<ul>\n<li><strong><a rel=\"noreferrer noopener\" href=\"https:\/\/www.ifbaiano.edu.br\/unidades\/valenca\/files\/2024\/02\/BSI-no-1-de-31-de-janeiro-de-2024.pdf\" target=\"_blank\">BSI n\u00ba 01<\/a><\/strong> \u2013 de 31 de janeiro de 2024<\/li>\n\n\n\n<li><strong><a rel=\"noreferrer noopener\" href=\"https:\/\/www.ifbaiano.edu.br\/unidades\/valenca\/files\/2024\/03\/BSI-no-2-de-29-de-fevereiro-de-2024.pdf\" target=\"_blank\">BSI n\u00ba 02<\/a><\/strong> \u2013 de 29 de fevereiro de 2024<\/li>\n\n\n\n<li><a rel=\"noreferrer noopener\" href=\"https:\/\/www.ifbaiano.edu.br\/unidades\/valenca\/files\/2024\/04\/BSI-no-3-de-29-de-marco-de-2024.pdf\" target=\"_blank\"><strong>BSI n\u00ba 03<\/strong><\/a> \u2013 de 29 de mar\u00e7o de 2024<\/li>\n\n\n\n<li><a href=\"https:\/\/www.ifbaiano.edu.br\/unidades\/valenca\/files\/2024\/07\/BSI-no-4-de-30-de-abril-de-2024.pdf\" target=\"_blank\" rel=\"noreferrer noopener\"><strong>BSI n\u00ba 04<\/strong><\/a> \u2013 de 30 de abril de 2024<\/li>\n\n\n\n<li><a href=\"https:\/\/www.ifbaiano.edu.br\/unidades\/valenca\/files\/2024\/07\/BSI-no-5-de-31-de-maio-de-2024.pdf\" target=\"_blank\" rel=\"noreferrer noopener\"><strong>BSI n\u00ba 05<\/strong><\/a> \u2013 de 31 de maio de 2024<\/li>\n\n\n\n<li><strong><a rel=\"noreferrer noopener\" href=\"https:\/\/www.ifbaiano.edu.br\/unidades\/valenca\/files\/2024\/07\/BSI-no-6-2024-de-28-de-junho-de-2024.pdf\" target=\"_blank\">BSI n\u00ba 06<\/a><\/strong> \u2013 de 28 de junho de 2024<\/li>\n\n\n\n<li><strong><a rel=\"noreferrer noopener\" href=\"https:\/\/www.ifbaiano.edu.br\/unidades\/valenca\/files\/2024\/08\/BSI-no-7-2024-de-31-de-julho-de-2024.pdf\" target=\"_blank\">BSI n\u00ba 07<\/a><\/strong> \u2013 de 31 de julho de 2024<\/li>\n\n\n\n<li><strong><a rel=\"noreferrer noopener\" href=\"https:\/\/www.ifbaiano.edu.br\/unidades\/valenca\/files\/2024\/09\/BSI-no-8-de-30-de-agosto-de-2024.pdf\" target=\"_blank\">BSI n\u00ba 08<\/a><\/strong> \u2013 de 30 de agosto de 2024<\/li>\n\n\n\n<li><\/li>\n<\/ul>\n\n\n\n<div class=\"wp-block-group is-layout-constrained\"><div class=\"wp-block-group__inner-container\">\n<div class=\"wp-block-group is-layout-constrained\"><div class=\"wp-block-group__inner-container\">\n<div class=\"wp-block-file\"><a id=\"wp-block-file--media-97d88146-a525-4ae9-9f79-35c87c0cd2df\" href=\"https:\/\/www.ifbaiano.edu.br\/unidades\/valenca\/files\/2025\/09\/BSI-no-9-de-30-de-setembro-de-2024-1.pdf\"><strong>BSI n<\/strong>\u00ba<strong> 09<\/strong> &#8211; 30 de setembro de 2024<\/a><\/div>\n\n\n\n<div class=\"wp-block-group is-layout-constrained\"><div class=\"wp-block-group__inner-container\">\n<div class=\"wp-block-file\"><a id=\"wp-block-file--media-14e76a33-45db-48d7-9f93-25b75364882d\" href=\"https:\/\/www.ifbaiano.edu.br\/unidades\/valenca\/files\/2025\/09\/BSI-no-10-de-31-de-outubro-de-2024.pdf\">BSI-no-10-de-31-de-outubro-de-2024<\/a><\/div>\n\n\n\n<div class=\"wp-block-file\"><a id=\"wp-block-file--media-54a8e306-5131-4b36-b169-160b361768c5\" href=\"https:\/\/www.ifbaiano.edu.br\/unidades\/valenca\/files\/2025\/09\/BSI-no-11-de-29-de-novembro-de-2024.pdf\">BSI-no-11-de-29-de-novembro-de-2024<\/a><\/div>\n<\/div><\/div>\n<\/div><\/div>\n<\/div><\/div>\n<\/div>\n\n\n\n<div class=\"wp-block-column is-layout-flow\">\n<div id=\"ProreitoriaTopoTitulo\">\n\t\t\t\t\t<strong>BSI \u2013 2023<\/strong>\n\t\t\t\t<\/div>\n\n\n\n<ul>\n<li><a rel=\"noreferrer noopener\" href=\"https:\/\/www.ifbaiano.edu.br\/unidades\/valenca\/files\/2023\/02\/BSI-no-01-de-31-de-janeiro-de-2023.pdf\" target=\"_blank\"><strong>BSI n\u00ba 01<\/strong><\/a> \u2013 de 31 de janeiro de 2023<\/li>\n\n\n\n<li><a rel=\"noreferrer noopener\" href=\"https:\/\/www.ifbaiano.edu.br\/unidades\/valenca\/files\/2023\/03\/BSI-no-02-\u2013-de-fevereiro-de-2023.pdf\" target=\"_blank\"><strong>BSI n\u00ba 02<\/strong><\/a>&nbsp;\u2013 de 28 de fevereiro de 2023<\/li>\n\n\n\n<li><a rel=\"noreferrer noopener\" href=\"https:\/\/www.ifbaiano.edu.br\/unidades\/valenca\/files\/2023\/04\/BSI-no-03-\u2013-de-31-de-marco-de-2023.pdf\" target=\"_blank\"><strong>BSI n\u00ba 03<\/strong><\/a>&nbsp;\u2013 de 31 de mar\u00e7o de 2023<\/li>\n\n\n\n<li><a rel=\"noreferrer noopener\" href=\"https:\/\/www.ifbaiano.edu.br\/unidades\/valenca\/files\/2023\/05\/BSI-no-04-de-30-de-abril-de-2023.pdf\" target=\"_blank\"><strong>BSI n\u00ba 04<\/strong><\/a> \u2013 de 30 de abril de 2023<\/li>\n\n\n\n<li><a rel=\"noreferrer noopener\" href=\"https:\/\/www.ifbaiano.edu.br\/unidades\/valenca\/files\/2023\/06\/BSI-no-05-de-31-maio-de-2023.pdf\" target=\"_blank\"><strong>BSI n\u00ba 05<\/strong><\/a> &#8211; de 31 de maio de 2023<\/li>\n\n\n\n<li><strong><a href=\"https:\/\/www.ifbaiano.edu.br\/unidades\/valenca\/files\/2023\/09\/BSI-no-06-de-30-de-junho-de-2023.pdf\" target=\"_blank\" rel=\"noreferrer noopener\">BSI n\u00ba 06<\/a><\/strong> &#8211; de 30 de junho de 2023<\/li>\n\n\n\n<li><strong><a href=\"https:\/\/www.ifbaiano.edu.br\/unidades\/valenca\/files\/2023\/09\/BSI-no-07-de-31-julho-de-2023.pdf\" target=\"_blank\" rel=\"noreferrer noopener\">BSI n\u00ba 07<\/a><\/strong> &#8211; de 31 de julho de 2023<\/li>\n\n\n\n<li><strong><a href=\"https:\/\/www.ifbaiano.edu.br\/unidades\/valenca\/files\/2023\/09\/BSI-no-08-de-31-agosto-de-2023.pdf\" target=\"_blank\" rel=\"noreferrer noopener\">BSI n\u00ba 08<\/a><\/strong> &#8211; de 31 de agosto de 2023<\/li>\n\n\n\n<li><strong><a rel=\"noreferrer noopener\" href=\"https:\/\/www.ifbaiano.edu.br\/unidades\/valenca\/files\/2023\/10\/BSI-no-09-de-29-de-setembro-de-2023.pdf\" target=\"_blank\">BSI n\u00ba 09<\/a><\/strong> &#8211; de 29 de setembro de 2023<\/li>\n\n\n\n<li><a rel=\"noreferrer noopener\" href=\"https:\/\/www.ifbaiano.edu.br\/unidades\/valenca\/files\/2023\/11\/BSI-no-10-de-31-de-outubro-de-2023.pdf\" target=\"_blank\"><strong>BSI n\u00ba 10<\/strong><\/a> &#8211; de 31 de outubro de 2023<\/li>\n\n\n\n<li><strong><a rel=\"noreferrer noopener\" href=\"https:\/\/www.ifbaiano.edu.br\/unidades\/valenca\/files\/2023\/12\/BSI-no-11-de-30-de-novembro-de-2023.pdf\" target=\"_blank\">BSI n\u00ba 11<\/a><\/strong> &#8211; de 30 novembro de 2023<\/li>\n\n\n\n<li><strong><a href=\"https:\/\/www.ifbaiano.edu.br\/unidades\/valenca\/files\/2024\/01\/BSI-no-12-de-29-de-dezembro-de-2023.pdf\" target=\"_blank\" rel=\"noreferrer noopener\">BSI n\u00ba 12<\/a><\/strong> &#8211; de 29 dezembro de 2023<\/li>\n<\/ul>\n<\/div>\n<\/div>\n\n\n\n<pre class=\"wp-block-preformatted\"><p align=\"justify\"><\/p><\/pre>\n\n\n\n<div class=\"wp-block-columns is-layout-flex wp-container-21\">\n<div class=\"wp-block-column is-layout-flow\">\n<div id=\"ProreitoriaTopoTitulo\">\n\t\t\t\t\t<strong>BSI \u2013 2022<\/strong>\t\t\t\t<\/div>\n\n\n\n<ul>\n<li><strong><a rel=\"noreferrer noopener\" href=\"https:\/\/www.ifbaiano.edu.br\/unidades\/valenca\/files\/2022\/06\/BSI-No-01-de-31-de-Janeiro-de-2022.pdf\" target=\"_blank\">BSI n\u00ba 01<\/a><\/strong> \u2013 de 31 de janeiro de 2022<\/li>\n\n\n\n<li><a rel=\"noreferrer noopener\" href=\"https:\/\/www.ifbaiano.edu.br\/unidades\/valenca\/files\/2022\/06\/BSI-No-02-de-28-de-Fevereiro-de-2022.pdf\" target=\"_blank\"><strong>BSI n\u00ba 02<\/strong><\/a> \u2013 de 28 de fevereiro de 2022<\/li>\n\n\n\n<li><strong><a rel=\"noreferrer noopener\" href=\"https:\/\/www.ifbaiano.edu.br\/unidades\/valenca\/files\/2022\/06\/BSI-No-03-de-31-de-Marco-de-2022.pdf\" target=\"_blank\">BSI n\u00ba 03<\/a><\/strong> \u2013 de 31 de mar\u00e7o de 2022<\/li>\n\n\n\n<li><strong><a rel=\"noreferrer noopener\" href=\"https:\/\/www.ifbaiano.edu.br\/unidades\/valenca\/files\/2022\/06\/BSI-No-04-de-30-de-Abril-de-2022.pdf\" target=\"_blank\">BSI n\u00ba 04<\/a><\/strong> \u2013 de 30 de abril de 2022<\/li>\n\n\n\n<li><strong><a rel=\"noreferrer noopener\" href=\"https:\/\/www.ifbaiano.edu.br\/unidades\/valenca\/files\/2022\/06\/BSI-No-05-de-31-de-Maio-de-2022.pdf\" target=\"_blank\">BSI n\u00ba 05<\/a><\/strong> \u2013 de 31 maio de 2022<\/li>\n\n\n\n<li><a rel=\"noreferrer noopener\" href=\"https:\/\/www.ifbaiano.edu.br\/unidades\/valenca\/files\/2023\/02\/BSI-no-06-\u2013-de-30-junho-de-2022.pdf\" target=\"_blank\"><strong>BSI n\u00ba 06<\/strong><\/a> \u2013 de 30 junho de 2022<\/li>\n\n\n\n<li><a rel=\"noreferrer noopener\" href=\"https:\/\/www.ifbaiano.edu.br\/unidades\/valenca\/files\/2023\/02\/BSI-no-07-\u2013-de-31-julho-de-2022.pdf\" target=\"_blank\"><strong>BSI n\u00ba 07<\/strong><\/a> \u2013 de 31 julho de 2022<\/li>\n\n\n\n<li><a rel=\"noreferrer noopener\" href=\"https:\/\/www.ifbaiano.edu.br\/unidades\/valenca\/files\/2023\/02\/BSI-no-08-\u2013-de-31-agosto-de-2022.pdf\" target=\"_blank\"><strong>BSI n\u00ba 08<\/strong><\/a> \u2013 de 31 agosto de 2022<\/li>\n\n\n\n<li><a rel=\"noreferrer noopener\" href=\"https:\/\/www.ifbaiano.edu.br\/unidades\/valenca\/files\/2023\/02\/BSI-no-09-\u2013-de-30-setembro-de-2022.pdf\" target=\"_blank\"><strong>BSI n\u00ba <\/strong><\/a><strong><a rel=\"noreferrer noopener\" href=\"https:\/\/www.ifbaiano.edu.br\/unidades\/valenca\/files\/2023\/02\/BSI-no-09-\u2013-de-30-setembro-de-2022.pdf\" target=\"_blank\">09<\/a> <\/strong>\u2013 de 30 setembro de 2022<\/li>\n\n\n\n<li><a rel=\"noreferrer noopener\" href=\"https:\/\/www.ifbaiano.edu.br\/unidades\/valenca\/files\/2023\/02\/BSI-no-10-\u2013-de-31-outubro-de-2022.pdf\" target=\"_blank\"><strong>BSI n\u00ba 10<\/strong><\/a> \u2013 de 31 outubro de 2022<\/li>\n\n\n\n<li><a href=\"https:\/\/www.ifbaiano.edu.br\/unidades\/valenca\/files\/2023\/02\/BSI-no-11-\u2013-de-30-novembro-de-2022.pdf\" target=\"_blank\" rel=\"noreferrer noopener\"><strong>BSI n\u00ba 11<\/strong><\/a> \u2013 de 30 novembro de 2022<\/li>\n\n\n\n<li><strong><a href=\"https:\/\/www.ifbaiano.edu.br\/unidades\/valenca\/files\/2023\/02\/BSI-no-12-\u2013-de-31-dezembro-de-2022.pdf\" target=\"_blank\" rel=\"noreferrer noopener\">BSI n\u00ba 12<\/a> <\/strong>\u2013 de 31 dezembro de 2022<\/li>\n<\/ul>\n<\/div>\n\n\n\n<div class=\"wp-block-column is-layout-flow\">\n<div id=\"ProreitoriaTopoTitulo\">\n\t\t\t\t\t<strong>BSI \u2013 2021<\/strong>\n\t\t\t\t<\/div>\n\n\n\n<ul>\n<li><strong><a rel=\"noreferrer noopener\" href=\"https:\/\/www.ifbaiano.edu.br\/unidades\/valenca\/files\/2021\/07\/BSI-No-01-de-29-de-Janeiro-de-2021.pdf\" data-type=\"URL\" data-id=\"https:\/\/www.ifbaiano.edu.br\/unidades\/valenca\/files\/2021\/07\/BSI-No-01-de-29-de-Janeiro-de-2021.pdf\" target=\"_blank\">BSI n\u00ba 01<\/a> <\/strong>\u2013 de 29 de janeiro de 2021<\/li>\n\n\n\n<li><strong><a rel=\"noreferrer noopener\" href=\"https:\/\/www.ifbaiano.edu.br\/unidades\/valenca\/files\/2021\/07\/BSI-No-02-de-26-de-Fevereiro-de-2021.pdf\" data-type=\"URL\" data-id=\"https:\/\/www.ifbaiano.edu.br\/unidades\/valenca\/files\/2021\/07\/BSI-No-02-de-26-de-Fevereiro-de-2021.pdf\" target=\"_blank\">BSI n\u00ba 02 <\/a><\/strong>\u2013 de 26 de fevereiro de 2021<\/li>\n\n\n\n<li><strong><a rel=\"noreferrer noopener\" href=\"https:\/\/www.ifbaiano.edu.br\/unidades\/valenca\/files\/2021\/07\/BSI-No-03-de-31-de-Marco-de-2021.pdf\" data-type=\"URL\" data-id=\"https:\/\/www.ifbaiano.edu.br\/unidades\/valenca\/files\/2021\/07\/BSI-No-03-de-31-de-Marco-de-2021.pdf\" target=\"_blank\">BSI n\u00ba 03<\/a> <\/strong>\u2013 de 31 de mar\u00e7o de 2021<\/li>\n\n\n\n<li><strong><a rel=\"noreferrer noopener\" href=\"https:\/\/www.ifbaiano.edu.br\/unidades\/valenca\/files\/2021\/07\/BSI-No-04-de-30-de-Abril-de-2021.pdf\" data-type=\"URL\" data-id=\"https:\/\/www.ifbaiano.edu.br\/unidades\/valenca\/files\/2021\/07\/BSI-No-04-de-30-de-Abril-de-2021.pdf\" target=\"_blank\">BSI n\u00ba 04<\/a> <\/strong>\u2013 de 30 de abril de 2021<\/li>\n\n\n\n<li><strong><a rel=\"noreferrer noopener\" href=\"https:\/\/www.ifbaiano.edu.br\/unidades\/valenca\/files\/2021\/07\/BSI-No-05-de-31-de-Maio-de-2021.pdf\" data-type=\"URL\" data-id=\"https:\/\/www.ifbaiano.edu.br\/unidades\/valenca\/files\/2021\/07\/BSI-No-05-de-31-de-Maio-de-2021.pdf\" target=\"_blank\">BSI n\u00ba 05<\/a> <\/strong>\u2013 de 31 de maio de 2021<\/li>\n\n\n\n<li><strong><a rel=\"noreferrer noopener\" href=\"https:\/\/www.ifbaiano.edu.br\/unidades\/valenca\/files\/2021\/07\/BSI-No-06-de-30-de-Junho-de-2021.pdf\" data-type=\"URL\" data-id=\"https:\/\/www.ifbaiano.edu.br\/unidades\/valenca\/files\/2021\/07\/BSI-No-06-de-30-de-Junho-de-2021.pdf\" target=\"_blank\">BSI n\u00ba 06<\/a> <\/strong>\u2013 de 30 de junho de 2021<\/li>\n\n\n\n<li><a rel=\"noreferrer noopener\" href=\"https:\/\/www.ifbaiano.edu.br\/unidades\/valenca\/files\/2021\/10\/BSI-No-07-de-30-de-Julho-de-2021.pdf\" data-type=\"URL\" data-id=\"https:\/\/www.ifbaiano.edu.br\/unidades\/valenca\/files\/2021\/10\/BSI-No-07-de-30-de-Julho-de-2021.pdf\" target=\"_blank\"><strong>BSI n\u00ba 07<\/strong> <\/a>\u2013 de 30 de Julho de 2021<\/li>\n\n\n\n<li><a rel=\"noreferrer noopener\" href=\"https:\/\/www.ifbaiano.edu.br\/unidades\/valenca\/files\/2021\/10\/BSI-No-08-de-31-de-Agosto-de-2021.pdf\" data-type=\"URL\" data-id=\"https:\/\/www.ifbaiano.edu.br\/unidades\/valenca\/files\/2021\/10\/BSI-No-08-de-31-de-Agosto-de-2021.pdf\" target=\"_blank\"><strong>BSI n\u00ba 08<\/strong><\/a> \u2013 de 31 de agosto de 2021<\/li>\n\n\n\n<li><a rel=\"noreferrer noopener\" href=\"https:\/\/www.ifbaiano.edu.br\/unidades\/valenca\/files\/2022\/01\/BSI-No-09-de-30-de-Setembro-de-2021.pdf\" target=\"_blank\"><strong>BSI n\u00ba 09<\/strong><\/a> \u2013 de 30 de setembro de 2021<\/li>\n\n\n\n<li><strong><a rel=\"noreferrer noopener\" href=\"https:\/\/www.ifbaiano.edu.br\/unidades\/valenca\/files\/2022\/01\/BSI-No-10-de-31-de-Outubro-de-2021.pdf\" data-type=\"URL\" data-id=\"https:\/\/www.ifbaiano.edu.br\/unidades\/valenca\/files\/2022\/01\/BSI-No-10-de-31-de-Outubro-de-2021.pdf\" target=\"_blank\">BSI n\u00ba 10<\/a><\/strong> \u2013 de 31 de outubro de 2021<\/li>\n\n\n\n<li><a rel=\"noreferrer noopener\" href=\"https:\/\/www.ifbaiano.edu.br\/unidades\/valenca\/files\/2022\/01\/BSI-No-11-de-30-de-Novembro-de-2021.pdf\" data-type=\"URL\" data-id=\"https:\/\/www.ifbaiano.edu.br\/unidades\/valenca\/files\/2022\/01\/BSI-No-11-de-30-de-Novembro-de-2021.pdf\" target=\"_blank\"><strong>BSI n\u00ba 11<\/strong><\/a> \u2013 de 30 novembro de 2021<\/li>\n\n\n\n<li><strong><a rel=\"noreferrer noopener\" href=\"https:\/\/www.ifbaiano.edu.br\/unidades\/valenca\/files\/2022\/06\/BSI-No-12-de-31-de-dezembro-de-2021.pdf\" target=\"_blank\">BSI n\u00ba 12<\/a><\/strong> \u2013 de 31 dezembro de 2021<\/li>\n<\/ul>\n<\/div>\n\n\n\n<div class=\"wp-block-column is-layout-flow\">\n<div id=\"ProreitoriaTopoTitulo\">\n\t\t\t\t\t<strong>BSI \u2013 2020<\/strong>\n\t\t\t\t<\/div>\n\n\n\n<ul>\n<li><strong><a rel=\"noreferrer noopener\" href=\"https:\/\/www.ifbaiano.edu.br\/unidades\/valenca\/files\/2020\/08\/BSI-JAN-20.pdf\" target=\"_blank\">BSI n\u00ba 01<\/a> <\/strong>\u2013<strong> <\/strong>de 31 de janeiro de 2020<\/li>\n\n\n\n<li><strong><a rel=\"noreferrer noopener\" href=\"https:\/\/www.ifbaiano.edu.br\/unidades\/valenca\/files\/2020\/08\/BSI-FEV-20.pdf\" data-type=\"URL\" data-id=\"https:\/\/www.ifbaiano.edu.br\/unidades\/valenca\/files\/2020\/08\/BSI-FEV-20.pdf\" target=\"_blank\">BSI n\u00ba 02 <\/a><\/strong> \u2013 de 29 de fevereiro de 2020<\/li>\n\n\n\n<li><strong><a rel=\"noreferrer noopener\" href=\"https:\/\/www.ifbaiano.edu.br\/unidades\/valenca\/files\/2020\/08\/BSI-MAR20.pdf\" data-type=\"URL\" data-id=\"https:\/\/www.ifbaiano.edu.br\/unidades\/valenca\/files\/2020\/08\/BSI-MAR20.pdf\" target=\"_blank\">BSI n\u00ba 03<\/a><\/strong>  \u2013 de 30 de mar\u00e7o de 2020<\/li>\n\n\n\n<li><strong><a rel=\"noreferrer noopener\" href=\"https:\/\/www.ifbaiano.edu.br\/unidades\/valenca\/files\/2020\/08\/BSI-ABR20.pdf\" data-type=\"URL\" data-id=\"https:\/\/www.ifbaiano.edu.br\/unidades\/valenca\/files\/2020\/08\/BSI-ABR20.pdf\" target=\"_blank\">BSI n\u00ba 04<\/a><\/strong>  \u2013 de 31 de abril de 2020<\/li>\n\n\n\n<li><strong><a rel=\"noreferrer noopener\" href=\"https:\/\/www.ifbaiano.edu.br\/unidades\/valenca\/files\/2020\/08\/BSI-MAI20.pdf\" data-type=\"URL\" data-id=\"https:\/\/www.ifbaiano.edu.br\/unidades\/valenca\/files\/2020\/08\/BSI-MAI20.pdf\" target=\"_blank\">BSI n\u00ba 05<\/a><\/strong>  \u2013 de 30 de maio de 2020<\/li>\n\n\n\n<li><strong><a rel=\"noreferrer noopener\" href=\"https:\/\/www.ifbaiano.edu.br\/unidades\/valenca\/files\/2020\/08\/BSI-JUN-20.pdf\" data-type=\"URL\" data-id=\"https:\/\/www.ifbaiano.edu.br\/unidades\/valenca\/files\/2020\/08\/BSI-JUN-20.pdf\" target=\"_blank\">BSI n\u00ba 06<\/a><\/strong>  \u2013 de 31 de junho de 2020<\/li>\n\n\n\n<li><strong><a rel=\"noreferrer noopener\" href=\"https:\/\/www.ifbaiano.edu.br\/unidades\/valenca\/files\/2020\/08\/BSI-JUL-20.pdf\" data-type=\"URL\" data-id=\"https:\/\/www.ifbaiano.edu.br\/unidades\/valenca\/files\/2020\/08\/BSI-JUL-20.pdf\" target=\"_blank\">BSI n\u00ba 07<\/a><\/strong>  \u2013 de 30 de julho de 2020<\/li>\n\n\n\n<li><a rel=\"noreferrer noopener\" href=\"https:\/\/www.ifbaiano.edu.br\/unidades\/valenca\/files\/2020\/09\/PORTARIA-AGOSTO-2020.pdf\" data-type=\"URL\" data-id=\"https:\/\/www.ifbaiano.edu.br\/unidades\/valenca\/files\/2020\/09\/PORTARIA-AGOSTO-2020.pdf\" target=\"_blank\"><strong>BSI de Portaria<\/strong><\/a><strong> <\/strong>\u2013 de agosto de 2020<\/li>\n\n\n\n<li><a rel=\"noreferrer noopener\" href=\"https:\/\/www.ifbaiano.edu.br\/unidades\/valenca\/files\/2020\/10\/PORTARIA-SETEMBRO-2020.pdf\" data-type=\"URL\" data-id=\"https:\/\/www.ifbaiano.edu.br\/unidades\/valenca\/files\/2020\/10\/PORTARIA-SETEMBRO-2020.pdf\" target=\"_blank\"><strong>BSI de Portaria<\/strong><\/a> \u2013 de setembro 2020<\/li>\n\n\n\n<li><strong><a rel=\"noreferrer noopener\" href=\"https:\/\/www.ifbaiano.edu.br\/unidades\/valenca\/files\/2020\/11\/PORTARIAS-OUTUBRO-2020.pdf\" data-type=\"URL\" data-id=\"https:\/\/www.ifbaiano.edu.br\/unidades\/valenca\/files\/2020\/11\/PORTARIAS-OUTUBRO-2020.pdf\" target=\"_blank\">BSI de Portaria<\/a> <\/strong>\u2013 de outubro 2020<\/li>\n\n\n\n<li><a rel=\"noreferrer noopener\" href=\"https:\/\/www.ifbaiano.edu.br\/unidades\/valenca\/files\/2020\/12\/PORTARIAS-NOVEMBRO-2020.pdf\" data-type=\"URL\" data-id=\"https:\/\/www.ifbaiano.edu.br\/unidades\/valenca\/files\/2020\/12\/PORTARIAS-NOVEMBRO-2020.pdf\" target=\"_blank\"><strong>BSI de Portari<\/strong>a<\/a> \u2013 de novembro 2020<\/li>\n\n\n\n<li><strong><a rel=\"noreferrer noopener\" href=\"https:\/\/www.ifbaiano.edu.br\/unidades\/valenca\/files\/2021\/07\/BSI-No-12-de-31-de-dezembro-de-2020.pdf\" data-type=\"URL\" data-id=\"https:\/\/www.ifbaiano.edu.br\/unidades\/valenca\/files\/2021\/07\/BSI-No-12-de-31-de-dezembro-de-2020.pdf\" target=\"_blank\">BSI n\u00ba 12 <\/a> <\/strong>\u2013 de 31 dezembro de 2020<\/li>\n<\/ul>\n<\/div>\n<\/div>\n","protected":false},"excerpt":{"rendered":"<p>O Boletim de Servi\u00e7o Interno (BSI) do IF Baiano &#8211; campus Valen\u00e7a &#8211; \u00e9 um instrumento destinado a dar publicidade aos atos, procedimentos formais e a\u00e7\u00f5es realizadas pela Institui\u00e7\u00e3o, exig\u00eancia legal disposta na Lei n\u00ba 4.965, de 26 de junho de 1966. Produzido pela comiss\u00e3o designada atrav\u00e9s da Portaria n\u00ba 73, de 01 de outubro [&hellip;]<\/p>\n","protected":false},"author":146,"featured_media":0,"parent":0,"menu_order":0,"comment_status":"closed","ping_status":"closed","template":"","meta":[],"_links":{"self":[{"href":"https:\/\/www.ifbaiano.edu.br\/unidades\/valenca\/wp-json\/wp\/v2\/pages\/5376"}],"collection":[{"href":"https:\/\/www.ifbaiano.edu.br\/unidades\/valenca\/wp-json\/wp\/v2\/pages"}],"about":[{"href":"https:\/\/www.ifbaiano.edu.br\/unidades\/valenca\/wp-json\/wp\/v2\/types\/page"}],"author":[{"embeddable":true,"href":"https:\/\/www.ifbaiano.edu.br\/unidades\/valenca\/wp-json\/wp\/v2\/users\/146"}],"replies":[{"embeddable":true,"href":"https:\/\/www.ifbaiano.edu.br\/unidades\/valenca\/wp-json\/wp\/v2\/comments?post=5376"}],"version-history":[{"count":95,"href":"https:\/\/www.ifbaiano.edu.br\/unidades\/valenca\/wp-json\/wp\/v2\/pages\/5376\/revisions"}],"predecessor-version":[{"id":10202,"href":"https:\/\/www.ifbaiano.edu.br\/unidades\/valenca\/wp-json\/wp\/v2\/pages\/5376\/revisions\/10202"}],"wp:attachment":[{"href":"https:\/\/www.ifbaiano.edu.br\/unidades\/valenca\/wp-json\/wp\/v2\/media?parent=5376"}],"curies":[{"name":"wp","href":"https:\/\/api.w.org\/{rel}","templated":true}]}}