{"id":7633,"date":"2022-05-16T11:05:10","date_gmt":"2022-05-16T14:05:10","guid":{"rendered":"https:\/\/www.ifbaiano.edu.br\/unidades\/valenca\/?page_id=7633"},"modified":"2022-05-16T11:22:46","modified_gmt":"2022-05-16T14:22:46","slug":"programa-de-alimentacao-estudantil","status":"publish","type":"page","link":"https:\/\/www.ifbaiano.edu.br\/unidades\/valenca\/programa-de-alimentacao-estudantil\/","title":{"rendered":"Programa de Alimenta\u00e7\u00e3o Estudantil"},"content":{"rendered":"\n<div id=\"ProreitoriaTopoTitulo\">\n\t\t\t\t\tPrograma de Alimenta\u00e7\u00e3o Estudantil\n\t\t\t\t<\/div>\n\n\n\n<p>\u00c9 baseado no Programa Nacional de Alimenta\u00e7\u00e3o Escolar (PNAE), que visa oferecer alimenta\u00e7\u00e3o escolar a todos os estudantes da educa\u00e7\u00e3o b\u00e1sica p\u00fablica durante o ano letivo, garantindo-se:<\/p>\n\n\n\n<p>I \u2013 no m\u00ednimo 1 (uma) refei\u00e7\u00e3o para os estudantes de cursos que funcionam em per\u00edodo parcial;<\/p>\n\n\n\n<p>II \u2013 no m\u00ednimo 3 (tr\u00eas) refei\u00e7\u00f5es para os estudantes de cursos que funcionam em per\u00edodo integral.<\/p>\n\n\n\n<p>Par\u00e1grafo \u00danico. O atendimento poder\u00e1 ser ampliado para estudantes de outros cursos, caso o\u00a0<em>Campus\u00a0<\/em>disponha de recursos para complementa\u00e7\u00e3o.<\/p>\n\n\n\n<div id=\"ProreitoriaTopoTitulo\">\n\t\t\t\t\tD\u00favidas e demais informa\u00e7\u00f5es\n\t\t\t\t<\/div>\n\n\n\n<p>Em caso de d\u00favidas, o aluno pode encaminhar e-mail para\u00a0<a href=\"mailto:clae@valenca.ifbaiano.edu.br\">clae@valenca.ifbaiano.edu.br<\/a>, ou buscar presencialmente a Coordena\u00e7\u00e3o de Assuntos Estudantis (CAE) ou o Servi\u00e7o Social do campus.<\/p>\n","protected":false},"excerpt":{"rendered":"<p>Programa de Alimenta\u00e7\u00e3o Estudantil \u00c9 baseado no Programa Nacional de Alimenta\u00e7\u00e3o Escolar (PNAE), que visa oferecer alimenta\u00e7\u00e3o escolar a todos os estudantes da educa\u00e7\u00e3o b\u00e1sica p\u00fablica durante o ano letivo, garantindo-se: I \u2013 no m\u00ednimo 1 (uma) refei\u00e7\u00e3o para os estudantes de cursos que funcionam em per\u00edodo parcial; II \u2013 no m\u00ednimo 3 (tr\u00eas) refei\u00e7\u00f5es [&hellip;]<\/p>\n","protected":false},"author":146,"featured_media":0,"parent":0,"menu_order":0,"comment_status":"closed","ping_status":"closed","template":"","meta":[],"_links":{"self":[{"href":"https:\/\/www.ifbaiano.edu.br\/unidades\/valenca\/wp-json\/wp\/v2\/pages\/7633"}],"collection":[{"href":"https:\/\/www.ifbaiano.edu.br\/unidades\/valenca\/wp-json\/wp\/v2\/pages"}],"about":[{"href":"https:\/\/www.ifbaiano.edu.br\/unidades\/valenca\/wp-json\/wp\/v2\/types\/page"}],"author":[{"embeddable":true,"href":"https:\/\/www.ifbaiano.edu.br\/unidades\/valenca\/wp-json\/wp\/v2\/users\/146"}],"replies":[{"embeddable":true,"href":"https:\/\/www.ifbaiano.edu.br\/unidades\/valenca\/wp-json\/wp\/v2\/comments?post=7633"}],"version-history":[{"count":2,"href":"https:\/\/www.ifbaiano.edu.br\/unidades\/valenca\/wp-json\/wp\/v2\/pages\/7633\/revisions"}],"predecessor-version":[{"id":7640,"href":"https:\/\/www.ifbaiano.edu.br\/unidades\/valenca\/wp-json\/wp\/v2\/pages\/7633\/revisions\/7640"}],"wp:attachment":[{"href":"https:\/\/www.ifbaiano.edu.br\/unidades\/valenca\/wp-json\/wp\/v2\/media?parent=7633"}],"curies":[{"name":"wp","href":"https:\/\/api.w.org\/{rel}","templated":true}]}}