{"id":7649,"date":"2022-05-16T14:33:52","date_gmt":"2022-05-16T17:33:52","guid":{"rendered":"https:\/\/www.ifbaiano.edu.br\/unidades\/valenca\/?page_id=7649"},"modified":"2022-09-14T08:44:13","modified_gmt":"2022-09-14T11:44:13","slug":"assistencia-estudantil","status":"publish","type":"page","link":"https:\/\/www.ifbaiano.edu.br\/unidades\/valenca\/assistencia-estudantil\/","title":{"rendered":"Pol\u00edtica de Assist\u00eancia Estudantil"},"content":{"rendered":"\n<p>Clique e acesse a&nbsp;<a href=\"https:\/\/ifbaiano.edu.br\/portal\/ensino\/wp-content\/uploads\/sites\/2\/2016\/03\/Pol%C3%ADtica-de-Assist%C3%AAncia-Estudantil-29.01.2019.pdf\">Resolu\u00e7\u00e3o n\u00ba 01 de 2019<\/a>, que institui a Pol\u00edtica de Assist\u00eancia Estudantil.<\/p>\n\n\n\n<div id=\"ProreitoriaTopoTitulo\">\n\t\t\t\t\tAssist\u00eancia Estudantil\n\t\t\t\t<\/div>\n\n\n\n<p>A Assist\u00eancia Estudantil vislumbra o desenvolvimento de programas e linhas de a\u00e7\u00f5es, com vistas \u00e0 implementa\u00e7\u00e3o de uma Pol\u00edtica de Assist\u00eancia Estudantil que assegure ao estudante do IF Baiano acesso, perman\u00eancia e \u00eaxito no seu percurso educacional, enquanto cidad\u00e3o em processo de desenvolvimento, propiciando-lhe o exerc\u00edcio pleno de sua cidadania.<\/p>\n\n\n\n<div id=\"ProreitoriaTopoTitulo\">\n\t\t\t\t\tProgramas oferecidos pelo Campus Valen\u00e7a\n\t\t\t\t<\/div>\n\n\n\n<p>I &#8211; <a href=\"https:\/\/www.ifbaiano.edu.br\/unidades\/valenca\/paise\/\">Programa de Assist\u00eancia e Inclus\u00e3o Social do Estudante \u2013 PAISE<\/a>;<br>II &#8211; <a href=\"https:\/\/www.ifbaiano.edu.br\/unidades\/valenca\/pae\/\">Programa de Aux\u00edlios Eventuais \u2013 PAE<\/a>;<br>III &#8211; <a href=\"https:\/\/www.ifbaiano.edu.br\/unidades\/valenca\/programa-de-alimentacao-estudantil\/\">Programa de Alimenta\u00e7\u00e3o Estudantil<\/a>;<br>IV &#8211; <a href=\"https:\/\/www.ifbaiano.edu.br\/unidades\/valenca\/pro-saude\/\">Programa de Preven\u00e7\u00e3o e Assist\u00eancia \u00e0 Sa\u00fade \u2013 PRO-SA\u00daDE<\/a>;<br>V &#8211; <a href=\"https:\/\/www.ifbaiano.edu.br\/unidades\/valenca\/proap\/\">Programa de Acompanhamento Psicossocial e Pedag\u00f3gico \u2013 PROAP<\/a>.<\/p>\n\n\n\n<div id=\"ProreitoriaTopoTitulo\">\n\t\t\t\t\tD\u00favidas e demais informa\u00e7\u00f5es\n\t\t\t\t<\/div>\n\n\n\n<p>Em caso de d\u00favidas, o aluno pode encaminhar e-mail para&nbsp;<a href=\"mailto:clae@valenca.ifbaiano.edu.br\">clae@valenca.ifbaiano.edu.br<\/a>, ou buscar presencialmente a Coordena\u00e7\u00e3o de Assuntos Estudantis (CAE) ou o Servi\u00e7o Social do campus.<\/p>\n\n\n\n<p><br><strong>Coordenadora da CAE e Presidente da Comiss\u00e3o Local de Assist\u00eancia Estudantil (CLAE)<\/strong><br>Profa. Cec\u00edlia Nunes da Silva <br>E-mail: <a href=\"mailto:cecilia.silva@ifbaiano.edu.br\">cecilia.silva@ifbaiano.edu.br<\/a><\/p>\n","protected":false},"excerpt":{"rendered":"<p>Clique e acesse a&nbsp;Resolu\u00e7\u00e3o n\u00ba 01 de 2019, que institui a Pol\u00edtica de Assist\u00eancia Estudantil. Assist\u00eancia Estudantil A Assist\u00eancia Estudantil vislumbra o desenvolvimento de programas e linhas de a\u00e7\u00f5es, com vistas \u00e0 implementa\u00e7\u00e3o de uma Pol\u00edtica de Assist\u00eancia Estudantil que assegure ao estudante do IF Baiano acesso, perman\u00eancia e \u00eaxito no seu percurso educacional, enquanto [&hellip;]<\/p>\n","protected":false},"author":146,"featured_media":0,"parent":0,"menu_order":0,"comment_status":"closed","ping_status":"closed","template":"","meta":[],"_links":{"self":[{"href":"https:\/\/www.ifbaiano.edu.br\/unidades\/valenca\/wp-json\/wp\/v2\/pages\/7649"}],"collection":[{"href":"https:\/\/www.ifbaiano.edu.br\/unidades\/valenca\/wp-json\/wp\/v2\/pages"}],"about":[{"href":"https:\/\/www.ifbaiano.edu.br\/unidades\/valenca\/wp-json\/wp\/v2\/types\/page"}],"author":[{"embeddable":true,"href":"https:\/\/www.ifbaiano.edu.br\/unidades\/valenca\/wp-json\/wp\/v2\/users\/146"}],"replies":[{"embeddable":true,"href":"https:\/\/www.ifbaiano.edu.br\/unidades\/valenca\/wp-json\/wp\/v2\/comments?post=7649"}],"version-history":[{"count":5,"href":"https:\/\/www.ifbaiano.edu.br\/unidades\/valenca\/wp-json\/wp\/v2\/pages\/7649\/revisions"}],"predecessor-version":[{"id":8185,"href":"https:\/\/www.ifbaiano.edu.br\/unidades\/valenca\/wp-json\/wp\/v2\/pages\/7649\/revisions\/8185"}],"wp:attachment":[{"href":"https:\/\/www.ifbaiano.edu.br\/unidades\/valenca\/wp-json\/wp\/v2\/media?parent=7649"}],"curies":[{"name":"wp","href":"https:\/\/api.w.org\/{rel}","templated":true}]}}

Política de Assistência Estudantil

<p>Clique e acesse a&nbsp;<a href="https://ifbaiano.edu.br/portal/ensino/wp-content/uploads/sites/2/2016/03/Pol%C3%ADtica-de-Assist%C3%AAncia-Estudantil-29.01.2019.pdf">Resolução nº 01 de 2019</a>, que institui a Política de Assistência Estudantil.</p>



<div id="ProreitoriaTopoTitulo">
					Assistência Estudantil
				</div>



<p>A Assistência Estudantil vislumbra o desenvolvimento de programas e linhas de ações, com vistas à implementação de uma Política de Assistência Estudantil que assegure ao estudante do IF Baiano acesso, permanência e êxito no seu percurso educacional, enquanto cidadão em processo de desenvolvimento, propiciando-lhe o exercício pleno de sua cidadania.</p>



<div id="ProreitoriaTopoTitulo">
					Programas oferecidos pelo Campus Valença
				</div>



<p>I &#8211; <a href="https://www.ifbaiano.edu.br/unidades/valenca/paise/">Programa de Assistência e Inclusão Social do Estudante – PAISE</a>;<br>II &#8211; <a href="https://www.ifbaiano.edu.br/unidades/valenca/pae/">Programa de Auxílios Eventuais – PAE</a>;<br>III &#8211; <a href="https://www.ifbaiano.edu.br/unidades/valenca/programa-de-alimentacao-estudantil/">Programa de Alimentação Estudantil</a>;<br>IV &#8211; <a href="https://www.ifbaiano.edu.br/unidades/valenca/pro-saude/">Programa de Prevenção e Assistência à Saúde – PRO-SAÚDE</a>;<br>V &#8211; <a href="https://www.ifbaiano.edu.br/unidades/valenca/proap/">Programa de Acompanhamento Psicossocial e Pedagógico – PROAP</a>.</p>



<div id="ProreitoriaTopoTitulo">
					Dúvidas e demais informações
				</div>



<p>Em caso de dúvidas, o aluno pode encaminhar e-mail para&nbsp;<a href="mailto:clae@valenca.ifbaiano.edu.br">clae@valenca.ifbaiano.edu.br</a>, ou buscar presencialmente a Coordenação de Assuntos Estudantis (CAE) ou o Serviço Social do campus.</p>



<p><br><strong>Coordenadora da CAE e Presidente da Comissão Local de Assistência Estudantil (CLAE)</strong><br>Profa. Cecília Nunes da Silva <br>E-mail: <a href="mailto:cecilia.silva@ifbaiano.edu.br">cecilia.silva@ifbaiano.edu.br</a></p>

<p>Clique e acesse a&nbsp;Resolução nº 01 de 2019, que institui a Política de Assistência Estudantil. Assistência Estudantil A Assistência Estudantil vislumbra o desenvolvimento de programas e linhas de ações, com vistas à implementação de uma Política de Assistência Estudantil que assegure ao estudante do IF Baiano acesso, permanência e êxito no seu percurso educacional, enquanto [&hellip;]</p>
