{"id":9403,"date":"2023-10-23T22:19:23","date_gmt":"2023-10-24T01:19:23","guid":{"rendered":"https:\/\/www.ifbaiano.edu.br\/unidades\/valenca\/?page_id=9403"},"modified":"2023-10-23T22:52:53","modified_gmt":"2023-10-24T01:52:53","slug":"gabinete","status":"publish","type":"page","link":"https:\/\/www.ifbaiano.edu.br\/unidades\/valenca\/gabinete\/","title":{"rendered":"Gabinete"},"content":{"rendered":"\n<p>O Gabinete do Diretor-Geral executa, entre outras fun\u00e7\u00f5es:<\/p>\n\n\n\n<p>\u2013 O controle do recebimento de documenta\u00e7\u00e3o e correspond\u00eancia postal e eletr\u00f4nica enviada ao\u00a0<em>Campus<\/em>;<br>\u2013 Coordena, controla e informa sobre a agenda di\u00e1ria do Diretor-Geral;<br>\u2013 Elabora e organiza o material necess\u00e1rio para as reuni\u00f5es convocadas ou eventos promovidos por defini\u00e7\u00e3o e\/ou orienta\u00e7\u00e3o do Diretor-Geral;<br>\u2013 Mant\u00e9m atualizada toda a correspond\u00eancia interna e externa do Diretor-Geral;<br>\u2013 Realiza a divulga\u00e7\u00e3o junto \u00e0 comunidade interna e externa sobre as a\u00e7\u00f5es realizadas e os resultados obtidos pelo Instituto;<br>\u2013 Organiza e secretaria todas as Reuni\u00f5es Gerais;<br>\u2013 Apoia os setores no desenvolvimento de suas atividades;<br>\u2013 Elabora e revisa os atos administrativos e normativos;<br>\u2013 Organiza e coordena o cerimonial nos eventos e solenidades do\u00a0<em>Campus<\/em>\u00a0e nos eventos promovidos por este;<br>\u2013 Elabora e\/ou revisa as correspond\u00eancias e os documentos expedidos pelo Diretor-Geral.<\/p>\n\n\n\n<p><\/p>\n\n\n\n<p><strong>Chefe de&nbsp; Gabinete<\/strong><\/p>\n\n\n\n<p>Aires do Ros\u00e1rio<\/p>\n\n\n\n<p>Tel.:\u00a0 (75) 3641-5270<\/p>\n\n\n\n<p>E-mail:\u00a0<a href=\"mailto:gabinete@xique-xique.ifbaiano.edu.br\">gabinete@valenca.ifbaiano.edu.br<\/a><\/p>\n","protected":false},"excerpt":{"rendered":"<p>O Gabinete do Diretor-Geral executa, entre outras fun\u00e7\u00f5es: \u2013 O controle do recebimento de documenta\u00e7\u00e3o e correspond\u00eancia postal e eletr\u00f4nica enviada ao\u00a0Campus;\u2013 Coordena, controla e informa sobre a agenda di\u00e1ria do Diretor-Geral;\u2013 Elabora e organiza o material necess\u00e1rio para as reuni\u00f5es convocadas ou eventos promovidos por defini\u00e7\u00e3o e\/ou orienta\u00e7\u00e3o do Diretor-Geral;\u2013 Mant\u00e9m atualizada toda a [&hellip;]<\/p>\n","protected":false},"author":171,"featured_media":0,"parent":0,"menu_order":0,"comment_status":"closed","ping_status":"closed","template":"","meta":[],"_links":{"self":[{"href":"https:\/\/www.ifbaiano.edu.br\/unidades\/valenca\/wp-json\/wp\/v2\/pages\/9403"}],"collection":[{"href":"https:\/\/www.ifbaiano.edu.br\/unidades\/valenca\/wp-json\/wp\/v2\/pages"}],"about":[{"href":"https:\/\/www.ifbaiano.edu.br\/unidades\/valenca\/wp-json\/wp\/v2\/types\/page"}],"author":[{"embeddable":true,"href":"https:\/\/www.ifbaiano.edu.br\/unidades\/valenca\/wp-json\/wp\/v2\/users\/171"}],"replies":[{"embeddable":true,"href":"https:\/\/www.ifbaiano.edu.br\/unidades\/valenca\/wp-json\/wp\/v2\/comments?post=9403"}],"version-history":[{"count":2,"href":"https:\/\/www.ifbaiano.edu.br\/unidades\/valenca\/wp-json\/wp\/v2\/pages\/9403\/revisions"}],"predecessor-version":[{"id":9409,"href":"https:\/\/www.ifbaiano.edu.br\/unidades\/valenca\/wp-json\/wp\/v2\/pages\/9403\/revisions\/9409"}],"wp:attachment":[{"href":"https:\/\/www.ifbaiano.edu.br\/unidades\/valenca\/wp-json\/wp\/v2\/media?parent=9403"}],"curies":[{"name":"wp","href":"https:\/\/api.w.org\/{rel}","templated":true}]}}