{"id":9414,"date":"2023-10-23T23:04:16","date_gmt":"2023-10-24T02:04:16","guid":{"rendered":"https:\/\/www.ifbaiano.edu.br\/unidades\/valenca\/?page_id=9414"},"modified":"2023-10-23T23:20:07","modified_gmt":"2023-10-24T02:20:07","slug":"contatos-organograma","status":"publish","type":"page","link":"https:\/\/www.ifbaiano.edu.br\/unidades\/valenca\/contatos-organograma\/","title":{"rendered":"Contatos \/ Organograma"},"content":{"rendered":"\n<p>DIRETORIA GERAL<br>Geovane Lima Guimar\u00e3es<br>E-mail Institucional: gabinete@valenca.ifbaiano.edu.br<br>E-mail do servidor: geovane.guimaraes@ifbaiano.edu.br<br>Tel: (75) 3641 5270<\/p>\n\n\n\n<p>DIRETORIA ADMINISTRATIVA<br>Cristiano Carvalho de Jesus<br>E-mail Institucional: dap@valenca.ifbaiano.edu.br<br>E-mail do servidor: cristiano.jesus@ifbaiano.edu.br<br>Tel: (75) 3641 5270<\/p>\n\n\n\n<p>DIRETORIA DE ENSINO<br>Dislene Cardoso de Brito<br>E-mail Institucional: dde@valenca.ifbaiano.edu.br<br>E-mail da servidora: dislene.brito@ifbaiano.edu.br<br>Tel: (75) 3641 5270<\/p>\n\n\n\n<p>COORDENA\u00c7\u00c3O DE ENSINO<br>Th\u00e9cia Alfenas Silva Valente Paes<br>E-mail Institucional: cge@valenca.ifbaiano.edu.br<br>E-mail da servidora: thecia.paes@ifbaiano.edu.br<br>Tel: (75) 3641 5270<\/p>\n\n\n\n<p>COORDENA\u00c7\u00c3O DE ASSIST\u00caNCIA ESTUDANTIL<br>Malu Oliveira Santos<br>E-mail Institucional: cae@valenca.ifbaiano.edu.br<br>E-mail da servidora: malu.santos@ifbaiano.edu.br<br>Tel: (75) 3641 5270<\/p>\n\n\n\n<p>COORDENA\u00c7\u00c3O DE EXTENS\u00c3O<br>C\u00e9lia Maria Pedrosa<br>E-mail Institucional: extensao@valenca.ifbaiano.edu.br<br>E-mail da servidora: celia.pedrosa@ifbaiano.edu.br<br>Tel: (75) 3641 5270<\/p>\n\n\n\n<p>COORDENA\u00c7\u00c3O DE PESQUISA<br>Miqueias Feliciano de Almeida<br>E-mail Institucional: pesquisa@valenca.ifbaiano.edu.br<br>E-mail do servidor: miqueas.almeida@ifbaiano.edu.br<br>Tel: (75) 3641 5270<\/p>\n\n\n\n<p>COORDENA\u00c7\u00c3O DE EST\u00c1GIO<br>Marcelo de Campos Pereira<br>E-mail Institucional: estagio@valenca.ifbaiano.edu.br<br>E-mail do servidor: marcelo.campos@ifbaiano.edu.br<br>Tel: (75) 3641 5270<\/p>\n\n\n\n<p>SECRETARIA<br>Jos\u00e9 Henrique Santos Rodrigues<br>E-mail Institucional: secretaria@valenca.ifbaiano.edu.br<br>E-mail do servidor: jose.henrique@ifbaiano.edu.br<br>Tel: (75) 3641 5270<\/p>\n\n\n\n<p>N\u00daCLEO DE APOIO \u00c0 GEST\u00c3O DE PESSOAS<br>D\u00e9bora Pollyana Ribeiro Santos Silva Bartoly Duarte<br>E-mail Institucional: nagp@valenca.ifbaiano.edu.br<br>E-mail da servidora: pollyana.duarte@ifbaiano.edu.br<br>Tel: (75) 3641 5270<\/p>\n\n\n\n<p>COORDENA\u00c7\u00c3O DE SUPRIMENTO E LOG\u00cdSTICA<br>Johnathan da Silva Bonfim<br>E-mail Institucional: csl@valenca.ifbaiano.edu.br<br>E-mail do servidor: johnathan.bonfim@ifbaiano.edu.br<br>Tel: (75) 3641 5270<\/p>\n\n\n\n<p>COORDENA\u00c7\u00c3O FINANCEIRA E CONT\u00c1BIL<br>Mariane Cruz Santana<br>E-mail Institucional: cfc@valenca.ifbaiano.edu.br<br>E-mail da servidora: mariane.santana@ifbaiano.edu.br<br>Tel: (75) 3641 5270<\/p>\n\n\n\n<p>N\u00daCLEO DE EXECU\u00c7\u00c3O OR\u00c7AMENT\u00c1RIA E FINANCEIRA<br>Marlene de Jesus Sousa<br>E-mail Institucional: financeirova@ifbaiano.edu.br<br>E-mail da servidora: marlene.sousa@ifbaiano.edu.br<br>Tel: (75) 3641 5270<\/p>\n\n\n\n<p>N\u00daCLEO DE COMPRAS E LICITA\u00c7\u00c3O<br>Rafael de Oliveira Ribeiro<br>E-mail Institucional: cgaf@valenca.ifbaiano.edu.br<br>E-mail do servidor: rafael.ribeiro@ifbaiano.edu.br<br>Tel: (75) 3641 5270<\/p>\n\n\n\n<p>NUTRICIONISTA<br>Israel Concei\u00e7\u00e3o Silva<br>E-mail do servidor: israel.silva@ifbaiano.edu.br<br>Tel: (75) 3641 5270<\/p>\n\n\n\n<p>N\u00daCLEO DE GEST\u00c3O DA TECNOLOGIA DA INFORMA\u00c7\u00c3O \u2013 NGTI<br>Diego de Jesus Bonfim<br>E-mail Institucional: ngti@valenca.ifbaiano.edu.br<br>E-mail do servidor: diego.bonfim@ifbaiano.edu.br<br>Tel: (75) 3641 5270<\/p>\n\n\n\n<p>COORDENA\u00c7\u00c3O DAS UNIDADES EDUCATIVAS DE CAMPO<br>Robson Gomes Kisaki<br>E-mail Institucional: cuec@valenca.ifbaiano.edu.br<br>E-mail do servidor: robson.kisaki@ifbaiano.edu.br<br>Tel: (75) 3641 5270<\/p>\n\n\n\n<p>ALMOXARIFADO<br>Agnaldo Oliveira da Silva<br>E-mail Institucional: almoxarifado@valenca.ifbaiano.edu.br<br>E-mail do servidor: agnaldo.silva@ifbaiano.edu.br<br>Tel: (75) 3641 5270<\/p>\n\n\n\n<p>SETOR DE BIBLIOTECA<br>Joice Maria de Assis Jesus<br>E-mail Institucional: biblioteca@valenca.ifbaiano.edu.br<br>E-mail da Servidora: joice.jesus@ifbaiano.edu.br<br>Tel: (75) 3641 5270<\/p>\n\n\n\n<p>ASSESSORIA DE COMUNICA\u00c7\u00c3O<br>Quezia dos Santos Lima<br>E-mail Institucional: ascom@valenca.ifbaiano.edu.br<br>E-mail da Servidora: quezia.lima@ifbaiano.edu.br<br>Tel: (75) 3641 5270<\/p>\n\n\n\n<p>COORDENA\u00c7\u00c3O DO CURSO T\u00c9CNICO EM AGROECOLOGIA<br>Marcelo de Campos Pereira.<br>E-mail Institucional: integrado.agroecologia@valenca.ifbaiano.edu.br<br>E-mail do Servidor: marcelo.campos@ifbaiano.edu.br<\/p>\n\n\n\n<p>COORDENA\u00c7\u00c3O DO CURSO T\u00c9CNICO EM AGROPECU\u00c1RIA INTEGRADO<br>Francisco Harley de Oliveira Mendon\u00e7a<br>E-mail Institucional: integrado.agropecuaria@valenca.ifbaiano.edu.br<br>E-mail do Servidor: francisco.mendonca@ifbaiano.edu.br<\/p>\n\n\n\n<p>COORDENA\u00c7\u00c3O DO CURSO T\u00c9CNICO EM AGROPECU\u00c1RIA SUBSEQUENTE<br>Ol\u00edmpia Lima Silva Filha<br>E-mail Institucional: subsequente.agropecuaria@valenca.ifbaiano.edu.br<br>E-mail da Servidora: olimpia.silva@ifbaiano.edu.br<\/p>\n\n\n\n<p>COORDENA\u00c7\u00c3O DO CURSO T\u00c9CNICO EM MEIO AMBIENTE<br>Eduardo Barcelos<br>E-mail Institucional: subsequente.ambiente@valenca.ifbaiano.edu.br<br>E-mail do Servidor: eduardo.barcelos@ifbaiano.edu.br<\/p>\n\n\n\n<p>COORDENA\u00c7\u00c3O DO CURSO DE LICENCIATURA EM CI\u00caNCIAS BIOL\u00d3GICAS<br>Tasso Meneses Lima<br>E-mail Institucional: cbio.licenciatura@valenca.ifbaiano.edu.br<br>E-mail do Servidor: tasso.meneses@ifbaiano.edu.br<\/p>\n","protected":false},"excerpt":{"rendered":"<p>DIRETORIA GERALGeovane Lima Guimar\u00e3esE-mail Institucional: gabinete@valenca.ifbaiano.edu.brE-mail do servidor: geovane.guimaraes@ifbaiano.edu.brTel: (75) 3641 5270 DIRETORIA ADMINISTRATIVACristiano Carvalho de JesusE-mail Institucional: dap@valenca.ifbaiano.edu.brE-mail do servidor: cristiano.jesus@ifbaiano.edu.brTel: (75) 3641 5270 DIRETORIA DE ENSINODislene Cardoso de BritoE-mail Institucional: dde@valenca.ifbaiano.edu.brE-mail da servidora: dislene.brito@ifbaiano.edu.brTel: (75) 3641 5270 COORDENA\u00c7\u00c3O DE ENSINOTh\u00e9cia Alfenas Silva Valente PaesE-mail Institucional: cge@valenca.ifbaiano.edu.brE-mail da servidora: thecia.paes@ifbaiano.edu.brTel: (75) 3641 5270 COORDENA\u00c7\u00c3O [&hellip;]<\/p>\n","protected":false},"author":171,"featured_media":0,"parent":0,"menu_order":0,"comment_status":"closed","ping_status":"closed","template":"","meta":[],"_links":{"self":[{"href":"https:\/\/www.ifbaiano.edu.br\/unidades\/valenca\/wp-json\/wp\/v2\/pages\/9414"}],"collection":[{"href":"https:\/\/www.ifbaiano.edu.br\/unidades\/valenca\/wp-json\/wp\/v2\/pages"}],"about":[{"href":"https:\/\/www.ifbaiano.edu.br\/unidades\/valenca\/wp-json\/wp\/v2\/types\/page"}],"author":[{"embeddable":true,"href":"https:\/\/www.ifbaiano.edu.br\/unidades\/valenca\/wp-json\/wp\/v2\/users\/171"}],"replies":[{"embeddable":true,"href":"https:\/\/www.ifbaiano.edu.br\/unidades\/valenca\/wp-json\/wp\/v2\/comments?post=9414"}],"version-history":[{"count":2,"href":"https:\/\/www.ifbaiano.edu.br\/unidades\/valenca\/wp-json\/wp\/v2\/pages\/9414\/revisions"}],"predecessor-version":[{"id":9420,"href":"https:\/\/www.ifbaiano.edu.br\/unidades\/valenca\/wp-json\/wp\/v2\/pages\/9414\/revisions\/9420"}],"wp:attachment":[{"href":"https:\/\/www.ifbaiano.edu.br\/unidades\/valenca\/wp-json\/wp\/v2\/media?parent=9414"}],"curies":[{"name":"wp","href":"https:\/\/api.w.org\/{rel}","templated":true}]}}