{"id":2215,"date":"2020-08-28T10:45:46","date_gmt":"2020-08-28T13:45:46","guid":{"rendered":"https:\/\/www.ifbaiano.edu.br\/unidades\/xique-xique\/?page_id=2215"},"modified":"2023-09-05T08:45:32","modified_gmt":"2023-09-05T11:45:32","slug":"tecnico-em-agropecuaria-integrado","status":"publish","type":"page","link":"https:\/\/www.ifbaiano.edu.br\/unidades\/xique-xique\/cursos-tecnicos\/tecnico-em-agropecuaria-integrado\/","title":{"rendered":"T\u00e9cnico em Agropecu\u00e1ria &#8211; Integrado"},"content":{"rendered":"<h3 align=\"left\">INFORMA\u00c7\u00d5ES SOBRE O CURSO<\/h3>\n<hr \/>\n<p align=\"left\"><strong>FORMA:<\/strong> Integrada<\/p>\n<p align=\"left\"><strong>PERIODICIDADE DE OFERTA:<\/strong> Anual<\/p>\n<p align=\"left\"><strong>CARGA HOR\u00c1RIA:<\/strong> 3.350 HORAS<\/p>\n<p align=\"left\"><strong>PER\u00cdODO:<\/strong> Matutino e Vespertino<\/p>\n<hr \/>\n<p align=\"left\"><strong>PERFIL DO EGRESSO<\/strong><\/p>\n<p>A proposta do curso \u00e9 a de que o egresso seja capaz de manejar, de forma sustent\u00e1vel, a fertilidade do solo e os recursos naturais; planejar e executar projetos ligados a sistemas de irriga\u00e7\u00e3o e uso da \u00e1gua; selecionar, produzir e aplicar insumos (sementes, fertilizantes, defensivos, pastagens, concentrados, sal mineral, medicamentos e vacinas); desenvolver estrat\u00e9gias para a reserva de alimenta\u00e7\u00e3o animal e de \u00e1gua; realizar atividades de produ\u00e7\u00e3o de sementes e mudas, transplantio e plantio; realizar colheita e p\u00f3s-colheita; realizar trabalhos na \u00e1rea agroindustrial; operar m\u00e1quinas e equipamentos; manejar animais por categoria e finalidade (cria\u00e7\u00e3o, reprodu\u00e7\u00e3o, alimenta\u00e7\u00e3o e sanidade); comercializar animais; desenvolver atividade de gest\u00e3o rural; observar a legisla\u00e7\u00e3o para produ\u00e7\u00e3o e comercializa\u00e7\u00e3o de produtos agropecu\u00e1rios, a legisla\u00e7\u00e3o ambiental e os procedimentos de seguran\u00e7a no trabalho; projetar instala\u00e7\u00f5es rurais; realizar manejo integrado de pragas, doen\u00e7as e plantas espont\u00e2neas; realizar medi\u00e7\u00e3o, demarca\u00e7\u00e3o e levantamentos topogr\u00e1ficos rurais; planejar e efetuar atividades de tratos culturais.<\/p>\n<hr \/>\n<p align=\"justify\"><strong>INFORMA\u00c7\u00d5ES SOBRE O CURSO<\/strong><\/p>\n<p align=\"justify\">O curr\u00edculo oferece uma forma\u00e7\u00e3o profissional generalista, que possibilita atender \u00e0 demanda significativa do meio rural em todo territ\u00f3rio de Irec\u00ea, caracterizada principalmente pela Agricultura Familiar e pela diversidade das produ\u00e7\u00f5es agr\u00edcola e pecu\u00e1ria, al\u00e9m da produ\u00e7\u00e3o agroindustrial. Os conhecimentos constru\u00eddos durante o curso visam \u00e0 valoriza\u00e7\u00e3o e gera\u00e7\u00e3o de trabalho e renda e \u00e0 manuten\u00e7\u00e3o do homem no campo com qualidade de vida. O curso busca formar profissionais tecnicamente e politicamente preparados para atender \u00e0s demandas da sociedade, estimulando o empreendedorismo e o cooperativismo, na perspectiva da sustentabilidade, aliando crescimento econ\u00f4mico \u00e0 preserva\u00e7\u00e3o ambiental e \u00e0 diminui\u00e7\u00e3o das diferen\u00e7as sociais. Isso tudo aliado \u00e0 Base Nacional Comum Curricular, formado pelas disciplinas b\u00e1sicas: L\u00edngua Portuguesa e Literaturas, Matem\u00e1tica, L\u00edngua Inglesa, Qu\u00edmica, F\u00edsica, Biologia, Geografia, Hist\u00f3ria, Educa\u00e7\u00e3o F\u00edsica, Arte, Filosofia e Sociologia.<\/p>\n<hr \/>\n<p align=\"left\"><strong>COORDENADOR: <\/strong>Dr. Romeu da Silva Leite<\/p>\n<p align=\"left\"><strong>E-MAIL: <\/strong>integrado.agropecuaria@xique-xique.ifbaiano.edu.br<\/p>\n<p align=\"left\"><strong>COORDENADORA SUBSTITUTA:\u00a0<\/strong><\/p>\n<p align=\"left\"><strong>MATRIZ CURRICULAR DO CURSO:<\/strong>\u00a0<a href=\"https:\/\/www.ifbaiano.edu.br\/unidades\/xique-xique\/files\/2020\/08\/Matriz-curricular_Agropecuaria_Integrado.pdf\" target=\"_blank\" rel=\"noopener noreferrer\">Acesse aqui.<\/a><\/p>\n<hr \/>\n<p align=\"left\"><strong>CORPO DOCENTE<\/strong><\/p>\n<ul>\n<li><strong>Ma. Aline Costa Rab\u00ealo<\/strong><\/li>\n<\/ul>\n<p align=\"justify\">\u00a0 \u00a0 \u00a0 \u00a0 \u00a0e-mail: aline.rabelo@ifbaiano.edu.br<\/p>\n<p align=\"justify\">\u00a0 \u00a0 \u00a0 \u00a0 \u00a0<a href=\"http:\/\/lattes.cnpq.br\/9437167043448824\">Curr\u00edculo Lattes<\/a><\/p>\n<ul>\n<li><strong>Esp. Bruno Moreira Silva<\/strong><\/li>\n<\/ul>\n<p align=\"justify\">\u00a0 \u00a0 \u00a0 \u00a0 \u00a0 e-mail: bruno.moreira@ifbaiano.edu.br<\/p>\n<p align=\"justify\">\u00a0 \u00a0 \u00a0 \u00a0 \u00a0<a href=\"http:\/\/lattes.cnpq.br\/7844964938792145\">Curr\u00edculo Lattes<\/a><\/p>\n<ul>\n<li><strong>Ma. Carla Sousa Ferreira<\/strong><\/li>\n<\/ul>\n<p align=\"justify\">\u00a0 \u00a0 \u00a0 \u00a0 e-mail: carla.ferreira@ifbaiano.edu.br<\/p>\n<p align=\"justify\">\u00a0 \u00a0 \u00a0 \u00a0 <a href=\"http:\/\/lattes.cnpq.br\/2607122396557584\">Curr\u00edculo Lattes<\/a><\/p>\n<ul>\n<li><strong>Dra. Carolina Gonzales da Silva<\/strong><\/li>\n<\/ul>\n<p align=\"justify\">\u00a0 \u00a0 \u00a0 \u00a0 \u00a0e-mail: carolina.gonzales@ifbaiano.edu.br<\/p>\n<p align=\"justify\">\u00a0 \u00a0 \u00a0 \u00a0 <a href=\"http:\/\/lattes.cnpq.br\/7835716821887504\">Curr\u00edculo Lattes<\/a><\/p>\n<ul>\n<li><strong>Ma. Carolina Ramos Heleno<\/strong><\/li>\n<\/ul>\n<p align=\"justify\">\u00a0 \u00a0 \u00a0 \u00a0 \u00a0e-mail: carolina.heleno@ifbaiano.edu.br<\/p>\n<p align=\"justify\">\u00a0 \u00a0 \u00a0 \u00a0 <a href=\"http:\/\/lattes.cnpq.br\/0162249592126586\">Curr\u00edculo Lattes<\/a><\/p>\n<ul>\n<li><strong>Caroline Ribeiro dos Santos<\/strong><\/li>\n<\/ul>\n<p align=\"justify\">\u00a0 \u00a0 \u00a0 \u00a0 \u00a0e-mail: caroline.santos@ifbaiano.edu.br<\/p>\n<p align=\"justify\">\u00a0 \u00a0 \u00a0 \u00a0 <a href=\"http:\/\/lattes.cnpq.br\/4383698879115185\">Curr\u00edculo Lattes<\/a><\/p>\n<ul>\n<li><strong>Me. Cezar Pardo M\u00eao Pomp\u00eao de Camargo<\/strong><\/li>\n<\/ul>\n<p align=\"justify\">\u00a0 \u00a0 \u00a0 \u00a0 \u00a0e-mail: cezar.camargo@ifbaiano.edu.br<\/p>\n<p align=\"justify\">\u00a0 \u00a0 \u00a0 \u00a0 <a href=\"http:\/\/lattes.cnpq.br\/3530670144512973\">Curr\u00edculo Lattes<\/a><\/p>\n<ul>\n<li><strong>Me. Eder Carlos Cardoso Diniz<\/strong><\/li>\n<\/ul>\n<p align=\"justify\">\u00a0 \u00a0 \u00a0 \u00a0 \u00a0e-mail: eder.diniz@ifbaiano.edu.br<\/p>\n<p align=\"justify\">\u00a0 \u00a0 \u00a0 \u00a0 \u00a0<a href=\"http:\/\/lattes.cnpq.br\/2697971948700205\">Curr\u00edculo Lattes<\/a><\/p>\n<ul>\n<li><strong>Dra. Elisa Souza Menendez<\/strong><\/li>\n<\/ul>\n<p align=\"justify\">\u00a0 \u00a0 \u00a0 \u00a0 \u00a0e-mail: elisa.menendez@ifbaiano.edu.br<\/p>\n<p align=\"justify\">\u00a0 \u00a0 \u00a0 \u00a0 <a href=\"http:\/\/lattes.cnpq.br\/7736323944483881\">Curr\u00edculo Lattes<\/a><\/p>\n<ul>\n<li><strong>Everton Almeida Machado<\/strong><\/li>\n<\/ul>\n<p align=\"justify\">\u00a0 \u00a0 \u00a0 \u00a0 \u00a0e-mail: everton.machado@ifbaiano.edu.br<\/p>\n<p align=\"justify\">\u00a0 \u00a0 \u00a0 \u00a0 <a href=\"http:\/\/lattes.cnpq.br\/4070390037130076\">Curr\u00edculo Lattes<\/a><\/p>\n<ul>\n<li><strong>Me. Flavio Andr\u00e9 Pereira Bastos<\/strong><\/li>\n<\/ul>\n<p align=\"justify\">\u00a0 \u00a0 \u00a0 \u00a0 e-mail: flavio.bastos@ifbaiano.edu.br<\/p>\n<p align=\"justify\">\u00a0 \u00a0 \u00a0 \u00a0 <a href=\"http:\/\/lattes.cnpq.br\/2556525149524104\">Curr\u00edculo Lattes<\/a><\/p>\n<ul>\n<li><strong>Ma. Gleid \u00c2ngela dos Anjos Costa<\/strong><\/li>\n<\/ul>\n<p align=\"justify\">\u00a0 \u00a0 \u00a0 \u00a0 \u00a0e-mail: gleid.costa@ifbaiano.edu.br<\/p>\n<p align=\"justify\">\u00a0 \u00a0 \u00a0 \u00a0 <a href=\"http:\/\/lattes.cnpq.br\/6027168499604310\">Curr\u00edculo Lattes<\/a><\/p>\n<ul>\n<li><strong>Dra. Jacqueline Alves Borges Ferreira<\/strong><\/li>\n<\/ul>\n<p align=\"justify\">\u00a0 \u00a0 \u00a0 \u00a0 \u00a0e-mail: jacqueline.ferreira@ifbaiano.edu.br<\/p>\n<p align=\"justify\">\u00a0 \u00a0 \u00a0 \u00a0 <a href=\"http:\/\/lattes.cnpq.br\/0482212671378931\">Curr\u00edculo Lattes<\/a><\/p>\n<ul>\n<li><strong>Dra. Keyla Mirelly Nunes de Souza<\/strong><\/li>\n<\/ul>\n<p align=\"justify\">\u00a0 \u00a0 \u00a0 \u00a0 e-mail: keyla.souza@ifbaiano.edu.br<\/p>\n<p align=\"justify\">\u00a0 \u00a0 \u00a0 \u00a0<a href=\"http:\/\/lattes.cnpq.br\/4973654993741317\">Curr\u00edculo Lattes<\/a><\/p>\n<ul>\n<li><strong>Dr. Leonardo Palloni Accetti Resende<\/strong><\/li>\n<\/ul>\n<p align=\"justify\">\u00a0 \u00a0 \u00a0 \u00a0 \u00a0e-mail: leonardo.resende@ifbaiano.edu.br<\/p>\n<p align=\"justify\">\u00a0 \u00a0 \u00a0 \u00a0 <a href=\"http:\/\/lattes.cnpq.br\/6529667394125331\">Curr\u00edculo Lattes<\/a><\/p>\n<ul>\n<li><strong>Ma. Luciana de Oliveira Sampaio Castro<\/strong><\/li>\n<\/ul>\n<p align=\"justify\">\u00a0 \u00a0 \u00a0 \u00a0 \u00a0e-mail: luciana.castro@ifbaiano.edu.br<\/p>\n<p align=\"justify\">\u00a0 \u00a0 \u00a0 \u00a0 <a href=\"http:\/\/lattes.cnpq.br\/4741373753599571\">\u00a0Curr\u00edculo Lattes<\/a><\/p>\n<ul>\n<li><strong>Me. Luiz Henrique da Silva<\/strong><\/li>\n<\/ul>\n<p align=\"justify\">\u00a0 \u00a0 \u00a0 \u00a0 \u00a0e-mail: luiz.dasilva@ifbaiano.edu.br<\/p>\n<p>\u00a0 \u00a0 \u00a0 \u00a0 \u00a0<a href=\"http:\/\/lattes.cnpq.br\/2898693484397806\">Curr\u00edculo Lattes<\/a><\/p>\n<ul>\n<li><span style=\"font-size: inherit\"><strong>Dr. Marcos Paulo Leite da Silva<\/strong><\/span><\/li>\n<\/ul>\n<p align=\"justify\">\u00a0 \u00a0 \u00a0 \u00a0 \u00a0e-mail: marcos.leite@ifbaiano.edu.br<\/p>\n<p align=\"justify\">\u00a0 \u00a0 \u00a0 \u00a0 \u00a0<a href=\"http:\/\/lattes.cnpq.br\/7318038141508951\">Curr\u00edculo Lattes<\/a><\/p>\n<ul>\n<li><strong>Dra. Roberta Machado Santos<\/strong><\/li>\n<\/ul>\n<p align=\"justify\">\u00a0 \u00a0 \u00a0 \u00a0 \u00a0e-mail: roberta.santos@ifbaiano.edu.br<\/p>\n<p align=\"justify\">\u00a0 \u00a0 \u00a0 \u00a0 <a href=\"http:\/\/lattes.cnpq.br\/3204126814485156\">Curr\u00edculo Lattes<\/a><\/p>\n<ul>\n<li><strong>Dr. Romeu da Silva Leite<\/strong><\/li>\n<\/ul>\n<p align=\"justify\">\u00a0 \u00a0 \u00a0 \u00a0 \u00a0e-mail: romeu.silva@ifbaiano.edu.br<\/p>\n<p align=\"justify\">\u00a0 \u00a0 \u00a0 \u00a0<a href=\"http:\/\/lattes.cnpq.br\/9813586834663479\"> Curr\u00edculo Lattes<\/a><\/p>\n<ul>\n<li><strong>Dr. Ronaldo Sim\u00e3o de Oliveira<\/strong><\/li>\n<\/ul>\n<p align=\"justify\">\u00a0 \u00a0 \u00a0 \u00a0 \u00a0e-mail: ronaldo.oliveira@ifbaiano.edu.br<\/p>\n<p align=\"justify\">\u00a0 \u00a0 \u00a0 \u00a0 <a href=\"http:\/\/lattes.cnpq.br\/7077422858243612\">Curr\u00edculo Lattes<\/a><\/p>\n<ul>\n<li><strong>\u00a0Dra. Shauane Itainhara Freire Nunes<\/strong><\/li>\n<\/ul>\n<p align=\"justify\">\u00a0 \u00a0 \u00a0 \u00a0 \u00a0e-mail: shauane.nunes@ifbaiano.edu.br<\/p>\n<p align=\"justify\">\u00a0 \u00a0 \u00a0 \u00a0 <a href=\"http:\/\/lattes.cnpq.br\/3310236719631517\">Curr\u00edculo Lattes<\/a><\/p>\n<ul>\n<li><strong>Me. S\u00f3stenes Souza de Oliveira<\/strong><\/li>\n<\/ul>\n<p align=\"justify\">\u00a0 \u00a0 \u00a0 \u00a0 \u00a0e-mail: sostenes.oliveira@ifbaiano.edu.br<\/p>\n<p align=\"justify\">\u00a0 \u00a0 \u00a0 \u00a0 <a href=\"http:\/\/lattes.cnpq.br\/0610925142716828\">Curr\u00edculo Lattes<\/a><\/p>\n<ul>\n<li><strong>Dra. Tha\u00edse Karla Ribeiro Dias<\/strong><\/li>\n<\/ul>\n<p align=\"justify\">\u00a0 \u00a0 \u00a0 \u00a0 \u00a0e-mail: thaise.dias@ifbaiano.edu.br<\/p>\n<p align=\"justify\">\u00a0 \u00a0 \u00a0 \u00a0 <a href=\"http:\/\/lattes.cnpq.br\/8465231629877653\">Curr\u00edculo Lattes<\/a><\/p>\n<ul>\n<li><strong>Me. Thiago Alberto Alves dos Santos<\/strong><\/li>\n<\/ul>\n<p align=\"justify\">\u00a0 \u00a0 \u00a0 \u00a0 \u00a0e-mail: thiago.alves@ifbaiano.edu.br<\/p>\n<p align=\"justify\">\u00a0 \u00a0 \u00a0 \u00a0 <a href=\"http:\/\/lattes.cnpq.br\/9385822838608613\">Curr\u00edculo Lattes<\/a><\/p>\n<ul>\n<li><strong>\u00a0Me. Yuri Santos de Brito<\/strong><\/li>\n<\/ul>\n<p align=\"justify\">\u00a0 \u00a0 \u00a0 \u00a0 e-mail: yuri.brito@ifbaiano.edu.br<\/p>\n<p align=\"justify\">\u00a0 \u00a0 \u00a0 \u00a0 <a href=\"http:\/\/lattes.cnpq.br\/1399201052203397\">Curr\u00edculo Lattes<\/a><\/p>\n<p align=\"justify\">\u00a0 \u00a0 \u00a0<\/p>\n<p align=\"justify\">\u00a0<\/p>\n<p align=\"justify\">\u00a0 \u00a0 \u00a0 \u00a0 \u00a0<\/p>\n<p align=\"justify\">\u00a0\u00a0<\/p>\n<p align=\"justify\">\u00a0<\/p>\n<p align=\"justify\">\u00a0<\/p>\n<p align=\"justify\">\u00a0<\/p>\n<p align=\"justify\">\u00a0<\/p>\n<p align=\"justify\">\u00a0<\/p>\n<p align=\"justify\">\u00a0<\/p>\n<hr \/>\n<p><strong>PPC &#8211; Projeto pedag\u00f3gico do curso t\u00e9cnico em agropecu\u00e1ria integrado:<\/strong> <a href=\"https:\/\/www.ifbaiano.edu.br\/unidades\/xique-xique\/files\/2020\/08\/PPC-agropecuaria-integrado-07.05.2020.pdf\">Acesse aqui.<\/a><\/p>\n<hr \/>\n<p><strong>SITES IMPORTANTES<\/strong><\/p>\n<p align=\"justify\">&#8211; Minist\u00e9rio da Educa\u00e7\u00e3o e Cultura &#8211; <a href=\"https:\/\/www.mec.gov.br\/\" target=\"_blank\" rel=\"noopener noreferrer\">https:\/\/www.mec.gov.br\/<\/a><\/p>\n<p align=\"justify\">&#8211; S\u00e9c. Esp. da Agricultura Familiar e Desen. Agr\u00e1rio &#8211; <a href=\"http:\/\/www.mda.gov.br\/\" target=\"_blank\" rel=\"noopener noreferrer\">http:\/\/www.mda.gov.br\/<\/a><\/p>\n<p align=\"justify\">&#8211; Minist\u00e9rio da Agri. Pec. e Abastecimento &#8211; <a href=\"http:\/\/www.agricultura.gov.br\/\">http:\/\/www.agricultura.gov.br\/<\/a><\/p>\n<p align=\"justify\">&#8211; Empresa Brasileira de Pesquisa Agropecu\u00e1ria &#8211; <a href=\"https:\/\/www.embrapa.br\/\" target=\"_blank\" rel=\"noopener noreferrer\">https:\/\/www.embrapa.br\/<\/a><\/p>\n<p align=\"justify\">&#8211; Comiss\u00e3o Executiva do Plano da Lavoura Cacaueira &#8211; <a href=\"http:\/\/www.ceplacpa.gov.br\/site\/\">http:\/\/www.ceplacpa.gov.br\/site\/<\/a><\/p>\n<p align=\"justify\">&#8211; S\u00e9c. De Desen. Rural da Bahia &#8211; <a href=\"http:\/\/www.sdr.ba.gov.br\/\" target=\"_blank\" rel=\"noopener noreferrer\">http:\/\/www.sdr.ba.gov.br\/<\/a><\/p>\n<p align=\"justify\">&#8211; Secretaria de Agricultura, Pecu\u00e1ria, Irriga\u00e7\u00e3o e Aquicultura da Bahia &#8211; <a href=\"http:\/\/www.seagri.ba.gov.br\/\" target=\"_blank\" rel=\"noopener noreferrer\">http:\/\/www.seagri.ba.gov.br\/<\/a><\/p>\n<p align=\"justify\">\u2013 Minist\u00e9rio do Meio Ambiente \u2013\u00a0<a href=\"http:\/\/www.mma.gov.br\/\">http:\/\/www.mma.gov.br\/<\/a><\/p>\n<p align=\"justify\">\u2013\u00a0Instituto Brasileiro do Meio Ambiente\u00a0e dos Recursos Naturais\u00a0Renov\u00e1veis \u2013\u00a0<a href=\"http:\/\/www.ibama.gov.br\/\">http:\/\/www.ibama.gov.br\/<\/a><\/p>\n<p align=\"justify\">\u2013 Secretaria do Meio Ambiente do Estado da Bahia \u2013\u00a0<a href=\"http:\/\/www.meioambiente.ba.gov.br\/\">http:\/\/www.meioambiente.ba.gov.br\/<\/a><\/p>\n<p align=\"justify\">\u2013\u00a0Instituto o Meio Ambiente-BA\u00a0\u2013\u00a0<a href=\"http:\/\/www.inema.ba.gov.br\/\">http:\/\/www.inema.ba.gov.br\/<\/a><\/p>\n<hr \/>\n<p><strong>FONTE:<\/strong> Coordena\u00e7\u00e3o do curso e Dire\u00e7\u00e3o acad\u00eamica.<\/p>\n\n\n<p><\/p>\n","protected":false},"excerpt":{"rendered":"<p>INFORMA\u00c7\u00d5ES SOBRE O CURSO FORMA: Integrada PERIODICIDADE DE OFERTA: Anual CARGA HOR\u00c1RIA: 3.350 HORAS PER\u00cdODO: Matutino e Vespertino PERFIL DO EGRESSO A proposta do curso \u00e9 a de que o egresso seja capaz de manejar, de forma sustent\u00e1vel, a fertilidade do solo e os recursos naturais; planejar e executar projetos ligados a sistemas de irriga\u00e7\u00e3o [&hellip;]<\/p>\n","protected":false},"author":132,"featured_media":0,"parent":454,"menu_order":0,"comment_status":"closed","ping_status":"closed","template":"","meta":[],"_links":{"self":[{"href":"https:\/\/www.ifbaiano.edu.br\/unidades\/xique-xique\/wp-json\/wp\/v2\/pages\/2215"}],"collection":[{"href":"https:\/\/www.ifbaiano.edu.br\/unidades\/xique-xique\/wp-json\/wp\/v2\/pages"}],"about":[{"href":"https:\/\/www.ifbaiano.edu.br\/unidades\/xique-xique\/wp-json\/wp\/v2\/types\/page"}],"author":[{"embeddable":true,"href":"https:\/\/www.ifbaiano.edu.br\/unidades\/xique-xique\/wp-json\/wp\/v2\/users\/132"}],"replies":[{"embeddable":true,"href":"https:\/\/www.ifbaiano.edu.br\/unidades\/xique-xique\/wp-json\/wp\/v2\/comments?post=2215"}],"version-history":[{"count":31,"href":"https:\/\/www.ifbaiano.edu.br\/unidades\/xique-xique\/wp-json\/wp\/v2\/pages\/2215\/revisions"}],"predecessor-version":[{"id":5288,"href":"https:\/\/www.ifbaiano.edu.br\/unidades\/xique-xique\/wp-json\/wp\/v2\/pages\/2215\/revisions\/5288"}],"up":[{"embeddable":true,"href":"https:\/\/www.ifbaiano.edu.br\/unidades\/xique-xique\/wp-json\/wp\/v2\/pages\/454"}],"wp:attachment":[{"href":"https:\/\/www.ifbaiano.edu.br\/unidades\/xique-xique\/wp-json\/wp\/v2\/media?parent=2215"}],"curies":[{"name":"wp","href":"https:\/\/api.w.org\/{rel}","templated":true}]}}