{"id":2613,"date":"2020-09-16T09:25:16","date_gmt":"2020-09-16T12:25:16","guid":{"rendered":"https:\/\/www.ifbaiano.edu.br\/unidades\/xique-xique\/?page_id=2613"},"modified":"2023-08-11T17:38:20","modified_gmt":"2023-08-11T20:38:20","slug":"tomada-de-precos","status":"publish","type":"page","link":"https:\/\/www.ifbaiano.edu.br\/unidades\/xique-xique\/licitacoes-e-compras\/tomada-de-precos\/","title":{"rendered":"Tomada de Pre\u00e7os"},"content":{"rendered":"\n<p><strong>Anos anteriores: <\/strong><\/p>\n\n\n\n<p><a href=\"https:\/\/www.ifbaiano.edu.br\/unidades\/xique-xique\/tomada-de-precos-2020\/\">2020<\/a><\/p>\n\n\n\n<div id=\"ProreitoriaTopoTitulo\">2021<\/div>\n\n\n\n<hr class=\"wp-block-separator has-css-opacity is-style-wide\" \/>\n\n\n\n<p><strong> Tomada de Pre\u00e7o 01\/2021.<\/strong><\/p>\n\n\n\n<p>O IFBAIANO&nbsp;<em>Campus<\/em>&nbsp;Xique-Xique torna p\u00fablico a abertura do Edital N\u00ba 01\/2021 de licita\u00e7\u00e3o, na modalidade Tomada de Pre\u00e7os, para escolha da proposta mais vantajosa para a contrata\u00e7\u00e3o de empresa&nbsp;especializada na&nbsp;execu\u00e7\u00e3o de obras de engenharia para retomada da constru\u00e7\u00e3o do pr\u00e9dio do refeit\u00f3rio. <\/p>\n\n\n\n<p>A sess\u00e3o p\u00fablica para credenciamento dos participantes&nbsp;e&nbsp;recebimento dos documentos de habilita\u00e7\u00e3o e das propostas ser\u00e1 realizada na Reitoria do IFBAIANO, no dia&nbsp;29 de setembro&nbsp;de 2021, \u00e0s 10:00h, na cidade de Salvador\/BA. <\/p>\n\n\n\n<p>O edital, anexos e demais documentos da licita\u00e7\u00e3o podem ser acessados logo abaixo. Para maiores informa\u00e7\u00f5es ou d\u00favidas, ficam dispon\u00edveis os e-mail\u2019s:\u00a0<a href=\"mailto:licitacoes@xique-xique.ifbaiano.edu.br\">licitacao@xique-xique.ifbaiano.edu.br<\/a>; ou\u00a0<a href=\"mailto:dap@xique-xique.ifbaiano.edu.br\">dap@xique-xique.ifbaiano.edu.br<\/a>.<\/p>\n\n\n\n<div id=\"ProreitoriaTopoTitulo\">Documentos<\/div>\n\n\n\n<p><\/p>\n\n\n\n<ul>\n<li><a href=\"https:\/\/www.ifbaiano.edu.br\/unidades\/xique-xique\/files\/2021\/09\/Edital-e-Anexos.pdf\">Edital e Anexos <\/a> <\/li>\n\n\n\n<li><a href=\"https:\/\/www.ifbaiano.edu.br\/unidades\/xique-xique\/files\/2021\/09\/Anexo-do-Projeto-Basico-Projeto-Executivo.pdf\">Anexos do Projeto B\u00e1sico &#8211; Projeto Executivo<\/a><\/li>\n\n\n\n<li><a href=\"https:\/\/www.ifbaiano.edu.br\/unidades\/xique-xique\/files\/2021\/09\/Imagens-da-obra.pdf\">Imagens da obra<\/a><\/li>\n\n\n\n<li><a href=\"https:\/\/www.ifbaiano.edu.br\/unidades\/xique-xique\/files\/2021\/10\/Credenciamento.pdf\">Credenciamento<\/a><\/li>\n\n\n\n<li><a href=\"https:\/\/www.ifbaiano.edu.br\/unidades\/xique-xique\/files\/2021\/10\/Habilitacao.pdf\">Habilita\u00e7\u00e3o<\/a><\/li>\n\n\n\n<li><a href=\"https:\/\/www.ifbaiano.edu.br\/unidades\/xique-xique\/files\/2021\/10\/Proposta.pdf\">Proposta<\/a><\/li>\n\n\n\n<li><a href=\"https:\/\/www.ifbaiano.edu.br\/unidades\/xique-xique\/files\/2021\/10\/Ata-da-Sessao-de-Credenciamento-e-Julgamento.pdf\">Ata da Sess\u00e3o de Credenciamento e Julgamento<\/a><\/li>\n\n\n\n<li><a href=\"https:\/\/www.ifbaiano.edu.br\/unidades\/xique-xique\/files\/2021\/10\/Termo-de-Homologacao.pdf\">Termo de Homologa\u00e7\u00e3o<\/a><\/li>\n\n\n\n<li><a href=\"https:\/\/www.ifbaiano.edu.br\/unidades\/xique-xique\/files\/2021\/10\/Termo-de-Adjudicacao.pdf\">Termo de&nbsp;Adjudica\u00e7\u00e3o<\/a><\/li>\n\n\n\n<li><a href=\"https:\/\/www.ifbaiano.edu.br\/unidades\/xique-xique\/files\/2021\/10\/Publicacao-no-Diario-Oficial-da-Uniao.pdf\">Publica\u00e7\u00e3o no Di\u00e1rio Oficial da Uni\u00e3o<\/a><\/li>\n<\/ul>\n\n\n\n<p><a href=\"https:\/\/www.ifbaiano.edu.br\/unidades\/xique-xique\/files\/2020\/09\/Declara\u00e7\u00e3o-200-2020-xiq-nulicxiq-dapxiq-dgretifbaiano.pdf\"> <\/a><\/p>\n\n\n\n<p><\/p>\n\n\n\n<p><\/p>\n","protected":false},"excerpt":{"rendered":"<p>Anos anteriores: 2020 2021 Tomada de Pre\u00e7o 01\/2021. O IFBAIANO&nbsp;Campus&nbsp;Xique-Xique torna p\u00fablico a abertura do Edital N\u00ba 01\/2021 de licita\u00e7\u00e3o, na modalidade Tomada de Pre\u00e7os, para escolha da proposta mais vantajosa para a contrata\u00e7\u00e3o de empresa&nbsp;especializada na&nbsp;execu\u00e7\u00e3o de obras de engenharia para retomada da constru\u00e7\u00e3o do pr\u00e9dio do refeit\u00f3rio. A sess\u00e3o p\u00fablica para credenciamento dos [&hellip;]<\/p>\n","protected":false},"author":132,"featured_media":0,"parent":930,"menu_order":0,"comment_status":"closed","ping_status":"closed","template":"","meta":[],"_links":{"self":[{"href":"https:\/\/www.ifbaiano.edu.br\/unidades\/xique-xique\/wp-json\/wp\/v2\/pages\/2613"}],"collection":[{"href":"https:\/\/www.ifbaiano.edu.br\/unidades\/xique-xique\/wp-json\/wp\/v2\/pages"}],"about":[{"href":"https:\/\/www.ifbaiano.edu.br\/unidades\/xique-xique\/wp-json\/wp\/v2\/types\/page"}],"author":[{"embeddable":true,"href":"https:\/\/www.ifbaiano.edu.br\/unidades\/xique-xique\/wp-json\/wp\/v2\/users\/132"}],"replies":[{"embeddable":true,"href":"https:\/\/www.ifbaiano.edu.br\/unidades\/xique-xique\/wp-json\/wp\/v2\/comments?post=2613"}],"version-history":[{"count":15,"href":"https:\/\/www.ifbaiano.edu.br\/unidades\/xique-xique\/wp-json\/wp\/v2\/pages\/2613\/revisions"}],"predecessor-version":[{"id":5141,"href":"https:\/\/www.ifbaiano.edu.br\/unidades\/xique-xique\/wp-json\/wp\/v2\/pages\/2613\/revisions\/5141"}],"up":[{"embeddable":true,"href":"https:\/\/www.ifbaiano.edu.br\/unidades\/xique-xique\/wp-json\/wp\/v2\/pages\/930"}],"wp:attachment":[{"href":"https:\/\/www.ifbaiano.edu.br\/unidades\/xique-xique\/wp-json\/wp\/v2\/media?parent=2613"}],"curies":[{"name":"wp","href":"https:\/\/api.w.org\/{rel}","templated":true}]}}