{"id":3459,"date":"2021-09-13T11:16:24","date_gmt":"2021-09-13T14:16:24","guid":{"rendered":"https:\/\/www.ifbaiano.edu.br\/unidades\/xique-xique\/?page_id=3459"},"modified":"2023-08-11T17:37:07","modified_gmt":"2023-08-11T20:37:07","slug":"tomada-de-precos-2020","status":"publish","type":"page","link":"https:\/\/www.ifbaiano.edu.br\/unidades\/xique-xique\/tomada-de-precos-2020\/","title":{"rendered":"Tomada de Pre\u00e7os &#8211; 2020"},"content":{"rendered":"\n<p><strong> Tomada de Pre\u00e7o 01\/2020<\/strong>.<\/p>\n\n\n\n<p>O IF Baiano&nbsp;<em>Campus<\/em>&nbsp;Xique-Xique torna p\u00fablico a abertura do Edital N\u00ba 01\/2020 de licita\u00e7\u00e3o, na modalidade Tomada de Pre\u00e7os, para escolha da proposta mais vantajosa para a contrata\u00e7\u00e3o de empresa que dever\u00e1 executar a constru\u00e7\u00e3o de uma quadra poliesportiva descoberta. <\/p>\n\n\n\n<p>A sess\u00e3o p\u00fablica para credenciamento dos participantes e recebimento dos documentos de habilita\u00e7\u00e3o e das propostas ser\u00e1 realizada na Reitoria do IFBaiano, no dia&nbsp;01 de outubro&nbsp;de 2020, \u00e0s 10:00h, na cidade de Salvador\/BA. <\/p>\n\n\n\n<p>O edital, anexos e demais documentos da licita\u00e7\u00e3o podem ser acessados logo abaixo. Para maiores informa\u00e7\u00f5es ou d\u00favidas, ficam dispon\u00edveis os e-mail\u2019s:\u00a0<a href=\"mailto:licitacoes@xique-xique.ifbaiano.edu.br\">licitacao@xique-xique.ifbaiano.edu.br<\/a>; ou <a href=\"mailto:dap@xique-xique.ifbaiano.edu.br\">dap@xique-xique.ifbaiano.edu.br<\/a>.<\/p>\n\n\n\n<div id=\"ProreitoriaTopoTitulo\">Documentos<\/div>\n\n\n\n<p><\/p>\n\n\n\n<ul>\n<li><a href=\"https:\/\/www.ifbaiano.edu.br\/unidades\/xique-xique\/files\/2020\/09\/Edital-e-anexos-tp-01-2020.pdf\">Edital e Anexos<\/a>  <\/li>\n\n\n\n<li><a href=\"https:\/\/www.ifbaiano.edu.br\/unidades\/xique-xique\/files\/2020\/09\/Anexo-Projeto-B\u00e1sico.pdf\">Anexos do Projeto B\u00e1sico &#8211; Projeto Executivo<\/a><\/li>\n\n\n\n<li><a href=\"https:\/\/www.ifbaiano.edu.br\/unidades\/xique-xique\/files\/2020\/09\/Imagens-do-Local-da-constru\u00e7\u00e3o.pdf\">Imagens do local da constru\u00e7\u00e3o  <\/a><\/li>\n\n\n\n<li><a href=\"https:\/\/www.ifbaiano.edu.br\/unidades\/xique-xique\/files\/2020\/09\/Declara%C3%A7%C3%A3o-200-2020-xiq-nulicxiq-dapxiq-dgretifbaiano.pdf\"><strong>Nota de Esclarecimento \u2013 Adiamento da licita\u00e7\u00e3o TP 01\/2020<\/strong><\/a>  <\/li>\n\n\n\n<li><a href=\"https:\/\/www.ifbaiano.edu.br\/unidades\/xique-xique\/files\/2020\/09\/Edital-e-Anexos-TP-01-2020-Retificado.pdf\">Edital e Anexos TP 01\/2020 (Retificado)<\/a> <\/li>\n\n\n\n<li><a href=\"https:\/\/www.ifbaiano.edu.br\/unidades\/xique-xique\/files\/2020\/10\/Ata-da-Sess%C3%A3o-de-Credenciamento-e-Julgamento.pdf\">Ata da Sess\u00e3o de Credenciamento e Julgamento<\/a><\/li>\n\n\n\n<li><a href=\"https:\/\/www.ifbaiano.edu.br\/unidades\/xique-xique\/files\/2020\/10\/Termo-de-Homologa%C3%A7%C3%A3o.pdf\">Termo de Homologa\u00e7\u00e3o<\/a> <\/li>\n\n\n\n<li><a href=\"https:\/\/www.ifbaiano.edu.br\/unidades\/xique-xique\/files\/2020\/10\/Adjudica%C3%A7%C3%A3o-quadra.pdf\">Termo de Adjudica\u00e7\u00e3o <\/a> <\/li>\n\n\n\n<li><a href=\"https:\/\/www.ifbaiano.edu.br\/unidades\/xique-xique\/files\/2020\/10\/Resultado-da-Licita\u00e7\u00e3o-DOU.pdf\">Publica\u00e7\u00e3o no Di\u00e1rio Oficial da Uni\u00e3o <\/a><\/li>\n<\/ul>\n\n\n\n<p><a href=\"https:\/\/www.ifbaiano.edu.br\/unidades\/xique-xique\/files\/2020\/09\/Declara\u00e7\u00e3o-200-2020-xiq-nulicxiq-dapxiq-dgretifbaiano.pdf\"> <\/a><\/p>\n","protected":false},"excerpt":{"rendered":"<p>Tomada de Pre\u00e7o 01\/2020. O IF Baiano&nbsp;Campus&nbsp;Xique-Xique torna p\u00fablico a abertura do Edital N\u00ba 01\/2020 de licita\u00e7\u00e3o, na modalidade Tomada de Pre\u00e7os, para escolha da proposta mais vantajosa para a contrata\u00e7\u00e3o de empresa que dever\u00e1 executar a constru\u00e7\u00e3o de uma quadra poliesportiva descoberta. A sess\u00e3o p\u00fablica para credenciamento dos participantes e recebimento dos documentos de [&hellip;]<\/p>\n","protected":false},"author":132,"featured_media":0,"parent":0,"menu_order":0,"comment_status":"closed","ping_status":"closed","template":"","meta":[],"_links":{"self":[{"href":"https:\/\/www.ifbaiano.edu.br\/unidades\/xique-xique\/wp-json\/wp\/v2\/pages\/3459"}],"collection":[{"href":"https:\/\/www.ifbaiano.edu.br\/unidades\/xique-xique\/wp-json\/wp\/v2\/pages"}],"about":[{"href":"https:\/\/www.ifbaiano.edu.br\/unidades\/xique-xique\/wp-json\/wp\/v2\/types\/page"}],"author":[{"embeddable":true,"href":"https:\/\/www.ifbaiano.edu.br\/unidades\/xique-xique\/wp-json\/wp\/v2\/users\/132"}],"replies":[{"embeddable":true,"href":"https:\/\/www.ifbaiano.edu.br\/unidades\/xique-xique\/wp-json\/wp\/v2\/comments?post=3459"}],"version-history":[{"count":2,"href":"https:\/\/www.ifbaiano.edu.br\/unidades\/xique-xique\/wp-json\/wp\/v2\/pages\/3459\/revisions"}],"predecessor-version":[{"id":5140,"href":"https:\/\/www.ifbaiano.edu.br\/unidades\/xique-xique\/wp-json\/wp\/v2\/pages\/3459\/revisions\/5140"}],"wp:attachment":[{"href":"https:\/\/www.ifbaiano.edu.br\/unidades\/xique-xique\/wp-json\/wp\/v2\/media?parent=3459"}],"curies":[{"name":"wp","href":"https:\/\/api.w.org\/{rel}","templated":true}]}}