{"id":930,"date":"2019-03-01T07:37:19","date_gmt":"2019-03-01T10:37:19","guid":{"rendered":"http:\/\/www.ifbaiano.edu.br\/unidades\/xique-xique\/?page_id=930"},"modified":"2025-11-21T09:25:18","modified_gmt":"2025-11-21T12:25:18","slug":"licitacoes-e-compras","status":"publish","type":"page","link":"https:\/\/www.ifbaiano.edu.br\/unidades\/xique-xique\/licitacoes-e-compras\/","title":{"rendered":"Licita\u00e7\u00f5es e compras"},"content":{"rendered":"\n<p><br>O Instituto Federal Baiano Campus Xique-Xique, atrav\u00e9s da Diretoria Administrativa, com o N\u00facleo de Licita\u00e7\u00f5es e Compras, possui, entre outras, a atribui\u00e7\u00e3o de gerir os processos de aquisi\u00e7\u00e3o de materiais e contrata\u00e7\u00e3o de obras e servi\u00e7os, conforme as Leis Federais <strong><small><a href=\"http:\/\/legislacao.planalto.gov.br\/legisla\/legislacao.nsf\/Viw_Identificacao\/lei%2014.133-2021?OpenDocument\">LEI N\u00ba 14.133, DE 1\u00ba DE ABRIL DE 2021<\/a><\/small><\/strong><a href=\"http:\/\/www.planalto.gov.br\/ccivil_03\/leis\/2002\/L10520.htm\"> <\/a>e <a href=\"http:\/\/www.planalto.gov.br\/ccivil_03\/_Ato2011-2014\/2011\/Lei\/l12462.htm\">n\u00ba 12.462\/2011<\/a>.<\/p>\n\n\n\n<p><br>N\u00facleo de Licita\u00e7\u00f5es e Compras<\/p>\n\n\n\n<p><strong>E-mail<\/strong>: <a href=\"mailto:compras@xique-xique.ifbaiano.edu.br\">compras@xique-xique.ifbaiano.edu.br<\/a><\/p>\n\n\n\n<p><strong>Chefe do Setor<\/strong>: Cleison Rodolfo Alexandre de Oliveira<br><\/p>\n\n\n\n<p>Aqui ser\u00e3o disponibilizadas informa\u00e7\u00f5es relativas a&nbsp; licita\u00e7\u00f5es e compras, bem como demais informa\u00e7\u00f5es pertinentes ao setor realizados no Campus Xique-Xique.<\/p>\n\n\n\n<p><a href=\"https:\/\/pncp.gov.br\/app\/pca\/10724903000179\/2026\/2\">PCA &#8211; Plano de Contrata\u00e7\u00f5es Anuais para o ano de 2026<\/a><br><a href=\"https:\/\/www.ifbaiano.edu.br\/unidades\/xique-xique\/files\/2022\/02\/Relatorio-de-Itens-PGC-2022-Retificado.pdf\">PGC &#8211; Plano Geral de Contrata\u00e7\u00e3o para o ano de 2022<\/a><br><a rel=\"noopener noreferrer\" href=\"http:\/\/www.ifbaiano.edu.br\/unidades\/xique-xique\/files\/2020\/02\/PGC-\u2013-Plano-Geral-de-Contrata\u00e7\u00e3o-para-o-ano-de-2020-1.pdf\">PGC \u2013 Plano Geral de Contrata\u00e7\u00e3o para o ano de 2020<\/a><br><\/p>\n\n\n\n<p><strong>Documentos e formul\u00e1rios:<\/strong><\/p>\n\n\n\n<p>&nbsp;<a href=\"https:\/\/www.ifbaiano.edu.br\/unidades\/xique-xique\/files\/2023\/02\/ORIENTACOES-GERAIS-SOBRE-PESQUISA-DE-PRECOS.pdf\">Orienta\u00e7\u00f5es gerais sobre pesquisa de pre\u00e7os<\/a><\/p>\n\n\n\n<p><a href=\"https:\/\/www.ifbaiano.edu.br\/unidades\/xique-xique\/files\/2023\/02\/ORIENTACOES-GERAIS-SOBRE-DISPENSA-DE-LICITACAO-ELETRONICA-IFBAIANO-CAMPUS-XIQUE-XIQUE.pdf\">Orienta\u00e7\u00f5es gerais sobre formaliza\u00e7\u00e3o do processo de dispensa eletr\u00f4nica<\/a><\/p>\n\n\n\n<p><a href=\"https:\/\/www.ifbaiano.edu.br\/unidades\/xique-xique\/files\/2023\/02\/formulario-de-cotacao-de-precos-RETIFICADO.odt\">Formul\u00e1rio&nbsp;de cota\u00e7\u00e3o de pre\u00e7os<\/a><\/p>\n\n\n\n<p><a href=\"https:\/\/www.ifbaiano.edu.br\/unidades\/xique-xique\/files\/2023\/02\/Modelo-Mapa-Comparativo-Precos.pdf\">Modelo Mapa Comparativo de Pre\u00e7os<\/a><\/p>\n\n\n\n<p><\/p>\n\n\n\n<p><\/p>\n\n\n\n<p>S\u00e3o gerenciados processos de:<\/p>\n\n\n\n<p><\/p>\n\n\n\n<p><strong>&nbsp;Convite<\/strong><\/p>\n\n\n\n<p><a href=\"https:\/\/www.ifbaiano.edu.br\/unidades\/xique-xique\/tomada-de-precos\/\">Tomada de Pre\u00e7os<\/a><\/p>\n\n\n\n<p><a href=\"https:\/\/www.ifbaiano.edu.br\/unidades\/xique-xique\/chamada-publica\/\">Chamada P\u00fablica<\/a><\/p>\n\n\n\n<p><a href=\"https:\/\/www.ifbaiano.edu.br\/unidades\/xique-xique\/concorrencia\/\">Concorr\u00eancia<\/a><\/p>\n\n\n\n<p><strong>Leil\u00e3o<\/strong><\/p>\n\n\n\n<p><a href=\"http:\/\/www.ifbaiano.edu.br\/unidades\/xique-xique\/licitacoes-e-compras\/pregao\/\">Preg\u00e3o<\/a><\/p>\n\n\n\n<p><a href=\"https:\/\/www.ifbaiano.edu.br\/unidades\/xique-xique\/files\/2020\/10\/Controle_de-_IRPs.pdf\">\u00d3rg\u00e3o Participante em Preg\u00e3o SRP<\/a><\/p>\n\n\n\n<p>RDC<\/p>\n\n\n\n<p><a style=\"font-size: inherit\" href=\"http:\/\/www.ifbaiano.edu.br\/unidades\/xique-xique\/licitacoes-e-compras\/dispensa-licitacao\/\">Dispensa de licita\u00e7\u00e3o<\/a><\/p>\n\n\n\n<p><a style=\"font-size: inherit\" href=\"http:\/\/www.ifbaiano.edu.br\/unidades\/xique-xique\/licitacoes-e-compras\/inexigibilidade-de-licitacao\/\">Inexigibilidade de licita\u00e7\u00e3o<\/a><\/p>\n\n\n\n<p><a style=\"font-size: inherit\" href=\"https:\/\/www.ifbaiano.edu.br\/unidades\/xique-xique\/licitacoes-e-compras\/adesao-a-ata-de-registro-de-precos\/\">Ades\u00e3o \u00e0 ata de Registro de Pre\u00e7os<\/a><\/p>\n\n\n\n<p><br>Passo a passo para localiza\u00e7\u00e3o das informa\u00e7\u00f5es sobre IF Baiano no Portal da Transpar\u00eancia<br>1. Acesse o site Porta da Transpar\u00eancia<br>2. Na parte superior direita da p\u00e1gina, encontra-se o quadro de busca. Digite IF Baiano e clique no s\u00edmbolo de busca representado por uma lupa.<br>3. Clique no link Painel do \u00d3rg\u00e3o Inst. Fed. de Educ., Cienc. e Tec. Baiano.<br>Para acessar direto as informa\u00e7\u00f5es do Instituto dispon\u00edveis no Portal da Transpar\u00eancia, basta clicar <a href=\"http:\/\/www.portaltransparencia.gov.br\/orgaos\/26404-inst-fed-de-educ--cienc-e-tec-baiano\">aqui<\/a>.<br><br><\/p>\n","protected":false},"excerpt":{"rendered":"<p>O Instituto Federal Baiano Campus Xique-Xique, atrav\u00e9s da Diretoria Administrativa, com o N\u00facleo de Licita\u00e7\u00f5es e Compras, possui, entre outras, a atribui\u00e7\u00e3o de gerir os processos de aquisi\u00e7\u00e3o de materiais e contrata\u00e7\u00e3o de obras e servi\u00e7os, conforme as Leis Federais LEI N\u00ba 14.133, DE 1\u00ba DE ABRIL DE 2021 e n\u00ba 12.462\/2011. N\u00facleo de Licita\u00e7\u00f5es [&hellip;]<\/p>\n","protected":false},"author":101,"featured_media":0,"parent":0,"menu_order":0,"comment_status":"closed","ping_status":"closed","template":"","meta":[],"_links":{"self":[{"href":"https:\/\/www.ifbaiano.edu.br\/unidades\/xique-xique\/wp-json\/wp\/v2\/pages\/930"}],"collection":[{"href":"https:\/\/www.ifbaiano.edu.br\/unidades\/xique-xique\/wp-json\/wp\/v2\/pages"}],"about":[{"href":"https:\/\/www.ifbaiano.edu.br\/unidades\/xique-xique\/wp-json\/wp\/v2\/types\/page"}],"author":[{"embeddable":true,"href":"https:\/\/www.ifbaiano.edu.br\/unidades\/xique-xique\/wp-json\/wp\/v2\/users\/101"}],"replies":[{"embeddable":true,"href":"https:\/\/www.ifbaiano.edu.br\/unidades\/xique-xique\/wp-json\/wp\/v2\/comments?post=930"}],"version-history":[{"count":43,"href":"https:\/\/www.ifbaiano.edu.br\/unidades\/xique-xique\/wp-json\/wp\/v2\/pages\/930\/revisions"}],"predecessor-version":[{"id":6667,"href":"https:\/\/www.ifbaiano.edu.br\/unidades\/xique-xique\/wp-json\/wp\/v2\/pages\/930\/revisions\/6667"}],"wp:attachment":[{"href":"https:\/\/www.ifbaiano.edu.br\/unidades\/xique-xique\/wp-json\/wp\/v2\/media?parent=930"}],"curies":[{"name":"wp","href":"https:\/\/api.w.org\/{rel}","templated":true}]}}